66.249.65.103 - - [09/Mar/2026:12:37:49 -0700] "GET /?h=5471825669100 HTTP/1.1" 200 17692 "-" "Mozilla/5.0 (Linux; Android 6.0.1; Nexus 5X Build/MMB29P) AppleWebKit/537.36 (KHTML, like Gecko) Chrome/145.0.7632.116 Mobile Safari/537.36 (compatible; Googlebot/2.1; +http://www.google.com/bot.html)" 5252 **5/5252581**
23.229.224.0 - - [09/Mar/2026:12:39:33 -0700] "POST /wp-cron.php?doing_wp_cron=1773085173.1134490966796875000000 HTTP/1.1" 200 - "-" "WordPress/6.9.1; https://shaneconrad.me" 72 **0/72466**
66.249.65.103 - - [09/Mar/2026:12:39:31 -0700] "GET /?h=5785718864701 HTTP/1.1" 200 17692 "-" "Mozilla/5.0 (Linux; Android 6.0.1; Nexus 5X Build/MMB29P) AppleWebKit/537.36 (KHTML, like Gecko) Chrome/145.0.7632.116 Mobile Safari/537.36 (compatible; Googlebot/2.1; +http://www.google.com/bot.html)" 1416 **1/1416237**
23.229.224.0 - - [09/Mar/2026:12:41:25 -0700] "POST /wp-cron.php?doing_wp_cron=1773085284.9567658901214599609375 HTTP/1.1" 200 - "-" "WordPress/6.9.1; https://shaneconrad.me" 143 **0/143209**
66.249.65.104 - - [09/Mar/2026:12:41:23 -0700] "GET /?h=50058148191900 HTTP/1.1" 200 17692 "-" "Mozilla/5.0 (Linux; Android 6.0.1; Nexus 5X Build/MMB29P) AppleWebKit/537.36 (KHTML, like Gecko) Chrome/145.0.7632.116 Mobile Safari/537.36 (compatible; Googlebot/2.1; +http://www.google.com/bot.html)" 1345 **1/1345700**
23.229.224.0 - - [09/Mar/2026:12:50:28 -0700] "POST /wp-cron.php?doing_wp_cron=1773085828.2209129333496093750000 HTTP/1.1" 200 - "-" "WordPress/6.9.1; https://shaneconrad.me" 37 **0/37234**
66.249.65.102 - - [09/Mar/2026:12:50:20 -0700] "GET /?h=0312957517400 HTTP/1.1" 200 17692 "-" "Mozilla/5.0 (Linux; Android 6.0.1; Nexus 5X Build/MMB29P) AppleWebKit/537.36 (KHTML, like Gecko) Chrome/145.0.7632.116 Mobile Safari/537.36 (compatible; Googlebot/2.1; +http://www.google.com/bot.html)" 7777 **7/7777954**
23.229.224.0 - - [09/Mar/2026:12:53:29 -0700] "POST /wp-cron.php?doing_wp_cron=1773086009.4981939792633056640625 HTTP/1.1" 200 - "-" "WordPress/6.9.1; https://shaneconrad.me" 20 **0/20036**
66.249.65.104 - - [09/Mar/2026:12:53:28 -0700] "GET /?h=37813221084902 HTTP/1.1" 200 17692 "-" "Mozilla/5.0 (Linux; Android 6.0.1; Nexus 5X Build/MMB29P) AppleWebKit/537.36 (KHTML, like Gecko) Chrome/145.0.7632.116 Mobile Safari/537.36 (compatible; Googlebot/2.1; +http://www.google.com/bot.html)" 913 **0/913601**
66.249.65.104 - - [09/Mar/2026:12:53:30 -0700] "GET /?h=1866561847902 HTTP/1.1" 200 17692 "-" "Mozilla/5.0 (Linux; Android 6.0.1; Nexus 5X Build/MMB29P) AppleWebKit/537.36 (KHTML, like Gecko) Chrome/145.0.7632.116 Mobile Safari/537.36 (compatible; Googlebot/2.1; +http://www.google.com/bot.html)" 1048 **1/1048866**
66.249.65.102 - - [09/Mar/2026:12:53:32 -0700] "GET /wp-content/plugins/booking/vendors/_custom/tippy.js/themes/wpbc-tippy-popover.css?ver=10.14.16 HTTP/1.1" 200 949 "https://shaneconrad.me/?h=37813221084902" "Mozilla/5.0 (Linux; Android 6.0.1; Nexus 5X Build/MMB29P) AppleWebKit/537.36 (KHTML, like Gecko) Chrome/145.0.7632.116 Mobile Safari/537.36 (compatible; Googlebot/2.1; +http://www.google.com/bot.html)" 15 **0/15274**
23.229.224.0 - - [09/Mar/2026:12:55:34 -0700] "POST /wp-cron.php?doing_wp_cron=1773086133.9621200561523437500000 HTTP/1.1" 200 - "-" "WordPress/6.9.1; https://shaneconrad.me" 75 **0/75323**
66.249.65.102 - - [09/Mar/2026:12:55:31 -0700] "GET /?h=2912920916500 HTTP/1.1" 200 17692 "-" "Mozilla/5.0 (Linux; Android 6.0.1; Nexus 5X Build/MMB29P) AppleWebKit/537.36 (KHTML, like Gecko) Chrome/145.0.7632.116 Mobile Safari/537.36 (compatible; Googlebot/2.1; +http://www.google.com/bot.html)" 2850 **2/2850695**
15.204.13.234 - - [09/Mar/2026:12:55:34 -0700] "GET /blog-verify HTTP/2.0" 404 68686 "-" "Mozilla/5.0 (Windows NT 10.0; Win64; x64) AppleWebKit/537.36 (KHTML, like Gecko) Chrome/127.0.0.0 Safari/537.36" 1907 **1/1907286**
66.249.65.103 - - [09/Mar/2026:12:55:56 -0700] "GET /?h=02845200593700 HTTP/1.1" 200 17692 "-" "Mozilla/5.0 (Linux; Android 6.0.1; Nexus 5X Build/MMB29P) AppleWebKit/537.36 (KHTML, like Gecko) Chrome/145.0.7632.116 Mobile Safari/537.36 (compatible; Googlebot/2.1; +http://www.google.com/bot.html)" 3303 **3/3303890**
23.229.224.0 - - [09/Mar/2026:12:58:35 -0700] "POST /wp-cron.php?doing_wp_cron=1773086315.4180710315704345703125 HTTP/1.1" 200 - "-" "WordPress/6.9.1; https://shaneconrad.me" 22 **0/22202**
66.249.65.102 - - [09/Mar/2026:12:58:34 -0700] "GET /?h=85118202596600 HTTP/1.1" 200 17692 "-" "Mozilla/5.0 (Linux; Android 6.0.1; Nexus 5X Build/MMB29P) AppleWebKit/537.36 (KHTML, like Gecko) Chrome/145.0.7632.116 Mobile Safari/537.36 (compatible; Googlebot/2.1; +http://www.google.com/bot.html)" 1179 **1/1179243**
66.249.65.103 - - [09/Mar/2026:12:58:36 -0700] "GET /?h=48069202819002 HTTP/1.1" 200 17692 "-" "Mozilla/5.0 (Linux; Android 6.0.1; Nexus 5X Build/MMB29P) AppleWebKit/537.36 (KHTML, like Gecko) Chrome/145.0.7632.116 Mobile Safari/537.36 (compatible; Googlebot/2.1; +http://www.google.com/bot.html)" 1047 **1/1047713**
23.229.224.0 - - [09/Mar/2026:13:01:40 -0700] "POST /wp-cron.php?doing_wp_cron=1773086500.1938610076904296875000 HTTP/1.1" 200 - "-" "WordPress/6.9.1; https://shaneconrad.me" 51 **0/51386**
66.249.65.104 - - [09/Mar/2026:13:01:38 -0700] "GET /?h=0770664987900 HTTP/1.1" 200 17687 "-" "Mozilla/5.0 (Linux; Android 6.0.1; Nexus 5X Build/MMB29P) AppleWebKit/537.36 (KHTML, like Gecko) Chrome/145.0.7632.116 Mobile Safari/537.36 (compatible; Googlebot/2.1; +http://www.google.com/bot.html)" 1593 **1/1593172**
23.229.224.0 - - [09/Mar/2026:13:06:32 -0700] "POST /wp-cron.php?doing_wp_cron=1773086792.4592421054840087890625 HTTP/1.1" 200 - "-" "WordPress/6.9.1; https://shaneconrad.me" 31 **0/31904**
66.249.65.103 - - [09/Mar/2026:13:06:31 -0700] "GET /?h=07007153371001 HTTP/1.1" 200 17688 "-" "Mozilla/5.0 (Linux; Android 6.0.1; Nexus 5X Build/MMB29P) AppleWebKit/537.36 (KHTML, like Gecko) Chrome/145.0.7632.116 Mobile Safari/537.36 (compatible; Googlebot/2.1; +http://www.google.com/bot.html)" 1313 **1/1313494**
23.229.224.0 - - [09/Mar/2026:13:22:44 -0700] "POST /wp-cron.php?doing_wp_cron=1773087764.4660570621490478515625 HTTP/1.1" 200 - "-" "WordPress/6.9.1; https://shaneconrad.me" 21 **0/21979**
66.249.65.102 - - [09/Mar/2026:13:22:40 -0700] "GET /?h=1979899058602 HTTP/1.1" 200 17694 "-" "Mozilla/5.0 (Linux; Android 6.0.1; Nexus 5X Build/MMB29P) AppleWebKit/537.36 (KHTML, like Gecko) Chrome/145.0.7632.116 Mobile Safari/537.36 (compatible; Googlebot/2.1; +http://www.google.com/bot.html)" 3888 **3/3888541**
66.249.65.103 - - [09/Mar/2026:13:22:46 -0700] "GET /?h=00080288906406 HTTP/1.1" 200 17694 "-" "Mozilla/5.0 (Linux; Android 6.0.1; Nexus 5X Build/MMB29P) AppleWebKit/537.36 (KHTML, like Gecko) Chrome/145.0.7632.116 Mobile Safari/537.36 (compatible; Googlebot/2.1; +http://www.google.com/bot.html)" 778 **0/778231**
23.229.224.0 - - [09/Mar/2026:13:28:22 -0700] "POST /wp-cron.php?doing_wp_cron=1773088101.8714330196380615234375 HTTP/1.1" 200 - "-" "WordPress/6.9.1; https://shaneconrad.me" 257 **0/257441**
66.249.65.102 - - [09/Mar/2026:13:28:20 -0700] "GET /?h=928835066302 HTTP/1.1" 200 17693 "-" "Mozilla/5.0 (Linux; Android 6.0.1; Nexus 5X Build/MMB29P) AppleWebKit/537.36 (KHTML, like Gecko) Chrome/145.0.7632.116 Mobile Safari/537.36 (compatible; Googlebot/2.1; +http://www.google.com/bot.html)" 1486 **1/1486788**
23.229.224.0 - - [09/Mar/2026:13:40:32 -0700] "POST /wp-cron.php?doing_wp_cron=1773088832.2289459705352783203125 HTTP/1.1" 200 - "-" "WordPress/6.9.1; https://shaneconrad.me" 41 **0/41170**
66.249.65.104 - - [09/Mar/2026:13:40:25 -0700] "GET /?h=8176924890301 HTTP/1.1" 200 17692 "-" "Mozilla/5.0 (Linux; Android 6.0.1; Nexus 5X Build/MMB29P) AppleWebKit/537.36 (KHTML, like Gecko) Chrome/145.0.7632.116 Mobile Safari/537.36 (compatible; Googlebot/2.1; +http://www.google.com/bot.html)" 6595 **6/6595051**
66.249.65.103 - - [09/Mar/2026:13:40:56 -0700] "GET /?h=37940118562402 HTTP/1.1" 200 17692 "-" "Mozilla/5.0 (Linux; Android 6.0.1; Nexus 5X Build/MMB29P) AppleWebKit/537.36 (KHTML, like Gecko) Chrome/145.0.7632.116 Mobile Safari/537.36 (compatible; Googlebot/2.1; +http://www.google.com/bot.html)" 942 **0/942521**
23.229.224.0 - - [09/Mar/2026:13:47:39 -0700] "POST /wp-cron.php?doing_wp_cron=1773089259.6152110099792480468750 HTTP/1.1" 200 - "-" "WordPress/6.9.1; https://shaneconrad.me" 32 **0/32079**
66.249.65.104 - - [09/Mar/2026:13:47:35 -0700] "GET /?h=9227429167901 HTTP/1.1" 200 17693 "-" "Mozilla/5.0 (Linux; Android 6.0.1; Nexus 5X Build/MMB29P) AppleWebKit/537.36 (KHTML, like Gecko) Chrome/145.0.7632.116 Mobile Safari/537.36 (compatible; Googlebot/2.1; +http://www.google.com/bot.html)" 4598 **4/4598613**
66.249.65.102 - - [09/Mar/2026:13:47:42 -0700] "GET /?h=95192166283600 HTTP/1.1" 200 17693 "-" "Mozilla/5.0 (Linux; Android 6.0.1; Nexus 5X Build/MMB29P) AppleWebKit/537.36 (KHTML, like Gecko) Chrome/145.0.7632.116 Mobile Safari/537.36 (compatible; Googlebot/2.1; +http://www.google.com/bot.html)" 1002 **1/1002427**
66.249.65.102 - - [09/Mar/2026:13:47:48 -0700] "GET /?h=19931219967300 HTTP/1.1" 200 17693 "-" "Mozilla/5.0 (Linux; Android 6.0.1; Nexus 5X Build/MMB29P) AppleWebKit/537.36 (KHTML, like Gecko) Chrome/145.0.7632.116 Mobile Safari/537.36 (compatible; Googlebot/2.1; +http://www.google.com/bot.html)" 1065 **1/1065726**
66.249.65.102 - - [09/Mar/2026:13:47:54 -0700] "GET /?h=30021218493209 HTTP/1.1" 200 17693 "-" "Mozilla/5.0 (Linux; Android 6.0.1; Nexus 5X Build/MMB29P) AppleWebKit/537.36 (KHTML, like Gecko) Chrome/145.0.7632.116 Mobile Safari/537.36 (compatible; Googlebot/2.1; +http://www.google.com/bot.html)" 1123 **1/1123362**
23.229.224.0 - - [09/Mar/2026:13:51:50 -0700] "POST /wp-cron.php?doing_wp_cron=1773089510.5570371150970458984375 HTTP/1.1" 200 - "-" "WordPress/6.9.1; https://shaneconrad.me" 34 **0/34070**
66.249.65.104 - - [09/Mar/2026:13:51:46 -0700] "GET /?h=14885111428800 HTTP/1.1" 200 17693 "-" "Mozilla/5.0 (Linux; Android 6.0.1; Nexus 5X Build/MMB29P) AppleWebKit/537.36 (KHTML, like Gecko) Chrome/145.0.7632.116 Mobile Safari/537.36 (compatible; Googlebot/2.1; +http://www.google.com/bot.html)" 4386 **4/4386289**
23.229.224.0 - - [09/Mar/2026:14:04:58 -0700] "POST /wp-cron.php?doing_wp_cron=1773090298.3338670730590820312500 HTTP/1.1" 200 - "-" "WordPress/6.9.1; https://shaneconrad.me" 21 **0/21027**
66.249.65.102 - - [09/Mar/2026:14:04:54 -0700] "GET /?h=5108098859205 HTTP/1.1" 200 17688 "-" "Mozilla/5.0 (Linux; Android 6.0.1; Nexus 5X Build/MMB29P) AppleWebKit/537.36 (KHTML, like Gecko) Chrome/145.0.7632.116 Mobile Safari/537.36 (compatible; Googlebot/2.1; +http://www.google.com/bot.html)" 4373 **4/4373457**
23.229.224.0 - - [09/Mar/2026:14:32:05 -0700] "POST /wp-cron.php?doing_wp_cron=1773091925.8475170135498046875000 HTTP/1.1" 200 - "-" "WordPress/6.9.1; https://shaneconrad.me" 20 **0/20796**
66.249.65.102 - - [09/Mar/2026:14:32:01 -0700] "GET /?h=29912243371000 HTTP/1.1" 200 17693 "-" "Mozilla/5.0 (Linux; Android 6.0.1; Nexus 5X Build/MMB29P) AppleWebKit/537.36 (KHTML, like Gecko) Chrome/145.0.7632.116 Mobile Safari/537.36 (compatible; Googlebot/2.1; +http://www.google.com/bot.html)" 4456 **4/4456982**
23.229.224.0 - - [09/Mar/2026:14:35:03 -0700] "POST /wp-cron.php?doing_wp_cron=1773092103.7616839408874511718750 HTTP/1.1" 200 - "-" "WordPress/6.9.1; https://shaneconrad.me" 25 **0/25555**
66.249.65.102 - - [09/Mar/2026:14:35:01 -0700] "GET /?h=81159289041801 HTTP/1.1" 200 17693 "-" "Mozilla/5.0 (Linux; Android 6.0.1; Nexus 5X Build/MMB29P) AppleWebKit/537.36 (KHTML, like Gecko) Chrome/145.0.7632.116 Mobile Safari/537.36 (compatible; Googlebot/2.1; +http://www.google.com/bot.html)" 2520 **2/2520280**
23.229.224.0 - - [09/Mar/2026:14:44:16 -0700] "POST /wp-cron.php?doing_wp_cron=1773092656.3484721183776855468750 HTTP/1.1" 200 - "-" "WordPress/6.9.1; https://shaneconrad.me" 43 **0/43647**
66.249.65.102 - - [09/Mar/2026:14:44:11 -0700] "GET /?h=122901427703 HTTP/1.1" 200 17693 "-" "Mozilla/5.0 (Linux; Android 6.0.1; Nexus 5X Build/MMB29P) AppleWebKit/537.36 (KHTML, like Gecko) Chrome/145.0.7632.116 Mobile Safari/537.36 (compatible; Googlebot/2.1; +http://www.google.com/bot.html)" 5008 **5/5008050**
66.249.65.104 - - [09/Mar/2026:14:55:56 -0700] "GET /?h=86232236090600 HTTP/1.1" 200 17693 "-" "Mozilla/5.0 (Linux; Android 6.0.1; Nexus 5X Build/MMB29P) AppleWebKit/537.36 (KHTML, like Gecko) Chrome/145.0.7632.116 Mobile Safari/537.36 (compatible; Googlebot/2.1; +http://www.google.com/bot.html)" 1213 **1/1213342**
23.229.224.0 - - [09/Mar/2026:15:02:39 -0700] "POST /wp-cron.php?doing_wp_cron=1773093759.1004290580749511718750 HTTP/1.1" 200 - "-" "WordPress/6.9.1; https://shaneconrad.me" 22 **0/22582**
66.249.65.102 - - [09/Mar/2026:15:02:35 -0700] "GET /?h=00940158751004 HTTP/1.1" 200 17689 "-" "Mozilla/5.0 (Linux; Android 6.0.1; Nexus 5X Build/MMB29P) AppleWebKit/537.36 (KHTML, like Gecko) Chrome/145.0.7632.116 Mobile Safari/537.36 (compatible; Googlebot/2.1; +http://www.google.com/bot.html)" 4036 **4/4036675**
23.229.224.0 - - [09/Mar/2026:15:08:51 -0700] "POST /wp-cron.php?doing_wp_cron=1773094131.5591299533843994140625 HTTP/1.1" 200 - "-" "WordPress/6.9.1; https://shaneconrad.me" 19 **0/19975**
66.249.65.104 - - [09/Mar/2026:15:08:47 -0700] "GET /?h=10374148702801 HTTP/1.1" 200 17688 "-" "Mozilla/5.0 (Linux; Android 6.0.1; Nexus 5X Build/MMB29P) AppleWebKit/537.36 (KHTML, like Gecko) Chrome/145.0.7632.116 Mobile Safari/537.36 (compatible; Googlebot/2.1; +http://www.google.com/bot.html)" 3995 **3/3995950**
66.249.65.102 - - [09/Mar/2026:15:08:53 -0700] "GET /?h=39205272214105 HTTP/1.1" 200 17688 "-" "Mozilla/5.0 (Linux; Android 6.0.1; Nexus 5X Build/MMB29P) AppleWebKit/537.36 (KHTML, like Gecko) Chrome/145.0.7632.116 Mobile Safari/537.36 (compatible; Googlebot/2.1; +http://www.google.com/bot.html)" 928 **0/928068**
66.249.65.102 - - [09/Mar/2026:15:08:59 -0700] "GET /?h=7993727521805 HTTP/1.1" 200 17688 "-" "Mozilla/5.0 (Linux; Android 6.0.1; Nexus 5X Build/MMB29P) AppleWebKit/537.36 (KHTML, like Gecko) Chrome/145.0.7632.116 Mobile Safari/537.36 (compatible; Googlebot/2.1; +http://www.google.com/bot.html)" 852 **0/852294**
23.229.224.0 - - [09/Mar/2026:15:12:03 -0700] "POST /wp-cron.php?doing_wp_cron=1773094323.0432040691375732421875 HTTP/1.1" 200 - "-" "WordPress/6.9.1; https://shaneconrad.me" 24 **0/24458**
66.249.65.102 - - [09/Mar/2026:15:12:01 -0700] "GET /?h=380806891800 HTTP/1.1" 200 17694 "-" "Mozilla/5.0 (Linux; Android 6.0.1; Nexus 5X Build/MMB29P) AppleWebKit/537.36 (KHTML, like Gecko) Chrome/145.0.7632.116 Mobile Safari/537.36 (compatible; Googlebot/2.1; +http://www.google.com/bot.html)" 1456 **1/1456857**
23.229.224.0 - - [09/Mar/2026:15:17:04 -0700] "POST /wp-cron.php?doing_wp_cron=1773094624.4287118911743164062500 HTTP/1.1" 200 - "-" "WordPress/6.9.1; https://shaneconrad.me" 24 **0/24111**
66.249.65.104 - - [09/Mar/2026:15:17:03 -0700] "GET /?h=19678118269301 HTTP/1.1" 200 17693 "-" "Mozilla/5.0 (Linux; Android 6.0.1; Nexus 5X Build/MMB29P) AppleWebKit/537.36 (KHTML, like Gecko) Chrome/145.0.7632.116 Mobile Safari/537.36 (compatible; Googlebot/2.1; +http://www.google.com/bot.html)" 1155 **1/1155460**
23.229.224.0 - - [09/Mar/2026:15:28:50 -0700] "POST /wp-cron.php?doing_wp_cron=1773095330.7379879951477050781250 HTTP/1.1" 200 - "-" "WordPress/6.9.1; https://shaneconrad.me" 22 **0/22404**
66.249.65.103 - - [09/Mar/2026:15:28:47 -0700] "GET /?h=89003113524001 HTTP/1.1" 200 17695 "-" "Mozilla/5.0 (Linux; Android 6.0.1; Nexus 5X Build/MMB29P) AppleWebKit/537.36 (KHTML, like Gecko) Chrome/145.0.7632.116 Mobile Safari/537.36 (compatible; Googlebot/2.1; +http://www.google.com/bot.html)" 3780 **3/3780239**
23.229.224.0 - - [09/Mar/2026:16:15:07 -0700] "POST /wp-cron.php?doing_wp_cron=1773098107.0776050090789794921875 HTTP/1.1" 200 - "-" "WordPress/6.9.1; https://shaneconrad.me" 29 **0/29305**
66.249.65.103 - - [09/Mar/2026:16:14:57 -0700] "GET /?h=95911192311209 HTTP/1.1" 200 17693 "-" "Mozilla/5.0 (Linux; Android 6.0.1; Nexus 5X Build/MMB29P) AppleWebKit/537.36 (KHTML, like Gecko) Chrome/145.0.7632.116 Mobile Safari/537.36 (compatible; Googlebot/2.1; +http://www.google.com/bot.html)" 9525 **9/9525948**
23.229.224.0 - - [09/Mar/2026:16:25:54 -0700] "POST /wp-cron.php?doing_wp_cron=1773098754.7987520694732666015625 HTTP/1.1" 200 - "-" "WordPress/6.9.1; https://shaneconrad.me" 24 **0/24773**
66.249.65.103 - - [09/Mar/2026:16:25:50 -0700] "GET /?h=0325190702101 HTTP/1.1" 200 17693 "-" "Mozilla/5.0 (Linux; Android 6.0.1; Nexus 5X Build/MMB29P) AppleWebKit/537.36 (KHTML, like Gecko) Chrome/145.0.7632.116 Mobile Safari/537.36 (compatible; Googlebot/2.1; +http://www.google.com/bot.html)" 4025 **4/4025136**
66.249.65.102 - - [09/Mar/2026:16:25:56 -0700] "GET /?h=65783241655600 HTTP/1.1" 200 17693 "-" "Mozilla/5.0 (Linux; Android 6.0.1; Nexus 5X Build/MMB29P) AppleWebKit/537.36 (KHTML, like Gecko) Chrome/145.0.7632.116 Mobile Safari/537.36 (compatible; Googlebot/2.1; +http://www.google.com/bot.html)" 839 **0/839261**
23.229.224.0 - - [09/Mar/2026:16:34:57 -0700] "POST /wp-cron.php?doing_wp_cron=1773099297.9768540859222412109375 HTTP/1.1" 200 - "-" "WordPress/6.9.1; https://shaneconrad.me" 20 **0/20897**
66.249.65.104 - - [09/Mar/2026:16:34:54 -0700] "GET /?h=28998271761203 HTTP/1.1" 200 17693 "-" "Mozilla/5.0 (Linux; Android 6.0.1; Nexus 5X Build/MMB29P) AppleWebKit/537.36 (KHTML, like Gecko) Chrome/145.0.7632.116 Mobile Safari/537.36 (compatible; Googlebot/2.1; +http://www.google.com/bot.html)" 4006 **4/4006455**
217.76.58.119 - - [09/Mar/2026:16:41:43 -0700] "GET /xudbv.php HTTP/1.1" 200 - "-" "Mozilla/5.0 (Linux; Android 7.0; SM-G892A Build/NRD90M; wv) AppleWebKit/537.36 (KHTML, like Gecko) Chrome/60.0.3112.107 Mobile Safari/537.36" 22 **0/22066**
23.229.224.0 - - [09/Mar/2026:16:41:45 -0700] "POST /wp-cron.php?doing_wp_cron=1773099705.3556270599365234375000 HTTP/1.1" 200 - "-" "WordPress/6.9.1; https://shaneconrad.me" 28 **0/28357**
217.76.58.119 - - [09/Mar/2026:16:41:44 -0700] "POST /xudbv.php HTTP/1.1" 404 68686 "-" "Mozilla/5.0 (Linux; Android 7.0; SM-G892A Build/NRD90M; wv) AppleWebKit/537.36 (KHTML, like Gecko) Chrome/60.0.3112.107 Mobile Safari/537.36" 1266 **1/1266006**
217.76.58.119 - - [09/Mar/2026:16:41:52 -0700] "GET /pvufj.php HTTP/1.1" 200 - "-" "Mozilla/5.0 (Linux; Android 7.0; SM-G892A Build/NRD90M; wv) AppleWebKit/537.36 (KHTML, like Gecko) Chrome/60.0.3112.107 Mobile Safari/537.36" 18 **0/18442**
217.76.58.119 - - [09/Mar/2026:16:41:52 -0700] "POST /pvufj.php HTTP/1.1" 404 68686 "-" "Mozilla/5.0 (Linux; Android 7.0; SM-G892A Build/NRD90M; wv) AppleWebKit/537.36 (KHTML, like Gecko) Chrome/60.0.3112.107 Mobile Safari/537.36" 989 **0/989549**
217.76.58.119 - - [09/Mar/2026:16:41:58 -0700] "GET /yuwiv.php HTTP/1.1" 200 - "-" "Mozilla/5.0 (Linux; Android 7.0; SM-G892A Build/NRD90M; wv) AppleWebKit/537.36 (KHTML, like Gecko) Chrome/60.0.3112.107 Mobile Safari/537.36" 24 **0/24134**
217.76.58.119 - - [09/Mar/2026:16:41:58 -0700] "POST /yuwiv.php HTTP/1.1" 404 68686 "-" "Mozilla/5.0 (Linux; Android 7.0; SM-G892A Build/NRD90M; wv) AppleWebKit/537.36 (KHTML, like Gecko) Chrome/60.0.3112.107 Mobile Safari/537.36" 1048 **1/1048797**
23.229.224.0 - - [09/Mar/2026:16:44:09 -0700] "POST /wp-cron.php?doing_wp_cron=1773099849.3613450527191162109375 HTTP/1.1" 200 - "-" "WordPress/6.9.1; https://shaneconrad.me" 22 **0/22576**
66.249.65.103 - - [09/Mar/2026:16:44:08 -0700] "GET /?h=1939778517801 HTTP/1.1" 200 17693 "-" "Mozilla/5.0 (Linux; Android 6.0.1; Nexus 5X Build/MMB29P) AppleWebKit/537.36 (KHTML, like Gecko) Chrome/145.0.7632.116 Mobile Safari/537.36 (compatible; Googlebot/2.1; +http://www.google.com/bot.html)" 850 **0/850476**
217.76.58.119 - - [09/Mar/2026:16:44:17 -0700] "GET /xnicl.php HTTP/1.1" 200 - "-" "Mozilla/5.0 (Linux; Android 7.0; SM-G892A Build/NRD90M; wv) AppleWebKit/537.36 (KHTML, like Gecko) Chrome/60.0.3112.107 Mobile Safari/537.36" 20 **0/20520**
217.76.58.119 - - [09/Mar/2026:16:44:17 -0700] "POST /xnicl.php HTTP/1.1" 404 68686 "-" "Mozilla/5.0 (Linux; Android 7.0; SM-G892A Build/NRD90M; wv) AppleWebKit/537.36 (KHTML, like Gecko) Chrome/60.0.3112.107 Mobile Safari/537.36" 1337 **1/1337473**
23.229.224.0 - - [09/Mar/2026:17:02:02 -0700] "POST /wp-cron.php?doing_wp_cron=1773100922.6959350109100341796875 HTTP/1.1" 200 - "-" "WordPress/6.9.1; https://shaneconrad.me" 29 **0/29408**
66.249.65.103 - - [09/Mar/2026:17:02:01 -0700] "GET /?h=8453289439609 HTTP/1.1" 200 17692 "-" "Mozilla/5.0 (Linux; Android 6.0.1; Nexus 5X Build/MMB29P) AppleWebKit/537.36 (KHTML, like Gecko) Chrome/145.0.7632.116 Mobile Safari/537.36 (compatible; Googlebot/2.1; +http://www.google.com/bot.html)" 1329 **1/1329548**
66.249.65.102 - - [09/Mar/2026:17:06:00 -0700] "GET /?h=7010830683801 HTTP/1.1" 200 17692 "-" "Mozilla/5.0 (Linux; Android 6.0.1; Nexus 5X Build/MMB29P) AppleWebKit/537.36 (KHTML, like Gecko) Chrome/145.0.7632.116 Mobile Safari/537.36 (compatible; Googlebot/2.1; +http://www.google.com/bot.html)" 1248 **1/1248886**
66.249.65.103 - - [09/Mar/2026:17:06:02 -0700] "GET /?h=96628277656906 HTTP/1.1" 200 17692 "-" "Mozilla/5.0 (Linux; Android 6.0.1; Nexus 5X Build/MMB29P) AppleWebKit/537.36 (KHTML, like Gecko) Chrome/145.0.7632.116 Mobile Safari/537.36 (compatible; Googlebot/2.1; +http://www.google.com/bot.html)" 932 **0/932073**
66.249.65.102 - - [09/Mar/2026:17:06:08 -0700] "GET /?h=78342177981802 HTTP/1.1" 200 17692 "-" "Mozilla/5.0 (Linux; Android 6.0.1; Nexus 5X Build/MMB29P) AppleWebKit/537.36 (KHTML, like Gecko) Chrome/145.0.7632.116 Mobile Safari/537.36 (compatible; Googlebot/2.1; +http://www.google.com/bot.html)" 932 **0/932655**
66.249.65.103 - - [09/Mar/2026:17:06:09 -0700] "GET /?h=18304261593101 HTTP/1.1" 200 17692 "-" "Mozilla/5.0 (Linux; Android 6.0.1; Nexus 5X Build/MMB29P) AppleWebKit/537.36 (KHTML, like Gecko) Chrome/145.0.7632.116 Mobile Safari/537.36 (compatible; Googlebot/2.1; +http://www.google.com/bot.html)" 1003 **1/1003679**
66.249.65.103 - - [09/Mar/2026:17:06:11 -0700] "GET /?h=80706239486406 HTTP/1.1" 200 17692 "-" "Mozilla/5.0 (Linux; Android 6.0.1; Nexus 5X Build/MMB29P) AppleWebKit/537.36 (KHTML, like Gecko) Chrome/145.0.7632.116 Mobile Safari/537.36 (compatible; Googlebot/2.1; +http://www.google.com/bot.html)" 901 **0/901190**
66.249.65.102 - - [09/Mar/2026:17:06:13 -0700] "GET /?h=23714179537402 HTTP/1.1" 200 17692 "-" "Mozilla/5.0 (Linux; Android 6.0.1; Nexus 5X Build/MMB29P) AppleWebKit/537.36 (KHTML, like Gecko) Chrome/145.0.7632.116 Mobile Safari/537.36 (compatible; Googlebot/2.1; +http://www.google.com/bot.html)" 908 **0/908079**
66.249.65.102 - - [09/Mar/2026:17:06:15 -0700] "GET /wp-content/plugins/booking/includes/_capacity/_out/create_booking.js?ver=10.14.16 HTTP/1.1" 200 20607 "https://shaneconrad.me/?h=78342177981802" "Mozilla/5.0 (Linux; Android 6.0.1; Nexus 5X Build/MMB29P) AppleWebKit/537.36 (KHTML, like Gecko) Chrome/145.0.7632.116 Mobile Safari/537.36 (compatible; Googlebot/2.1; +http://www.google.com/bot.html)" 21 **0/21938**
23.229.224.0 - - [09/Mar/2026:17:08:21 -0700] "POST /wp-cron.php?doing_wp_cron=1773101301.8554999828338623046875 HTTP/1.1" 200 - "-" "WordPress/6.9.1; https://shaneconrad.me" 19 **0/19361**
66.249.65.102 - - [09/Mar/2026:17:08:21 -0700] "GET /?h=3122631256206 HTTP/1.1" 200 17692 "-" "Mozilla/5.0 (Linux; Android 6.0.1; Nexus 5X Build/MMB29P) AppleWebKit/537.36 (KHTML, like Gecko) Chrome/145.0.7632.116 Mobile Safari/537.36 (compatible; Googlebot/2.1; +http://www.google.com/bot.html)" 865 **0/865072**
23.229.224.0 - - [09/Mar/2026:17:10:24 -0700] "POST /wp-cron.php?doing_wp_cron=1773101424.7711739540100097656250 HTTP/1.1" 200 - "-" "WordPress/6.9.1; https://shaneconrad.me" 19 **0/19919**
66.249.65.102 - - [09/Mar/2026:17:10:23 -0700] "GET /?h=4098321938605 HTTP/1.1" 200 17697 "-" "Mozilla/5.0 (Linux; Android 6.0.1; Nexus 5X Build/MMB29P) AppleWebKit/537.36 (KHTML, like Gecko) Chrome/145.0.7632.116 Mobile Safari/537.36 (compatible; Googlebot/2.1; +http://www.google.com/bot.html)" 983 **0/983581**
23.229.224.0 - - [09/Mar/2026:17:22:48 -0700] "POST /wp-cron.php?doing_wp_cron=1773102168.3372139930725097656250 HTTP/1.1" 200 - "-" "WordPress/6.9.1; https://shaneconrad.me" 24 **0/24498**
66.249.65.104 - - [09/Mar/2026:17:22:44 -0700] "GET /?h=47901177043004 HTTP/1.1" 200 17699 "-" "Mozilla/5.0 (Linux; Android 6.0.1; Nexus 5X Build/MMB29P) AppleWebKit/537.36 (KHTML, like Gecko) Chrome/145.0.7632.116 Mobile Safari/537.36 (compatible; Googlebot/2.1; +http://www.google.com/bot.html)" 3949 **3/3949282**
23.229.224.0 - - [09/Mar/2026:17:28:56 -0700] "POST /wp-cron.php?doing_wp_cron=1773102535.9849619865417480468750 HTTP/1.1" 200 - "-" "WordPress/6.9.1; https://shaneconrad.me" 118 **0/118463**
66.249.65.104 - - [09/Mar/2026:17:28:51 -0700] "GET /?h=42019249528700 HTTP/1.1" 200 17697 "-" "Mozilla/5.0 (Linux; Android 6.0.1; Nexus 5X Build/MMB29P) AppleWebKit/537.36 (KHTML, like Gecko) Chrome/145.0.7632.116 Mobile Safari/537.36 (compatible; Googlebot/2.1; +http://www.google.com/bot.html)" 4893 **4/4893569**
23.229.224.0 - - [09/Mar/2026:17:29:16 -0700] "POST /wp-cron.php?doing_wp_cron=1773102556.3734259605407714843750 HTTP/1.1" 200 - "-" "WordPress/6.9.1; https://shaneconrad.me" 267 **0/267921**
66.249.65.104 - - [09/Mar/2026:17:29:15 -0700] "GET /?h=07341187997703 HTTP/1.1" 200 17697 "-" "Mozilla/5.0 (Linux; Android 6.0.1; Nexus 5X Build/MMB29P) AppleWebKit/537.36 (KHTML, like Gecko) Chrome/145.0.7632.116 Mobile Safari/537.36 (compatible; Googlebot/2.1; +http://www.google.com/bot.html)" 1228 **1/1228394**
66.249.65.103 - - [09/Mar/2026:17:29:28 -0700] "GET /wp-content/plugins/booking/includes/_capacity/_out/create_booking.js?ver=10.14.16 HTTP/1.1" 200 20607 "https://shaneconrad.me/?h=07341187997703" "Mozilla/5.0 (Linux; Android 6.0.1; Nexus 5X Build/MMB29P) AppleWebKit/537.36 (KHTML, like Gecko) Chrome/145.0.7632.116 Mobile Safari/537.36 (compatible; Googlebot/2.1; +http://www.google.com/bot.html)" 18 **0/18864**
23.229.224.0 - - [09/Mar/2026:17:31:18 -0700] "POST /wp-cron.php?doing_wp_cron=1773102677.9999361038208007812500 HTTP/1.1" 200 - "-" "WordPress/6.9.1; https://shaneconrad.me" 122 **0/122528**
66.249.65.102 - - [09/Mar/2026:17:31:16 -0700] "GET /?h=00977257137700 HTTP/1.1" 200 17697 "-" "Mozilla/5.0 (Linux; Android 6.0.1; Nexus 5X Build/MMB29P) AppleWebKit/537.36 (KHTML, like Gecko) Chrome/145.0.7632.116 Mobile Safari/537.36 (compatible; Googlebot/2.1; +http://www.google.com/bot.html)" 1275 **1/1275572**
66.249.65.104 - - [09/Mar/2026:17:31:20 -0700] "GET /wp-content/plugins/elementor/assets/css/widget-link-in-bio-base.min.css?ver=3.35.6 HTTP/1.1" 200 1933 "https://shaneconrad.me/?h=00977257137700" "Mozilla/5.0 (Linux; Android 6.0.1; Nexus 5X Build/MMB29P) AppleWebKit/537.36 (KHTML, like Gecko) Chrome/145.0.7632.116 Mobile Safari/537.36 (compatible; Googlebot/2.1; +http://www.google.com/bot.html)" 17 **0/17086**
66.249.65.103 - - [09/Mar/2026:17:31:22 -0700] "GET /wp-content/plugins/booking/css/time_picker_skins/light__24_8.css?ver=10.14.16 HTTP/1.1" 200 592 "https://shaneconrad.me/?h=00977257137700" "Mozilla/5.0 (Linux; Android 6.0.1; Nexus 5X Build/MMB29P) AppleWebKit/537.36 (KHTML, like Gecko) Chrome/145.0.7632.116 Mobile Safari/537.36 (compatible; Googlebot/2.1; +http://www.google.com/bot.html)" 9 **0/9541**
66.249.65.103 - - [09/Mar/2026:17:31:23 -0700] "GET /wp-content/plugins/elementor/assets/lib/animations/styles/fadeInUp.min.css?ver=3.35.6 HTTP/1.1" 200 94 "https://shaneconrad.me/?h=00977257137700" "Mozilla/5.0 (Linux; Android 6.0.1; Nexus 5X Build/MMB29P) AppleWebKit/537.36 (KHTML, like Gecko) Chrome/145.0.7632.116 Mobile Safari/537.36 (compatible; Googlebot/2.1; +http://www.google.com/bot.html)" 15 **0/15907**
66.249.65.102 - - [09/Mar/2026:17:31:25 -0700] "GET /wp-content/themes/doctors-profile/assets/css/all.css?ver=5.15.3 HTTP/1.1" 200 12755 "https://shaneconrad.me/?h=00977257137700" "Mozilla/5.0 (Linux; Android 6.0.1; Nexus 5X Build/MMB29P) AppleWebKit/537.36 (KHTML, like Gecko) Chrome/145.0.7632.116 Mobile Safari/537.36 (compatible; Googlebot/2.1; +http://www.google.com/bot.html)" 31 **0/31192**
66.249.65.102 - - [09/Mar/2026:17:31:27 -0700] "GET /wp-includes/js/plupload/plupload.min.js?ver=2.1.9 HTTP/1.1" 200 5379 "https://shaneconrad.me/?h=00977257137700" "Mozilla/5.0 (Linux; Android 6.0.1; Nexus 5X Build/MMB29P) AppleWebKit/537.36 (KHTML, like Gecko) Chrome/145.0.7632.116 Mobile Safari/537.36 (compatible; Googlebot/2.1; +http://www.google.com/bot.html)" 19 **0/19972**
66.249.65.102 - - [09/Mar/2026:17:31:29 -0700] "GET /wp-content/themes/doctors-profile/assets/css/bootstrap.css?ver=5.0.1 HTTP/1.1" 200 22226 "https://shaneconrad.me/?h=00977257137700" "Mozilla/5.0 (Linux; Android 6.0.1; Nexus 5X Build/MMB29P) AppleWebKit/537.36 (KHTML, like Gecko) Chrome/145.0.7632.116 Mobile Safari/537.36 (compatible; Googlebot/2.1; +http://www.google.com/bot.html)" 31 **0/31093**
66.249.65.102 - - [09/Mar/2026:17:31:31 -0700] "GET /wp-content/themes/doctors-profile/assets/js/scripts.js?ver=1.1.1 HTTP/1.1" 200 238 "https://shaneconrad.me/?h=00977257137700" "Mozilla/5.0 (Linux; Android 6.0.1; Nexus 5X Build/MMB29P) AppleWebKit/537.36 (KHTML, like Gecko) Chrome/145.0.7632.116 Mobile Safari/537.36 (compatible; Googlebot/2.1; +http://www.google.com/bot.html)" 9 **0/9923**
23.229.224.0 - - [09/Mar/2026:17:37:21 -0700] "POST /wp-cron.php?doing_wp_cron=1773103041.2418310642242431640625 HTTP/1.1" 200 - "-" "WordPress/6.9.1; https://shaneconrad.me" 22 **0/22416**
66.249.65.104 - - [09/Mar/2026:17:37:20 -0700] "GET /?h=79451161070000 HTTP/1.1" 200 17697 "-" "Mozilla/5.0 (Linux; Android 6.0.1; Nexus 5X Build/MMB29P) AppleWebKit/537.36 (KHTML, like Gecko) Chrome/145.0.7632.116 Mobile Safari/537.36 (compatible; Googlebot/2.1; +http://www.google.com/bot.html)" 1250 **1/1250086**
66.249.65.104 - - [09/Mar/2026:17:37:22 -0700] "GET /?h=62091236805301 HTTP/1.1" 200 17697 "-" "Mozilla/5.0 (Linux; Android 6.0.1; Nexus 5X Build/MMB29P) AppleWebKit/537.36 (KHTML, like Gecko) Chrome/145.0.7632.116 Mobile Safari/537.36 (compatible; Googlebot/2.1; +http://www.google.com/bot.html)" 1613 **1/1613663**
217.76.58.119 - - [09/Mar/2026:17:40:03 -0700] "GET /pvufj.php HTTP/1.1" 200 - "-" "Mozilla/5.0 (Linux; Android 7.0; SM-G892A Build/NRD90M; wv) AppleWebKit/537.36 (KHTML, like Gecko) Chrome/60.0.3112.107 Mobile Safari/537.36" 28 **0/28457**
23.229.224.0 - - [09/Mar/2026:17:40:06 -0700] "POST /wp-cron.php?doing_wp_cron=1773103206.7878890037536621093750 HTTP/1.1" 200 - "-" "WordPress/6.9.1; https://shaneconrad.me" 121 **0/121996**
217.76.58.119 - - [09/Mar/2026:17:40:03 -0700] "POST /pvufj.php HTTP/1.1" 404 68686 "-" "Mozilla/5.0 (Linux; Android 7.0; SM-G892A Build/NRD90M; wv) AppleWebKit/537.36 (KHTML, like Gecko) Chrome/60.0.3112.107 Mobile Safari/537.36" 3295 **3/3295865**
217.76.58.119 - - [09/Mar/2026:17:40:25 -0700] "GET /yuwiv.php HTTP/1.1" 200 - "-" "Mozilla/5.0 (Linux; Android 7.0; SM-G892A Build/NRD90M; wv) AppleWebKit/537.36 (KHTML, like Gecko) Chrome/60.0.3112.107 Mobile Safari/537.36" 42 **0/42532**
217.76.58.119 - - [09/Mar/2026:17:40:25 -0700] "POST /yuwiv.php HTTP/1.1" 404 68686 "-" "Mozilla/5.0 (Linux; Android 7.0; SM-G892A Build/NRD90M; wv) AppleWebKit/537.36 (KHTML, like Gecko) Chrome/60.0.3112.107 Mobile Safari/537.36" 2455 **2/2455064**
217.76.58.119 - - [09/Mar/2026:17:40:39 -0700] "GET /xudbv.php HTTP/1.1" 200 - "-" "Mozilla/5.0 (Linux; Android 7.0; SM-G892A Build/NRD90M; wv) AppleWebKit/537.36 (KHTML, like Gecko) Chrome/60.0.3112.107 Mobile Safari/537.36" 106 **0/106899**
217.76.58.119 - - [09/Mar/2026:17:40:39 -0700] "POST /xudbv.php HTTP/1.1" 404 68686 "-" "Mozilla/5.0 (Linux; Android 7.0; SM-G892A Build/NRD90M; wv) AppleWebKit/537.36 (KHTML, like Gecko) Chrome/60.0.3112.107 Mobile Safari/537.36" 1475 **1/1475993**
23.229.224.0 - - [09/Mar/2026:17:41:26 -0700] "POST /wp-cron.php?doing_wp_cron=1773103286.7966918945312500000000 HTTP/1.1" 200 - "-" "WordPress/6.9.1; https://shaneconrad.me" 41 **0/41491**
66.249.65.102 - - [09/Mar/2026:17:41:25 -0700] "GET /?h=1112623010000 HTTP/1.1" 200 17697 "-" "Mozilla/5.0 (Linux; Android 6.0.1; Nexus 5X Build/MMB29P) AppleWebKit/537.36 (KHTML, like Gecko) Chrome/145.0.7632.116 Mobile Safari/537.36 (compatible; Googlebot/2.1; +http://www.google.com/bot.html)" 1031 **1/1031533**
66.249.65.103 - - [09/Mar/2026:17:41:28 -0700] "GET /?h=56817251770700 HTTP/1.1" 200 17697 "-" "Mozilla/5.0 (Linux; Android 6.0.1; Nexus 5X Build/MMB29P) AppleWebKit/537.36 (KHTML, like Gecko) Chrome/145.0.7632.116 Mobile Safari/537.36 (compatible; Googlebot/2.1; +http://www.google.com/bot.html)" 985 **0/985283**
217.76.58.119 - - [09/Mar/2026:17:42:35 -0700] "GET /xnicl.php HTTP/1.1" 200 - "-" "Mozilla/5.0 (Linux; Android 7.0; SM-G892A Build/NRD90M; wv) AppleWebKit/537.36 (KHTML, like Gecko) Chrome/60.0.3112.107 Mobile Safari/537.36" 65 **0/65872**
23.229.224.0 - - [09/Mar/2026:17:42:37 -0700] "POST /wp-cron.php?doing_wp_cron=1773103357.1234009265899658203125 HTTP/1.1" 200 - "-" "WordPress/6.9.1; https://shaneconrad.me" 104 **0/104356**
217.76.58.119 - - [09/Mar/2026:17:42:35 -0700] "POST /xnicl.php HTTP/1.1" 404 68686 "-" "Mozilla/5.0 (Linux; Android 7.0; SM-G892A Build/NRD90M; wv) AppleWebKit/537.36 (KHTML, like Gecko) Chrome/60.0.3112.107 Mobile Safari/537.36" 1452 **1/1452693**
66.249.65.102 - - [09/Mar/2026:17:45:29 -0700] "GET /?h=57965176860902 HTTP/1.1" 200 17697 "-" "Mozilla/5.0 (Linux; Android 6.0.1; Nexus 5X Build/MMB29P) AppleWebKit/537.36 (KHTML, like Gecko) Chrome/145.0.7632.116 Mobile Safari/537.36 (compatible; Googlebot/2.1; +http://www.google.com/bot.html)" 2972 **2/2972473**
23.229.224.0 - - [09/Mar/2026:17:49:42 -0700] "POST /wp-cron.php?doing_wp_cron=1773103782.5711450576782226562500 HTTP/1.1" 200 - "-" "WordPress/6.9.1; https://shaneconrad.me" 20 **0/20908**
66.249.65.102 - - [09/Mar/2026:17:49:37 -0700] "GET /?h=2862223467704 HTTP/1.1" 200 17697 "-" "Mozilla/5.0 (Linux; Android 6.0.1; Nexus 5X Build/MMB29P) AppleWebKit/537.36 (KHTML, like Gecko) Chrome/145.0.7632.116 Mobile Safari/537.36 (compatible; Googlebot/2.1; +http://www.google.com/bot.html)" 4827 **4/4827798**
23.229.224.0 - - [09/Mar/2026:17:52:45 -0700] "POST /wp-cron.php?doing_wp_cron=1773103965.8031389713287353515625 HTTP/1.1" 200 - "-" "WordPress/6.9.1; https://shaneconrad.me" 23 **0/23429**
66.249.65.104 - - [09/Mar/2026:17:52:44 -0700] "GET /?h=503975316502 HTTP/1.1" 200 17697 "-" "Mozilla/5.0 (Linux; Android 6.0.1; Nexus 5X Build/MMB29P) AppleWebKit/537.36 (KHTML, like Gecko) Chrome/145.0.7632.116 Mobile Safari/537.36 (compatible; Googlebot/2.1; +http://www.google.com/bot.html)" 1166 **1/1166065**
23.229.224.0 - - [09/Mar/2026:17:53:47 -0700] "POST /wp-cron.php?doing_wp_cron=1773104027.7521650791168212890625 HTTP/1.1" 200 - "-" "WordPress/6.9.1; https://shaneconrad.me" 24 **0/24748**
66.249.65.104 - - [09/Mar/2026:17:53:46 -0700] "GET /?h=35937151586402 HTTP/1.1" 200 17697 "-" "Mozilla/5.0 (Linux; Android 6.0.1; Nexus 5X Build/MMB29P) AppleWebKit/537.36 (KHTML, like Gecko) Chrome/145.0.7632.116 Mobile Safari/537.36 (compatible; Googlebot/2.1; +http://www.google.com/bot.html)" 1034 **1/1034781**
23.229.224.0 - - [09/Mar/2026:17:57:48 -0700] "POST /wp-cron.php?doing_wp_cron=1773104268.7924439907073974609375 HTTP/1.1" 200 - "-" "WordPress/6.9.1; https://shaneconrad.me" 20 **0/20195**
66.249.65.103 - - [09/Mar/2026:17:57:47 -0700] "GET /?h=22105290444500 HTTP/1.1" 200 17697 "-" "Mozilla/5.0 (Linux; Android 6.0.1; Nexus 5X Build/MMB29P) AppleWebKit/537.36 (KHTML, like Gecko) Chrome/145.0.7632.116 Mobile Safari/537.36 (compatible; Googlebot/2.1; +http://www.google.com/bot.html)" 849 **0/849857**
66.249.65.102 - - [09/Mar/2026:17:57:49 -0700] "GET /?h=47159230181602 HTTP/1.1" 200 17697 "-" "Mozilla/5.0 (Linux; Android 6.0.1; Nexus 5X Build/MMB29P) AppleWebKit/537.36 (KHTML, like Gecko) Chrome/145.0.7632.116 Mobile Safari/537.36 (compatible; Googlebot/2.1; +http://www.google.com/bot.html)" 775 **0/775980**
66.249.65.102 - - [09/Mar/2026:17:57:56 -0700] "GET /wp-includes/js/imagesloaded.min.js?ver=5.0.0 HTTP/1.1" 200 1687 "https://shaneconrad.me/?h=22105290444500" "Mozilla/5.0 (Linux; Android 6.0.1; Nexus 5X Build/MMB29P) AppleWebKit/537.36 (KHTML, like Gecko) Chrome/145.0.7632.116 Mobile Safari/537.36 (compatible; Googlebot/2.1; +http://www.google.com/bot.html)" 12 **0/12323**
23.229.224.0 - - [09/Mar/2026:18:00:51 -0700] "POST /wp-cron.php?doing_wp_cron=1773104451.2475268840789794921875 HTTP/1.1" 200 - "-" "WordPress/6.9.1; https://shaneconrad.me" 18 **0/18275**
66.249.65.104 - - [09/Mar/2026:18:00:50 -0700] "GET /?h=99335142268802 HTTP/1.1" 200 17693 "-" "Mozilla/5.0 (Linux; Android 6.0.1; Nexus 5X Build/MMB29P) AppleWebKit/537.36 (KHTML, like Gecko) Chrome/145.0.7632.116 Mobile Safari/537.36 (compatible; Googlebot/2.1; +http://www.google.com/bot.html)" 894 **0/894646**
23.229.224.0 - - [09/Mar/2026:18:01:52 -0700] "POST /wp-cron.php?doing_wp_cron=1773104512.2257959842681884765625 HTTP/1.1" 200 - "-" "WordPress/6.9.1; https://shaneconrad.me" 17 **0/17021**
66.249.65.104 - - [09/Mar/2026:18:01:51 -0700] "GET /?h=88821196470004 HTTP/1.1" 200 17693 "-" "Mozilla/5.0 (Linux; Android 6.0.1; Nexus 5X Build/MMB29P) AppleWebKit/537.36 (KHTML, like Gecko) Chrome/145.0.7632.116 Mobile Safari/537.36 (compatible; Googlebot/2.1; +http://www.google.com/bot.html)" 792 **0/792291**
23.229.224.0 - - [09/Mar/2026:18:05:55 -0700] "POST /wp-cron.php?doing_wp_cron=1773104755.2430160045623779296875 HTTP/1.1" 200 - "-" "WordPress/6.9.1; https://shaneconrad.me" 20 **0/20868**
66.249.65.104 - - [09/Mar/2026:18:05:54 -0700] "GET /?h=7081237287808 HTTP/1.1" 200 17692 "-" "Mozilla/5.0 (Linux; Android 6.0.1; Nexus 5X Build/MMB29P) AppleWebKit/537.36 (KHTML, like Gecko) Chrome/145.0.7632.116 Mobile Safari/537.36 (compatible; Googlebot/2.1; +http://www.google.com/bot.html)" 868 **0/868708**
66.249.65.102 - - [09/Mar/2026:18:05:55 -0700] "GET /?h=18185106985807 HTTP/1.1" 200 17692 "-" "Mozilla/5.0 (Linux; Android 6.0.1; Nexus 5X Build/MMB29P) AppleWebKit/537.36 (KHTML, like Gecko) Chrome/145.0.7632.116 Mobile Safari/537.36 (compatible; Googlebot/2.1; +http://www.google.com/bot.html)" 820 **0/820579**
23.229.224.0 - - [09/Mar/2026:18:09:57 -0700] "POST /wp-cron.php?doing_wp_cron=1773104997.7631831169128417968750 HTTP/1.1" 200 - "-" "WordPress/6.9.1; https://shaneconrad.me" 21 **0/21240**
66.249.65.103 - - [09/Mar/2026:18:09:56 -0700] "GET /?h=73741208860004 HTTP/1.1" 200 17692 "-" "Mozilla/5.0 (Linux; Android 6.0.1; Nexus 5X Build/MMB29P) AppleWebKit/537.36 (KHTML, like Gecko) Chrome/145.0.7632.116 Mobile Safari/537.36 (compatible; Googlebot/2.1; +http://www.google.com/bot.html)" 892 **0/892741**
23.229.224.0 - - [09/Mar/2026:18:16:04 -0700] "POST /wp-cron.php?doing_wp_cron=1773105364.3849890232086181640625 HTTP/1.1" 200 - "-" "WordPress/6.9.1; https://shaneconrad.me" 20 **0/20992**
66.249.65.103 - - [09/Mar/2026:18:15:59 -0700] "GET /?h=31602300242300 HTTP/1.1" 200 17697 "-" "Mozilla/5.0 (Linux; Android 6.0.1; Nexus 5X Build/MMB29P) AppleWebKit/537.36 (KHTML, like Gecko) Chrome/145.0.7632.116 Mobile Safari/537.36 (compatible; Googlebot/2.1; +http://www.google.com/bot.html)" 4730 **4/4730553**
23.229.224.0 - - [09/Mar/2026:18:17:14 -0700] "POST /wp-cron.php?doing_wp_cron=1773105434.1709799766540527343750 HTTP/1.1" 200 - "-" "WordPress/6.9.1; https://shaneconrad.me" 20 **0/20417**
66.249.65.102 - - [09/Mar/2026:18:17:13 -0700] "GET /?h=58018142464001 HTTP/1.1" 200 17697 "-" "Mozilla/5.0 (Linux; Android 6.0.1; Nexus 5X Build/MMB29P) AppleWebKit/537.36 (KHTML, like Gecko) Chrome/145.0.7632.116 Mobile Safari/537.36 (compatible; Googlebot/2.1; +http://www.google.com/bot.html)" 937 **0/937558**
66.249.65.102 - - [09/Mar/2026:18:17:33 -0700] "GET /?h=92470272580000 HTTP/1.1" 200 17697 "-" "Mozilla/5.0 (Linux; Android 6.0.1; Nexus 5X Build/MMB29P) AppleWebKit/537.36 (KHTML, like Gecko) Chrome/145.0.7632.116 Mobile Safari/537.36 (compatible; Googlebot/2.1; +http://www.google.com/bot.html)" 936 **0/936891**
23.229.224.0 - - [09/Mar/2026:18:23:04 -0700] "POST /wp-cron.php?doing_wp_cron=1773105784.3786749839782714843750 HTTP/1.1" 200 - "-" "WordPress/6.9.1; https://shaneconrad.me" 20 **0/20693**
66.249.65.104 - - [09/Mar/2026:18:23:03 -0700] "GET /?h=14495206073001 HTTP/1.1" 200 17699 "-" "Mozilla/5.0 (Linux; Android 6.0.1; Nexus 5X Build/MMB29P) AppleWebKit/537.36 (KHTML, like Gecko) Chrome/145.0.7632.116 Mobile Safari/537.36 (compatible; Googlebot/2.1; +http://www.google.com/bot.html)" 1091 **1/1091850**
23.229.224.0 - - [09/Mar/2026:18:26:05 -0700] "POST /wp-cron.php?doing_wp_cron=1773105965.6234250068664550781250 HTTP/1.1" 200 - "-" "WordPress/6.9.1; https://shaneconrad.me" 22 **0/22535**
66.249.65.104 - - [09/Mar/2026:18:26:04 -0700] "GET /?h=18769254430500 HTTP/1.1" 200 17699 "-" "Mozilla/5.0 (Linux; Android 6.0.1; Nexus 5X Build/MMB29P) AppleWebKit/537.36 (KHTML, like Gecko) Chrome/145.0.7632.116 Mobile Safari/537.36 (compatible; Googlebot/2.1; +http://www.google.com/bot.html)" 1060 **1/1060673**
66.249.65.104 - - [09/Mar/2026:18:26:06 -0700] "GET /?h=16527170324600 HTTP/1.1" 200 17699 "-" "Mozilla/5.0 (Linux; Android 6.0.1; Nexus 5X Build/MMB29P) AppleWebKit/537.36 (KHTML, like Gecko) Chrome/145.0.7632.116 Mobile Safari/537.36 (compatible; Googlebot/2.1; +http://www.google.com/bot.html)" 951 **0/951961**
23.229.224.0 - - [09/Mar/2026:18:27:08 -0700] "POST /wp-cron.php?doing_wp_cron=1773106028.1747019290924072265625 HTTP/1.1" 200 - "-" "WordPress/6.9.1; https://shaneconrad.me" 20 **0/20632**
66.249.65.102 - - [09/Mar/2026:18:27:07 -0700] "GET /?h=9093159652602 HTTP/1.1" 200 17699 "-" "Mozilla/5.0 (Linux; Android 6.0.1; Nexus 5X Build/MMB29P) AppleWebKit/537.36 (KHTML, like Gecko) Chrome/145.0.7632.116 Mobile Safari/537.36 (compatible; Googlebot/2.1; +http://www.google.com/bot.html)" 837 **0/837458**
66.249.65.103 - - [09/Mar/2026:18:27:09 -0700] "GET /?h=15222269520401 HTTP/1.1" 200 17699 "-" "Mozilla/5.0 (Linux; Android 6.0.1; Nexus 5X Build/MMB29P) AppleWebKit/537.36 (KHTML, like Gecko) Chrome/145.0.7632.116 Mobile Safari/537.36 (compatible; Googlebot/2.1; +http://www.google.com/bot.html)" 826 **0/826727**
23.229.224.0 - - [09/Mar/2026:18:30:11 -0700] "POST /wp-cron.php?doing_wp_cron=1773106211.3265419006347656250000 HTTP/1.1" 200 - "-" "WordPress/6.9.1; https://shaneconrad.me" 20 **0/20253**
66.249.65.104 - - [09/Mar/2026:18:30:10 -0700] "GET /?h=19681272056303 HTTP/1.1" 200 17697 "-" "Mozilla/5.0 (Linux; Android 6.0.1; Nexus 5X Build/MMB29P) AppleWebKit/537.36 (KHTML, like Gecko) Chrome/145.0.7632.116 Mobile Safari/537.36 (compatible; Googlebot/2.1; +http://www.google.com/bot.html)" 1308 **1/1308322**
66.249.65.102 - - [09/Mar/2026:18:30:12 -0700] "GET /?h=12059152043800 HTTP/1.1" 200 17697 "-" "Mozilla/5.0 (Linux; Android 6.0.1; Nexus 5X Build/MMB29P) AppleWebKit/537.36 (KHTML, like Gecko) Chrome/145.0.7632.116 Mobile Safari/537.36 (compatible; Googlebot/2.1; +http://www.google.com/bot.html)" 1086 **1/1086935**
66.249.65.103 - - [09/Mar/2026:18:30:16 -0700] "GET /?h=11998272614502 HTTP/1.1" 200 17697 "-" "Mozilla/5.0 (Linux; Android 6.0.1; Nexus 5X Build/MMB29P) AppleWebKit/537.36 (KHTML, like Gecko) Chrome/145.0.7632.116 Mobile Safari/537.36 (compatible; Googlebot/2.1; +http://www.google.com/bot.html)" 947 **0/947354**
23.229.224.0 - - [09/Mar/2026:18:34:18 -0700] "POST /wp-cron.php?doing_wp_cron=1773106458.1913340091705322265625 HTTP/1.1" 200 - "-" "WordPress/6.9.1; https://shaneconrad.me" 18 **0/18893**
66.249.65.103 - - [09/Mar/2026:18:34:17 -0700] "GET /?h=06120192650008 HTTP/1.1" 200 17697 "-" "Mozilla/5.0 (Linux; Android 6.0.1; Nexus 5X Build/MMB29P) AppleWebKit/537.36 (KHTML, like Gecko) Chrome/145.0.7632.116 Mobile Safari/537.36 (compatible; Googlebot/2.1; +http://www.google.com/bot.html)" 802 **0/802653**
23.229.224.0 - - [09/Mar/2026:18:41:29 -0700] "POST /wp-cron.php?doing_wp_cron=1773106889.8645141124725341796875 HTTP/1.1" 200 - "-" "WordPress/6.9.1; https://shaneconrad.me" 21 **0/21044**
66.249.65.103 - - [09/Mar/2026:18:41:26 -0700] "GET /?h=07310292972401 HTTP/1.1" 200 17697 "-" "Mozilla/5.0 (Linux; Android 6.0.1; Nexus 5X Build/MMB29P) AppleWebKit/537.36 (KHTML, like Gecko) Chrome/145.0.7632.116 Mobile Safari/537.36 (compatible; Googlebot/2.1; +http://www.google.com/bot.html)" 3768 **3/3768266**
66.249.65.102 - - [09/Mar/2026:18:41:30 -0700] "GET /?h=15165270555401 HTTP/1.1" 200 17697 "-" "Mozilla/5.0 (Linux; Android 6.0.1; Nexus 5X Build/MMB29P) AppleWebKit/537.36 (KHTML, like Gecko) Chrome/145.0.7632.116 Mobile Safari/537.36 (compatible; Googlebot/2.1; +http://www.google.com/bot.html)" 1011 **1/1011549**
66.249.65.102 - - [09/Mar/2026:18:41:53 -0700] "GET /?h=77399202696700 HTTP/1.1" 200 17697 "-" "Mozilla/5.0 (Linux; Android 6.0.1; Nexus 5X Build/MMB29P) AppleWebKit/537.36 (KHTML, like Gecko) Chrome/145.0.7632.116 Mobile Safari/537.36 (compatible; Googlebot/2.1; +http://www.google.com/bot.html)" 982 **0/982549**
23.229.224.0 - - [09/Mar/2026:18:42:42 -0700] "POST /wp-cron.php?doing_wp_cron=1773106962.3758270740509033203125 HTTP/1.1" 200 - "-" "WordPress/6.9.1; https://shaneconrad.me" 20 **0/20124**
66.249.65.102 - - [09/Mar/2026:18:42:41 -0700] "GET /?h=12128251383601 HTTP/1.1" 200 17699 "-" "Mozilla/5.0 (Linux; Android 6.0.1; Nexus 5X Build/MMB29P) AppleWebKit/537.36 (KHTML, like Gecko) Chrome/145.0.7632.116 Mobile Safari/537.36 (compatible; Googlebot/2.1; +http://www.google.com/bot.html)" 868 **0/868506**
23.229.224.0 - - [09/Mar/2026:18:43:36 -0700] "POST /wp-cron.php?doing_wp_cron=1773107016.1813180446624755859375 HTTP/1.1" 200 - "-" "WordPress/6.9.1; https://shaneconrad.me" 18 **0/18407**
66.249.65.104 - - [09/Mar/2026:18:43:35 -0700] "GET /?h=80199157488601 HTTP/1.1" 200 17697 "-" "Mozilla/5.0 (Linux; Android 6.0.1; Nexus 5X Build/MMB29P) AppleWebKit/537.36 (KHTML, like Gecko) Chrome/145.0.7632.116 Mobile Safari/537.36 (compatible; Googlebot/2.1; +http://www.google.com/bot.html)" 845 **0/845965**
66.249.65.104 - - [09/Mar/2026:18:43:37 -0700] "GET /?h=38982151148804 HTTP/1.1" 200 17697 "-" "Mozilla/5.0 (Linux; Android 6.0.1; Nexus 5X Build/MMB29P) AppleWebKit/537.36 (KHTML, like Gecko) Chrome/145.0.7632.116 Mobile Safari/537.36 (compatible; Googlebot/2.1; +http://www.google.com/bot.html)" 942 **0/942006**
66.249.65.103 - - [09/Mar/2026:18:43:39 -0700] "GET /?h=8810172943704 HTTP/1.1" 200 17697 "-" "Mozilla/5.0 (Linux; Android 6.0.1; Nexus 5X Build/MMB29P) AppleWebKit/537.36 (KHTML, like Gecko) Chrome/145.0.7632.116 Mobile Safari/537.36 (compatible; Googlebot/2.1; +http://www.google.com/bot.html)" 776 **0/776773**
66.249.65.103 - - [09/Mar/2026:18:43:40 -0700] "GET /?h=80748227121001 HTTP/1.1" 200 17697 "-" "Mozilla/5.0 (Linux; Android 6.0.1; Nexus 5X Build/MMB29P) AppleWebKit/537.36 (KHTML, like Gecko) Chrome/145.0.7632.116 Mobile Safari/537.36 (compatible; Googlebot/2.1; +http://www.google.com/bot.html)" 781 **0/781316**
66.249.65.103 - - [09/Mar/2026:18:43:44 -0700] "GET /wp-content/uploads/elementor/css/post-50.css?ver=1772928000 HTTP/1.1" 200 338 "https://shaneconrad.me/?h=8810172943704" "Mozilla/5.0 (Linux; Android 6.0.1; Nexus 5X Build/MMB29P) AppleWebKit/537.36 (KHTML, like Gecko) Chrome/145.0.7632.116 Mobile Safari/537.36 (compatible; Googlebot/2.1; +http://www.google.com/bot.html)" 10 **0/10657**
66.249.65.103 - - [09/Mar/2026:18:43:46 -0700] "GET /wp-includes/js/jquery/jquery.min.js?ver=3.7.1 HTTP/1.1" 200 29769 "https://shaneconrad.me/?h=8810172943704" "Mozilla/5.0 (Linux; Android 6.0.1; Nexus 5X Build/MMB29P) AppleWebKit/537.36 (KHTML, like Gecko) Chrome/145.0.7632.116 Mobile Safari/537.36 (compatible; Googlebot/2.1; +http://www.google.com/bot.html)" 39 **0/39815**
66.249.65.104 - - [09/Mar/2026:18:43:47 -0700] "GET /wp-content/plugins/embedpress/assets/css/lazy-load.css?ver=1772906873 HTTP/1.1" 200 796 "https://shaneconrad.me/?h=8810172943704" "Mozilla/5.0 (Linux; Android 6.0.1; Nexus 5X Build/MMB29P) AppleWebKit/537.36 (KHTML, like Gecko) Chrome/145.0.7632.116 Mobile Safari/537.36 (compatible; Googlebot/2.1; +http://www.google.com/bot.html)" 10 **0/10291**
66.249.65.102 - - [09/Mar/2026:18:43:48 -0700] "GET /wp-includes/js/imagesloaded.min.js?ver=5.0.0 HTTP/1.1" 200 1687 "https://shaneconrad.me/?h=8810172943704" "Mozilla/5.0 (Linux; Android 6.0.1; Nexus 5X Build/MMB29P) AppleWebKit/537.36 (KHTML, like Gecko) Chrome/145.0.7632.116 Mobile Safari/537.36 (compatible; Googlebot/2.1; +http://www.google.com/bot.html)" 7 **0/7614**
66.249.65.104 - - [09/Mar/2026:18:43:49 -0700] "GET /wp-content/plugins/booking/vendors/_custom/bootstrap-css/css/bootstrap-theme.css?ver=10.14.16 HTTP/1.1" 200 2589 "https://shaneconrad.me/?h=8810172943704" "Mozilla/5.0 (Linux; Android 6.0.1; Nexus 5X Build/MMB29P) AppleWebKit/537.36 (KHTML, like Gecko) Chrome/145.0.7632.116 Mobile Safari/537.36 (compatible; Googlebot/2.1; +http://www.google.com/bot.html)" 20 **0/20258**
66.249.65.103 - - [09/Mar/2026:18:43:51 -0700] "GET /wp-content/plugins/essential-addons-for-elementor-lite/assets/front-end/css/view/general.min.css?ver=6.5.13 HTTP/1.1" 200 1422 "https://shaneconrad.me/?h=8810172943704" "Mozilla/5.0 (Linux; Android 6.0.1; Nexus 5X Build/MMB29P) AppleWebKit/537.36 (KHTML, like Gecko) Chrome/145.0.7632.116 Mobile Safari/537.36 (compatible; Googlebot/2.1; +http://www.google.com/bot.html)" 15 **0/15936**
66.249.65.102 - - [09/Mar/2026:18:43:52 -0700] "GET /wp-content/plugins/essential-addons-for-elementor-lite/assets/front-end/js/view/general.min.js?ver=6.5.13 HTTP/1.1" 200 3900 "https://shaneconrad.me/?h=8810172943704" "Mozilla/5.0 (Linux; Android 6.0.1; Nexus 5X Build/MMB29P) AppleWebKit/537.36 (KHTML, like Gecko) Chrome/145.0.7632.116 Mobile Safari/537.36 (compatible; Googlebot/2.1; +http://www.google.com/bot.html)" 16 **0/16826**
66.249.65.103 - - [09/Mar/2026:18:43:54 -0700] "GET /wp-includes/js/wp-util.min.js?ver=6.9.1 HTTP/1.1" 200 690 "https://shaneconrad.me/?h=8810172943704" "Mozilla/5.0 (Linux; Android 6.0.1; Nexus 5X Build/MMB29P) AppleWebKit/537.36 (KHTML, like Gecko) Chrome/145.0.7632.116 Mobile Safari/537.36 (compatible; Googlebot/2.1; +http://www.google.com/bot.html)" 11 **0/11898**
