23.229.224.0 - - [13/Mar/2026:21:01:27 -0700] "POST /wp-cron.php?doing_wp_cron=1773460887.8149170875549316406250 HTTP/1.1" 200 - "-" "WordPress/6.9.4; https://sitepacket.com" 82 **0/82508**
40.77.167.18 - - [13/Mar/2026:21:01:27 -0700] "GET /?e=5918237141970 HTTP/2.0" 301 1 "-" "Mozilla/5.0 AppleWebKit/537.36 (KHTML, like Gecko; compatible; bingbot/2.0; +http://www.bing.com/bingbot.htm) Chrome/116.0.1938.76 Safari/537.36" 738 **0/738396**
23.229.224.0 - - [13/Mar/2026:21:02:14 -0700] "POST /wp-cron.php?doing_wp_cron=1773460934.8103210926055908203125 HTTP/1.1" 200 - "-" "WordPress/6.9.4; https://sitepacket.com" 69 **0/69402**
40.77.167.235 - - [13/Mar/2026:21:02:14 -0700] "GET /?e=10385145011970 HTTP/2.0" 301 1 "-" "Mozilla/5.0 AppleWebKit/537.36 (KHTML, like Gecko; compatible; bingbot/2.0; +http://www.bing.com/bingbot.htm) Chrome/116.0.1938.76 Safari/537.36" 798 **0/798976**
66.249.73.169 - - [13/Mar/2026:21:02:16 -0700] "GET /?e=57515777051970 HTTP/1.1" 301 1 "-" "Mozilla/5.0 (Linux; Android 6.0.1; Nexus 5X Build/MMB29P) AppleWebKit/537.36 (KHTML, like Gecko) Chrome/145.0.7632.116 Mobile Safari/537.36 (compatible; Googlebot/2.1; +http://www.google.com/bot.html)" 641 **0/641117**
23.229.224.0 - - [13/Mar/2026:21:02:35 -0700] "POST /wp-cron.php?doing_wp_cron=1773460955.0659339427947998046875 HTTP/1.1" 200 - "-" "WordPress/6.9.4; https://sitepacket.com" 61 **0/61508**
40.77.167.235 - - [13/Mar/2026:21:02:34 -0700] "GET /?e=10123172031970 HTTP/2.0" 301 1 "-" "Mozilla/5.0 AppleWebKit/537.36 (KHTML, like Gecko; compatible; bingbot/2.0; +http://www.bing.com/bingbot.htm) Chrome/116.0.1938.76 Safari/537.36" 716 **0/716317**
23.229.224.0 - - [13/Mar/2026:21:05:25 -0700] "POST /wp-cron.php?doing_wp_cron=1773461125.7584290504455566406250 HTTP/1.1" 200 - "-" "WordPress/6.9.4; https://sitepacket.com" 78 **0/78253**
66.249.73.168 - - [13/Mar/2026:21:05:25 -0700] "GET /?e=57740004051970 HTTP/1.1" 301 1 "-" "Mozilla/5.0 (Linux; Android 6.0.1; Nexus 5X Build/MMB29P) AppleWebKit/537.36 (KHTML, like Gecko) Chrome/145.0.7632.116 Mobile Safari/537.36 (compatible; Googlebot/2.1; +http://www.google.com/bot.html)" 839 **0/839181**
23.229.224.0 - - [13/Mar/2026:21:05:27 -0700] "POST /wp-cron.php HTTP/1.1" 200 - "-" "WordPress/6.9.4; https://sitepacket.com" 79 **0/79083**
23.229.224.0 - - [13/Mar/2026:21:05:27 -0700] "GET / HTTP/1.1" 200 22782 "-" "WordPress/6.9.4; https://sitepacket.com" 846 **0/846910**
23.229.224.0 - - [13/Mar/2026:21:05:28 -0700] "GET / HTTP/1.1" 200 22782 "-" "WordPress/6.9.4; https://sitepacket.com" 871 **0/871805**
23.229.224.0 - - [13/Mar/2026:21:05:29 -0700] "GET / HTTP/1.1" 200 22782 "-" "WordPress/6.9.4; https://sitepacket.com" 870 **0/870774**
23.229.224.0 - - [13/Mar/2026:21:05:30 -0700] "GET / HTTP/1.1" 200 22782 "-" "WordPress/6.9.4; https://sitepacket.com" 901 **0/901139**
66.249.73.168 - - [13/Mar/2026:21:05:31 -0700] "GET / HTTP/1.1" 200 21240 "-" "Mozilla/5.0 (Linux; Android 6.0.1; Nexus 5X Build/MMB29P) AppleWebKit/537.36 (KHTML, like Gecko) Chrome/145.0.7632.116 Mobile Safari/537.36 (compatible; Googlebot/2.1; +http://www.google.com/bot.html)" 884 **0/884800**
23.229.224.0 - - [13/Mar/2026:21:10:02 -0700] "GET /system/index.php/cron HTTP/1.1" 200 18 "-" "Wget/1.19.5 (linux-gnu)" 1701 **1/1701165**
23.229.224.0 - - [13/Mar/2026:21:18:11 -0700] "POST /wp-cron.php?doing_wp_cron=1773461891.6408669948577880859375 HTTP/1.1" 200 - "-" "WordPress/6.9.4; https://sitepacket.com" 74 **0/74139**
66.249.73.170 - - [13/Mar/2026:21:18:07 -0700] "GET /contents/event/kansyasai/57333681020970 HTTP/1.1" 404 16320 "-" "Mozilla/5.0 (Linux; Android 6.0.1; Nexus 5X Build/MMB29P) AppleWebKit/537.36 (KHTML, like Gecko) Chrome/145.0.7632.116 Mobile Safari/537.36 (compatible; Googlebot/2.1; +http://www.google.com/bot.html)" 3972 **3/3972113**
23.229.224.0 - - [13/Mar/2026:21:20:02 -0700] "GET /system/index.php/cron HTTP/1.1" 200 18 "-" "Wget/1.19.5 (linux-gnu)" 2474 **2/2474383**
23.229.224.0 - - [13/Mar/2026:21:22:27 -0700] "POST /wp-cron.php?doing_wp_cron=1773462147.3346440792083740234375 HTTP/1.1" 200 - "-" "WordPress/6.9.4; https://sitepacket.com" 69 **0/69929**
52.167.144.19 - - [13/Mar/2026:21:22:26 -0700] "GET /?e=6423483071970 HTTP/2.0" 301 1 "-" "Mozilla/5.0 AppleWebKit/537.36 (KHTML, like Gecko; compatible; bingbot/2.0; +http://www.bing.com/bingbot.htm) Chrome/116.0.1938.76 Safari/537.36" 679 **0/679605**
52.167.144.19 - - [13/Mar/2026:21:22:46 -0700] "GET /?e=5084831071970 HTTP/2.0" 301 1 "-" "Mozilla/5.0 AppleWebKit/537.36 (KHTML, like Gecko; compatible; bingbot/2.0; +http://www.bing.com/bingbot.htm) Chrome/116.0.1938.76 Safari/537.36" 622 **0/622012**
23.229.224.0 - - [13/Mar/2026:21:23:29 -0700] "POST /wp-cron.php?doing_wp_cron=1773462209.2324030399322509765625 HTTP/1.1" 200 - "-" "WordPress/6.9.4; https://sitepacket.com" 96 **0/96263**
52.167.144.19 - - [13/Mar/2026:21:23:28 -0700] "GET /?e=10319590011970 HTTP/2.0" 301 1 "-" "Mozilla/5.0 AppleWebKit/537.36 (KHTML, like Gecko; compatible; bingbot/2.0; +http://www.bing.com/bingbot.htm) Chrome/116.0.1938.76 Safari/537.36" 802 **0/802207**
23.229.224.0 - - [13/Mar/2026:21:24:45 -0700] "POST /wp-cron.php?doing_wp_cron=1773462285.6318790912628173828125 HTTP/1.1" 200 - "-" "WordPress/6.9.4; https://sitepacket.com" 73 **0/73849**
207.46.13.151 - - [13/Mar/2026:21:24:44 -0700] "GET /?e=6798374101970 HTTP/2.0" 301 1 "-" "Mozilla/5.0 AppleWebKit/537.36 (KHTML, like Gecko; compatible; bingbot/2.0; +http://www.bing.com/bingbot.htm) Chrome/116.0.1938.76 Safari/537.36" 785 **0/785029**
23.229.224.0 - - [13/Mar/2026:21:26:07 -0700] "POST /wp-cron.php?doing_wp_cron=1773462367.0968890190124511718750 HTTP/1.1" 200 - "-" "WordPress/6.9.4; https://sitepacket.com" 77 **0/77590**
207.46.13.151 - - [13/Mar/2026:21:26:06 -0700] "GET /?e=110795176011970 HTTP/2.0" 301 1 "-" "Mozilla/5.0 AppleWebKit/537.36 (KHTML, like Gecko; compatible; bingbot/2.0; +http://www.bing.com/bingbot.htm) Chrome/116.0.1938.76 Safari/537.36" 712 **0/712081**
207.46.13.151 - - [13/Mar/2026:21:26:07 -0700] "GET /?e=44376828051970 HTTP/2.0" 301 1 "-" "Mozilla/5.0 AppleWebKit/537.36 (KHTML, like Gecko; compatible; bingbot/2.0; +http://www.bing.com/bingbot.htm) Chrome/116.0.1938.76 Safari/537.36" 603 **0/603336**
52.167.144.216 - - [13/Mar/2026:21:26:21 -0700] "GET /?e=6660386031970 HTTP/2.0" 301 1 "-" "Mozilla/5.0 AppleWebKit/537.36 (KHTML, like Gecko; compatible; bingbot/2.0; +http://www.bing.com/bingbot.htm) Chrome/116.0.1938.76 Safari/537.36" 642 **0/642935**
52.167.144.216 - - [13/Mar/2026:21:26:22 -0700] "GET /?e=10246842061970 HTTP/2.0" 301 1 "-" "Mozilla/5.0 AppleWebKit/537.36 (KHTML, like Gecko; compatible; bingbot/2.0; +http://www.bing.com/bingbot.htm) Chrome/116.0.1938.76 Safari/537.36" 638 **0/638773**
23.229.224.0 - - [13/Mar/2026:21:28:07 -0700] "POST /wp-cron.php?doing_wp_cron=1773462487.4165780544281005859375 HTTP/1.1" 200 - "-" "WordPress/6.9.4; https://sitepacket.com" 60 **0/60604**
157.55.39.63 - - [13/Mar/2026:21:28:06 -0700] "GET /?e=5508722041970 HTTP/2.0" 301 1 "-" "Mozilla/5.0 AppleWebKit/537.36 (KHTML, like Gecko; compatible; bingbot/2.0; +http://www.bing.com/bingbot.htm) Chrome/116.0.1938.76 Safari/537.36" 655 **0/655161**
23.229.224.0 - - [13/Mar/2026:21:28:28 -0700] "POST /wp-cron.php?doing_wp_cron=1773462508.9303410053253173828125 HTTP/1.1" 200 - "-" "WordPress/6.9.4; https://sitepacket.com" 71 **0/71594**
52.167.144.216 - - [13/Mar/2026:21:28:28 -0700] "GET /?e=31662809011970 HTTP/2.0" 301 1 "-" "Mozilla/5.0 AppleWebKit/537.36 (KHTML, like Gecko; compatible; bingbot/2.0; +http://www.bing.com/bingbot.htm) Chrome/116.0.1938.76 Safari/537.36" 821 **0/821680**
52.167.144.216 - - [13/Mar/2026:21:28:29 -0700] "GET /?e=35383214051970 HTTP/2.0" 301 1 "-" "Mozilla/5.0 AppleWebKit/537.36 (KHTML, like Gecko; compatible; bingbot/2.0; +http://www.bing.com/bingbot.htm) Chrome/116.0.1938.76 Safari/537.36" 689 **0/689799**
157.55.39.63 - - [13/Mar/2026:21:29:07 -0700] "GET /?e=31609711011970 HTTP/2.0" 301 1 "-" "Mozilla/5.0 AppleWebKit/537.36 (KHTML, like Gecko; compatible; bingbot/2.0; +http://www.bing.com/bingbot.htm) Chrome/116.0.1938.76 Safari/537.36" 868 **0/868053**
52.167.144.216 - - [13/Mar/2026:21:29:08 -0700] "GET /?e=6734772041970 HTTP/2.0" 301 1 "-" "Mozilla/5.0 AppleWebKit/537.36 (KHTML, like Gecko; compatible; bingbot/2.0; +http://www.bing.com/bingbot.htm) Chrome/116.0.1938.76 Safari/537.36" 875 **0/875029**
40.77.167.53 - - [13/Mar/2026:21:29:11 -0700] "GET /?e=23996679091970 HTTP/2.0" 301 1 "-" "Mozilla/5.0 AppleWebKit/537.36 (KHTML, like Gecko; compatible; bingbot/2.0; +http://www.bing.com/bingbot.htm) Chrome/116.0.1938.76 Safari/537.36" 781 **0/781308**
23.229.224.0 - - [13/Mar/2026:21:29:59 -0700] "POST /wp-cron.php?doing_wp_cron=1773462599.6245779991149902343750 HTTP/1.1" 200 - "-" "WordPress/6.9.4; https://sitepacket.com" 66 **0/66521**
52.167.144.216 - - [13/Mar/2026:21:29:59 -0700] "GET /?e=10178499021970 HTTP/2.0" 301 1 "-" "Mozilla/5.0 AppleWebKit/537.36 (KHTML, like Gecko; compatible; bingbot/2.0; +http://www.bing.com/bingbot.htm) Chrome/116.0.1938.76 Safari/537.36" 713 **0/713496**
23.229.224.0 - - [13/Mar/2026:21:30:04 -0700] "POST /system/index.php/notification_processor/create_notification HTTP/2.0" 200 - "-" "-" 734 **0/734084**
23.229.224.0 - - [13/Mar/2026:21:30:04 -0700] "POST /system/index.php/notification_processor/create_notification HTTP/2.0" 200 - "-" "-" 966 **0/966769**
23.229.224.0 - - [13/Mar/2026:21:30:05 -0700] "POST /system/index.php/notification_processor/create_notification HTTP/2.0" 200 - "-" "-" 734 **0/734130**
23.229.224.0 - - [13/Mar/2026:21:30:03 -0700] "GET /system/index.php/cron HTTP/1.1" 200 18 "-" "Wget/1.19.5 (linux-gnu)" 5051 **5/5051257**
23.229.224.0 - - [13/Mar/2026:21:30:27 -0700] "POST /wp-cron.php?doing_wp_cron=1773462627.9199919700622558593750 HTTP/1.1" 200 - "-" "WordPress/6.9.4; https://sitepacket.com" 68 **0/68660**
66.249.73.170 - - [13/Mar/2026:21:30:27 -0700] "GET /?e=57448499001970 HTTP/1.1" 301 1 "-" "Mozilla/5.0 (Linux; Android 6.0.1; Nexus 5X Build/MMB29P) AppleWebKit/537.36 (KHTML, like Gecko) Chrome/145.0.7632.116 Mobile Safari/537.36 (compatible; Googlebot/2.1; +http://www.google.com/bot.html)" 761 **0/761616**
66.249.73.170 - - [13/Mar/2026:21:30:28 -0700] "GET /?e=30073024041970 HTTP/1.1" 301 1 "-" "Mozilla/5.0 (Linux; Android 6.0.1; Nexus 5X Build/MMB29P) AppleWebKit/537.36 (KHTML, like Gecko) Chrome/145.0.7632.116 Mobile Safari/537.36 (compatible; Googlebot/2.1; +http://www.google.com/bot.html)" 801 **0/801575**
23.229.224.0 - - [13/Mar/2026:21:31:58 -0700] "POST /wp-cron.php?doing_wp_cron=1773462718.1684529781341552734375 HTTP/1.1" 200 - "-" "WordPress/6.9.4; https://sitepacket.com" 60 **0/60668**
40.77.167.53 - - [13/Mar/2026:21:31:57 -0700] "GET /?e=108632833031970 HTTP/2.0" 301 1 "-" "Mozilla/5.0 AppleWebKit/537.36 (KHTML, like Gecko; compatible; bingbot/2.0; +http://www.bing.com/bingbot.htm) Chrome/116.0.1938.76 Safari/537.36" 658 **0/658290**
23.229.224.0 - - [13/Mar/2026:21:32:39 -0700] "POST /wp-cron.php?doing_wp_cron=1773462759.8362491130828857421875 HTTP/1.1" 200 - "-" "WordPress/6.9.4; https://sitepacket.com" 75 **0/75510**
52.167.144.216 - - [13/Mar/2026:21:32:39 -0700] "GET /?e=5764694041970 HTTP/2.0" 301 1 "-" "Mozilla/5.0 AppleWebKit/537.36 (KHTML, like Gecko; compatible; bingbot/2.0; +http://www.bing.com/bingbot.htm) Chrome/116.0.1938.76 Safari/537.36" 890 **0/890577**
52.167.144.216 - - [13/Mar/2026:21:33:07 -0700] "GET /?e=14797844031970 HTTP/2.0" 301 1 "-" "Mozilla/5.0 AppleWebKit/537.36 (KHTML, like Gecko; compatible; bingbot/2.0; +http://www.bing.com/bingbot.htm) Chrome/116.0.1938.76 Safari/537.36" 668 **0/668433**
23.229.224.0 - - [13/Mar/2026:21:35:08 -0700] "POST /wp-cron.php?doing_wp_cron=1773462908.6829240322113037109375 HTTP/1.1" 200 - "-" "WordPress/6.9.4; https://sitepacket.com" 112 **0/112981**
157.55.39.63 - - [13/Mar/2026:21:35:07 -0700] "GET /?e=6513561071970 HTTP/2.0" 301 1 "-" "Mozilla/5.0 AppleWebKit/537.36 (KHTML, like Gecko; compatible; bingbot/2.0; +http://www.bing.com/bingbot.htm) Chrome/116.0.1938.76 Safari/537.36" 1205 **1/1205156**
23.229.224.0 - - [13/Mar/2026:21:39:29 -0700] "POST /wp-cron.php?doing_wp_cron=1773463169.2479619979858398437500 HTTP/1.1" 200 - "-" "WordPress/6.9.4; https://sitepacket.com" 80 **0/80227**
207.46.13.154 - - [13/Mar/2026:21:39:28 -0700] "GET /?e=5614919051970 HTTP/2.0" 301 1 "-" "Mozilla/5.0 AppleWebKit/537.36 (KHTML, like Gecko; compatible; bingbot/2.0; +http://www.bing.com/bingbot.htm) Chrome/116.0.1938.76 Safari/537.36" 787 **0/787858**
207.46.13.154 - - [13/Mar/2026:21:39:29 -0700] "GET /?e=31529248081970 HTTP/2.0" 301 1 "-" "Mozilla/5.0 AppleWebKit/537.36 (KHTML, like Gecko; compatible; bingbot/2.0; +http://www.bing.com/bingbot.htm) Chrome/116.0.1938.76 Safari/537.36" 891 **0/891197**
23.229.224.0 - - [13/Mar/2026:21:39:48 -0700] "POST /wp-cron.php?doing_wp_cron=1773463188.9164190292358398437500 HTTP/1.1" 200 - "-" "WordPress/6.9.4; https://sitepacket.com" 67 **0/67914**
40.77.167.230 - - [13/Mar/2026:21:39:48 -0700] "GET /?e=31726706051970 HTTP/2.0" 301 1 "-" "Mozilla/5.0 AppleWebKit/537.36 (KHTML, like Gecko; compatible; bingbot/2.0; +http://www.bing.com/bingbot.htm) Chrome/116.0.1938.76 Safari/537.36" 806 **0/806937**
207.46.13.154 - - [13/Mar/2026:21:39:52 -0700] "GET /?e=6780042061970 HTTP/2.0" 301 1 "-" "Mozilla/5.0 AppleWebKit/537.36 (KHTML, like Gecko; compatible; bingbot/2.0; +http://www.bing.com/bingbot.htm) Chrome/116.0.1938.76 Safari/537.36" 805 **0/805527**
23.229.224.0 - - [13/Mar/2026:21:40:03 -0700] "GET /system/index.php/cron HTTP/1.1" 200 18 "-" "Wget/1.19.5 (linux-gnu)" 2674 **2/2674546**
23.229.224.0 - - [13/Mar/2026:21:41:11 -0700] "POST /wp-cron.php?doing_wp_cron=1773463271.1406080722808837890625 HTTP/1.1" 200 - "-" "WordPress/6.9.4; https://sitepacket.com" 78 **0/78898**
207.46.13.154 - - [13/Mar/2026:21:41:10 -0700] "GET /?e=5239934051970 HTTP/2.0" 301 1 "-" "Mozilla/5.0 AppleWebKit/537.36 (KHTML, like Gecko; compatible; bingbot/2.0; +http://www.bing.com/bingbot.htm) Chrome/116.0.1938.76 Safari/537.36" 845 **0/845543**
207.46.13.154 - - [13/Mar/2026:21:41:12 -0700] "GET /?e=5747011021970 HTTP/2.0" 301 1 "-" "Mozilla/5.0 AppleWebKit/537.36 (KHTML, like Gecko; compatible; bingbot/2.0; +http://www.bing.com/bingbot.htm) Chrome/116.0.1938.76 Safari/537.36" 759 **0/759411**
40.77.167.230 - - [13/Mar/2026:21:41:19 -0700] "GET /?e=9940221101970 HTTP/2.0" 301 1 "-" "Mozilla/5.0 AppleWebKit/537.36 (KHTML, like Gecko; compatible; bingbot/2.0; +http://www.bing.com/bingbot.htm) Chrome/116.0.1938.76 Safari/537.36" 658 **0/658643**
40.77.167.230 - - [13/Mar/2026:21:41:21 -0700] "GET /?e=31752876011970 HTTP/2.0" 301 1 "-" "Mozilla/5.0 AppleWebKit/537.36 (KHTML, like Gecko; compatible; bingbot/2.0; +http://www.bing.com/bingbot.htm) Chrome/116.0.1938.76 Safari/537.36" 704 **0/704324**
23.229.224.0 - - [13/Mar/2026:21:41:31 -0700] "POST /wp-cron.php?doing_wp_cron=1773463291.0890100002288818359375 HTTP/1.1" 200 - "-" "WordPress/6.9.4; https://sitepacket.com" 83 **0/83432**
52.167.144.24 - - [13/Mar/2026:21:41:30 -0700] "GET /?e=31499180051970 HTTP/2.0" 301 1 "-" "Mozilla/5.0 AppleWebKit/537.36 (KHTML, like Gecko; compatible; bingbot/2.0; +http://www.bing.com/bingbot.htm) Chrome/116.0.1938.76 Safari/537.36" 1043 **1/1043950**
52.167.144.24 - - [13/Mar/2026:21:41:50 -0700] "GET /?e=14628851021970 HTTP/2.0" 301 1 "-" "Mozilla/5.0 AppleWebKit/537.36 (KHTML, like Gecko; compatible; bingbot/2.0; +http://www.bing.com/bingbot.htm) Chrome/116.0.1938.76 Safari/537.36" 783 **0/783205**
23.229.224.0 - - [13/Mar/2026:21:45:40 -0700] "POST /wp-cron.php?doing_wp_cron=1773463540.2499620914459228515625 HTTP/1.1" 200 - "-" "WordPress/6.9.4; https://sitepacket.com" 71 **0/71215**
40.77.167.230 - - [13/Mar/2026:21:45:39 -0700] "GET /?e=117069092051970 HTTP/2.0" 301 1 "-" "Mozilla/5.0 AppleWebKit/537.36 (KHTML, like Gecko; compatible; bingbot/2.0; +http://www.bing.com/bingbot.htm) Chrome/116.0.1938.76 Safari/537.36" 901 **0/901452**
207.46.13.154 - - [13/Mar/2026:21:46:09 -0700] "GET /?e=19818080071970 HTTP/2.0" 301 1 "-" "Mozilla/5.0 AppleWebKit/537.36 (KHTML, like Gecko; compatible; bingbot/2.0; +http://www.bing.com/bingbot.htm) Chrome/116.0.1938.76 Safari/537.36" 753 **0/753633**
207.46.13.154 - - [13/Mar/2026:21:46:10 -0700] "GET /?e=10331418011970 HTTP/2.0" 301 1 "-" "Mozilla/5.0 AppleWebKit/537.36 (KHTML, like Gecko; compatible; bingbot/2.0; +http://www.bing.com/bingbot.htm) Chrome/116.0.1938.76 Safari/537.36" 633 **0/633875**
40.77.167.77 - - [13/Mar/2026:21:46:14 -0700] "GET /shop/storeSearch/KeepCriteriaInput.aspx?transition=top5263554042970 HTTP/2.0" 404 16339 "-" "Mozilla/5.0 AppleWebKit/537.36 (KHTML, like Gecko; compatible; bingbot/2.0; +http://www.bing.com/bingbot.htm) Chrome/116.0.1938.76 Safari/537.36" 930 **0/930668**
23.229.224.0 - - [13/Mar/2026:21:48:23 -0700] "POST /wp-cron.php?doing_wp_cron=1773463703.5090761184692382812500 HTTP/1.1" 200 - "-" "WordPress/6.9.4; https://sitepacket.com" 67 **0/67798**
66.249.73.169 - - [13/Mar/2026:21:48:22 -0700] "GET /?e=5246557011970 HTTP/1.1" 301 1 "-" "Mozilla/5.0 (Linux; Android 6.0.1; Nexus 5X Build/MMB29P) AppleWebKit/537.36 (KHTML, like Gecko) Chrome/145.0.7632.116 Mobile Safari/537.36 (compatible; Googlebot/2.1; +http://www.google.com/bot.html)" 779 **0/779095**
23.229.224.0 - - [13/Mar/2026:21:50:03 -0700] "GET /system/index.php/cron HTTP/1.1" 200 18 "-" "Wget/1.19.5 (linux-gnu)" 2029 **2/2029608**
23.229.224.0 - - [13/Mar/2026:21:51:41 -0700] "POST /wp-cron.php?doing_wp_cron=1773463901.2908809185028076171875 HTTP/1.1" 200 - "-" "WordPress/6.9.4; https://sitepacket.com" 66 **0/66705**
40.77.167.13 - - [13/Mar/2026:21:51:40 -0700] "GET /?e=5818134071970 HTTP/2.0" 301 1 "-" "Mozilla/5.0 AppleWebKit/537.36 (KHTML, like Gecko; compatible; bingbot/2.0; +http://www.bing.com/bingbot.htm) Chrome/116.0.1938.76 Safari/537.36" 775 **0/775840**
207.46.13.7 - - [13/Mar/2026:21:52:10 -0700] "GET /?e=30219208051970 HTTP/2.0" 301 1 "-" "Mozilla/5.0 AppleWebKit/537.36 (KHTML, like Gecko; compatible; bingbot/2.0; +http://www.bing.com/bingbot.htm) Chrome/116.0.1938.76 Safari/537.36" 854 **0/854785**
23.229.224.0 - - [13/Mar/2026:21:52:39 -0700] "POST /wp-cron.php?doing_wp_cron=1773463959.3046319484710693359375 HTTP/1.1" 200 - "-" "WordPress/6.9.4; https://sitepacket.com" 77 **0/77172**
207.46.13.231 - - [13/Mar/2026:21:52:38 -0700] "GET /robots.txt HTTP/2.0" 200 99 "-" "Mozilla/5.0 AppleWebKit/537.36 (KHTML, like Gecko; compatible; bingbot/2.0; +http://www.bing.com/bingbot.htm) Chrome/116.0.1938.76 Safari/537.36" 790 **0/790433**
40.77.167.77 - - [13/Mar/2026:21:52:39 -0700] "GET /?e=6888490061970 HTTP/2.0" 301 1 "-" "Mozilla/5.0 AppleWebKit/537.36 (KHTML, like Gecko; compatible; bingbot/2.0; +http://www.bing.com/bingbot.htm) Chrome/116.0.1938.76 Safari/537.36" 840 **0/840705**
40.77.167.77 - - [13/Mar/2026:21:52:41 -0700] "GET /?e=6557457111970 HTTP/2.0" 301 1 "-" "Mozilla/5.0 AppleWebKit/537.36 (KHTML, like Gecko; compatible; bingbot/2.0; +http://www.bing.com/bingbot.htm) Chrome/116.0.1938.76 Safari/537.36" 671 **0/671701**
40.77.167.77 - - [13/Mar/2026:21:52:42 -0700] "GET /?e=5003782141970 HTTP/2.0" 301 1 "-" "Mozilla/5.0 AppleWebKit/537.36 (KHTML, like Gecko; compatible; bingbot/2.0; +http://www.bing.com/bingbot.htm) Chrome/116.0.1938.76 Safari/537.36" 663 **0/663688**
40.77.167.13 - - [13/Mar/2026:21:52:51 -0700] "GET /?e=5629215101970 HTTP/2.0" 301 1 "-" "Mozilla/5.0 AppleWebKit/537.36 (KHTML, like Gecko; compatible; bingbot/2.0; +http://www.bing.com/bingbot.htm) Chrome/116.0.1938.76 Safari/537.36" 699 **0/699689**
40.77.167.13 - - [13/Mar/2026:21:52:52 -0700] "GET /?e=4733811061970 HTTP/2.0" 301 1 "-" "Mozilla/5.0 AppleWebKit/537.36 (KHTML, like Gecko; compatible; bingbot/2.0; +http://www.bing.com/bingbot.htm) Chrome/116.0.1938.76 Safari/537.36" 705 **0/705661**
186.48.198.87 - - [13/Mar/2026:21:53:14 -0700] "POST /xmlrpc.php HTTP/1.1" 200 447 "-" "Mozilla/5.0 (X11; Ubuntu; Linux x86_64; arm64) AppleWebKit/537.36 (KHTML, like Gecko) Opera/71.0.0.0 Safari/537.36" 1047 **1/1047010**
23.229.224.0 - - [13/Mar/2026:21:54:24 -0700] "POST /wp-cron.php?doing_wp_cron=1773464064.7832210063934326171875 HTTP/1.1" 200 - "-" "WordPress/6.9.4; https://sitepacket.com" 65 **0/65928**
40.77.167.13 - - [13/Mar/2026:21:54:24 -0700] "GET /?e=10540880031970 HTTP/2.0" 301 1 "-" "Mozilla/5.0 AppleWebKit/537.36 (KHTML, like Gecko; compatible; bingbot/2.0; +http://www.bing.com/bingbot.htm) Chrome/116.0.1938.76 Safari/537.36" 746 **0/746693**
23.229.224.0 - - [13/Mar/2026:21:54:30 -0700] "POST /wp-cron.php?doing_wp_cron=1773464070.2587440013885498046875 HTTP/1.1" 200 - "-" "WordPress/6.9.4; https://sitepacket.com" 83 **0/83089**
71.6.134.235 - - [13/Mar/2026:21:54:29 -0700] "GET / HTTP/1.1" 301 - "-" "Mozilla/5.0 (Windows NT 10.0; Win64; x64) AppleWebKit/537.36 (KHTML, like Gecko) Chrome/133.0.0.0 Safari/537.36" 889 **0/889483**
71.6.134.235 - - [13/Mar/2026:21:54:30 -0700] "GET / HTTP/1.1" 200 22782 "https://www.sitepacket.com/" "Mozilla/5.0 (Windows NT 10.0; Win64; x64) AppleWebKit/537.36 (KHTML, like Gecko) Chrome/133.0.0.0 Safari/537.36" 1035 **1/1035052**
23.229.224.0 - - [13/Mar/2026:21:54:54 -0700] "POST /wp-cron.php?doing_wp_cron=1773464094.0332329273223876953125 HTTP/1.1" 200 - "-" "WordPress/6.9.4; https://sitepacket.com" 74 **0/74425**
40.77.167.77 - - [13/Mar/2026:21:54:53 -0700] "GET /?e=5294473011970 HTTP/2.0" 301 1 "-" "Mozilla/5.0 AppleWebKit/537.36 (KHTML, like Gecko; compatible; bingbot/2.0; +http://www.bing.com/bingbot.htm) Chrome/116.0.1938.76 Safari/537.36" 746 **0/746107**
40.77.167.13 - - [13/Mar/2026:21:55:21 -0700] "GET /?e=30167455041970 HTTP/2.0" 301 1 "-" "Mozilla/5.0 AppleWebKit/537.36 (KHTML, like Gecko; compatible; bingbot/2.0; +http://www.bing.com/bingbot.htm) Chrome/116.0.1938.76 Safari/537.36" 785 **0/785391**
23.229.224.0 - - [13/Mar/2026:21:55:53 -0700] "POST /wp-cron.php?doing_wp_cron=1773464153.7583999633789062500000 HTTP/1.1" 200 - "-" "WordPress/6.9.4; https://sitepacket.com" 64 **0/64295**
40.77.167.13 - - [13/Mar/2026:21:55:53 -0700] "GET /?e=6875055041970 HTTP/2.0" 301 1 "-" "Mozilla/5.0 AppleWebKit/537.36 (KHTML, like Gecko; compatible; bingbot/2.0; +http://www.bing.com/bingbot.htm) Chrome/116.0.1938.76 Safari/537.36" 842 **0/842732**
66.249.73.168 - - [13/Mar/2026:21:55:58 -0700] "GET /product/category/34647858011970 HTTP/1.1" 404 16313 "-" "Mozilla/5.0 (Linux; Android 6.0.1; Nexus 5X Build/MMB29P) AppleWebKit/537.36 (KHTML, like Gecko) Chrome/145.0.7632.116 Mobile Safari/537.36 (compatible; Googlebot/2.1; +http://www.google.com/bot.html)" 816 **0/816503**
23.229.224.0 - - [13/Mar/2026:21:56:42 -0700] "POST /wp-cron.php?doing_wp_cron=1773464202.6650249958038330078125 HTTP/1.1" 200 - "-" "WordPress/6.9.4; https://sitepacket.com" 80 **0/80439**
40.77.167.77 - - [13/Mar/2026:21:56:41 -0700] "GET /shop/storeSearch/KeepCriteriaInput.aspx?transition=top24051156012970 HTTP/2.0" 404 16340 "-" "Mozilla/5.0 AppleWebKit/537.36 (KHTML, like Gecko; compatible; bingbot/2.0; +http://www.bing.com/bingbot.htm) Chrome/116.0.1938.76 Safari/537.36" 1025 **1/1025665**
40.77.167.77 - - [13/Mar/2026:21:56:56 -0700] "GET /?e=5326393071970 HTTP/2.0" 301 1 "-" "Mozilla/5.0 AppleWebKit/537.36 (KHTML, like Gecko; compatible; bingbot/2.0; +http://www.bing.com/bingbot.htm) Chrome/116.0.1938.76 Safari/537.36" 804 **0/804024**
186.48.198.87 - - [13/Mar/2026:21:57:03 -0700] "GET /wp-json/wp/v2/users HTTP/1.1" 401 108 "-" "Mozilla/4.0 (compatible; Win32; WinHttp.WinHttpRequest.5)" 946 **0/946972**
23.229.224.0 - - [13/Mar/2026:21:58:34 -0700] "POST /wp-cron.php?doing_wp_cron=1773464314.9073870182037353515625 HTTP/1.1" 200 - "-" "WordPress/6.9.4; https://sitepacket.com" 59 **0/59879**
186.48.198.87 - - [13/Mar/2026:21:58:34 -0700] "POST /xmlrpc.php HTTP/1.1" 200 447 "-" "Mozilla/5.0 (X11; Ubuntu; Linux x86_64; arm64) AppleWebKit/537.36 (KHTML, like Gecko) Opera/76.0.0.0 Safari/537.36" 718 **0/718460**
23.229.224.0 - - [13/Mar/2026:21:59:59 -0700] "POST /wp-cron.php?doing_wp_cron=1773464399.3664009571075439453125 HTTP/1.1" 200 - "-" "WordPress/6.9.4; https://sitepacket.com" 72 **0/72045**
186.48.198.87 - - [13/Mar/2026:21:59:58 -0700] "POST /xmlrpc.php HTTP/1.1" 200 447 "-" "Mozilla/5.0 (Windows NT 6.2; arm64) AppleWebKit/537.36 (KHTML, like Gecko) Opera/61.0.0.0 Safari/537.36" 719 **0/719665**
23.229.224.0 - - [13/Mar/2026:22:00:02 -0700] "GET /system/index.php/cron HTTP/1.1" 200 18 "-" "Wget/1.19.5 (linux-gnu)" 2307 **2/2307409**
23.229.224.0 - - [13/Mar/2026:22:01:15 -0700] "POST /wp-cron.php?doing_wp_cron=1773464475.4553740024566650390625 HTTP/1.1" 200 - "-" "WordPress/6.9.4; https://sitepacket.com" 71 **0/71255**
157.55.39.60 - - [13/Mar/2026:22:01:14 -0700] "GET /?e=100249893041970 HTTP/2.0" 301 1 "-" "Mozilla/5.0 AppleWebKit/537.36 (KHTML, like Gecko; compatible; bingbot/2.0; +http://www.bing.com/bingbot.htm) Chrome/116.0.1938.76 Safari/537.36" 837 **0/837187**
23.229.224.0 - - [13/Mar/2026:22:01:30 -0700] "POST /wp-cron.php?doing_wp_cron=1773464490.3199479579925537109375 HTTP/1.1" 200 - "-" "WordPress/6.9.4; https://sitepacket.com" 90 **0/90742**
186.48.198.87 - - [13/Mar/2026:22:01:29 -0700] "POST /xmlrpc.php HTTP/1.1" 200 447 "-" "Mozilla/5.0 (Windows NT 6.3; x86) AppleWebKit/537.36 (KHTML, like Gecko) Opera/65.0.0.0 Safari/537.36" 845 **0/845441**
23.229.224.0 - - [13/Mar/2026:22:02:01 -0700] "POST /wp-cron.php?doing_wp_cron=1773464521.7641429901123046875000 HTTP/1.1" 200 - "-" "WordPress/6.9.4; https://sitepacket.com" 100 **0/100612**
71.6.134.235 - - [13/Mar/2026:22:02:00 -0700] "GET /favicon.ico HTTP/2.0" 302 - "-" "Mozilla/5.0 (Windows NT 10.0; Win64; x64) AppleWebKit/537.36 (KHTML, like Gecko) Chrome/133.0.0.0 Safari/537.36" 1076 **1/1076625**
52.167.144.186 - - [13/Mar/2026:22:02:01 -0700] "GET /?e=10230769041970 HTTP/2.0" 301 1 "-" "Mozilla/5.0 AppleWebKit/537.36 (KHTML, like Gecko; compatible; bingbot/2.0; +http://www.bing.com/bingbot.htm) Chrome/116.0.1938.76 Safari/537.36" 981 **0/981135**
52.167.144.186 - - [13/Mar/2026:22:02:02 -0700] "GET /?e=31606261001970 HTTP/2.0" 301 1 "-" "Mozilla/5.0 AppleWebKit/537.36 (KHTML, like Gecko; compatible; bingbot/2.0; +http://www.bing.com/bingbot.htm) Chrome/116.0.1938.76 Safari/537.36" 844 **0/844471**
157.55.39.60 - - [13/Mar/2026:22:02:05 -0700] "GET /?e=10340493021970 HTTP/2.0" 301 1 "-" "Mozilla/5.0 AppleWebKit/537.36 (KHTML, like Gecko; compatible; bingbot/2.0; +http://www.bing.com/bingbot.htm) Chrome/116.0.1938.76 Safari/537.36" 750 **0/750284**
23.229.224.0 - - [13/Mar/2026:22:02:55 -0700] "POST /wp-cron.php?doing_wp_cron=1773464575.6010529994964599609375 HTTP/1.1" 200 - "-" "WordPress/6.9.4; https://sitepacket.com" 73 **0/73692**
186.48.198.87 - - [13/Mar/2026:22:02:54 -0700] "POST /xmlrpc.php HTTP/1.1" 200 447 "-" "Mozilla/5.0 (Windows NT 10.0; arm64) AppleWebKit/537.36 (KHTML, like Gecko) Opera/66.0.0.0 Safari/537.36" 837 **0/837467**
52.167.144.206 - - [13/Mar/2026:22:03:01 -0700] "GET /?e=10221304031970 HTTP/2.0" 301 1 "-" "Mozilla/5.0 AppleWebKit/537.36 (KHTML, like Gecko; compatible; bingbot/2.0; +http://www.bing.com/bingbot.htm) Chrome/116.0.1938.76 Safari/537.36" 916 **0/916136**
23.229.224.0 - - [13/Mar/2026:22:04:14 -0700] "POST /wp-cron.php?doing_wp_cron=1773464654.0885350704193115234375 HTTP/1.1" 200 - "-" "WordPress/6.9.4; https://sitepacket.com" 80 **0/80927**
186.48.198.87 - - [13/Mar/2026:22:04:13 -0700] "POST /xmlrpc.php HTTP/1.1" 200 447 "-" "Mozilla/5.0 (Macintosh; Intel Mac OS X 10_15_7; arm64) AppleWebKit/537.36 (KHTML, like Gecko) Chrome/94.0.0.0 Safari/537.36" 860 **0/860175**
23.229.224.0 - - [13/Mar/2026:22:04:41 -0700] "POST /wp-cron.php?doing_wp_cron=1773464681.6389861106872558593750 HTTP/1.1" 200 - "-" "WordPress/6.9.4; https://sitepacket.com" 77 **0/77863**
52.167.144.206 - - [13/Mar/2026:22:04:40 -0700] "GET /?e=10129292041970 HTTP/2.0" 301 1 "-" "Mozilla/5.0 AppleWebKit/537.36 (KHTML, like Gecko; compatible; bingbot/2.0; +http://www.bing.com/bingbot.htm) Chrome/116.0.1938.76 Safari/537.36" 866 **0/866430**
23.229.224.0 - - [13/Mar/2026:22:05:38 -0700] "POST /wp-cron.php?doing_wp_cron=1773464738.3657259941101074218750 HTTP/1.1" 200 - "-" "WordPress/6.9.4; https://sitepacket.com" 82 **0/82802**
186.48.198.87 - - [13/Mar/2026:22:05:37 -0700] "POST /xmlrpc.php HTTP/1.1" 200 447 "-" "Mozilla/5.0 (Windows NT 6.2; x86) AppleWebKit/537.36 (KHTML, like Gecko) Firefox/88.0.0.0 Safari/537.36" 922 **0/922112**
23.229.224.0 - - [13/Mar/2026:22:06:59 -0700] "POST /wp-cron.php?doing_wp_cron=1773464819.1132299900054931640625 HTTP/1.1" 200 - "-" "WordPress/6.9.4; https://sitepacket.com" 68 **0/68162**
186.48.198.87 - - [13/Mar/2026:22:06:58 -0700] "POST /xmlrpc.php HTTP/1.1" 200 447 "-" "Mozilla/5.0 (X11; Ubuntu; Linux x86_64; arm64) AppleWebKit/537.36 (KHTML, like Gecko) Chrome/85.0.0.0 Safari/537.36" 1101 **1/1101827**
23.229.224.0 - - [13/Mar/2026:22:08:23 -0700] "POST /wp-cron.php?doing_wp_cron=1773464903.0776879787445068359375 HTTP/1.1" 200 - "-" "WordPress/6.9.4; https://sitepacket.com" 62 **0/62426**
186.48.198.87 - - [13/Mar/2026:22:08:22 -0700] "POST /xmlrpc.php HTTP/1.1" 200 447 "-" "Mozilla/5.0 (X11; Ubuntu; Linux x86_64; x64) AppleWebKit/537.36 (KHTML, like Gecko) Safari/12.0.0.0 Safari/537.36" 678 **0/678595**
23.229.224.0 - - [13/Mar/2026:22:09:47 -0700] "POST /wp-cron.php?doing_wp_cron=1773464987.7192389965057373046875 HTTP/1.1" 200 - "-" "WordPress/6.9.4; https://sitepacket.com" 74 **0/74214**
186.48.198.87 - - [13/Mar/2026:22:09:47 -0700] "POST /xmlrpc.php HTTP/1.1" 200 447 "-" "Mozilla/5.0 (Macintosh; Intel Mac OS X 10_15_7; x64) AppleWebKit/537.36 (KHTML, like Gecko) Edge/80.0.0.0 Safari/537.36" 747 **0/747117**
23.229.224.0 - - [13/Mar/2026:22:10:01 -0700] "GET /system/index.php/cron HTTP/1.1" 200 18 "-" "Wget/1.19.5 (linux-gnu)" 2092 **2/2092740**
23.229.224.0 - - [13/Mar/2026:22:11:02 -0700] "POST /wp-cron.php?doing_wp_cron=1773465062.3315060138702392578125 HTTP/1.1" 200 - "-" "WordPress/6.9.4; https://sitepacket.com" 91 **0/91892**
186.48.198.87 - - [13/Mar/2026:22:11:01 -0700] "POST /xmlrpc.php HTTP/1.1" 200 447 "-" "Mozilla/5.0 (X11; Ubuntu; Linux x86_64; x64) AppleWebKit/537.36 (KHTML, like Gecko) Safari/13.0.0.0 Safari/537.36" 1062 **1/1062615**
23.229.224.0 - - [13/Mar/2026:22:12:12 -0700] "POST /wp-cron.php?doing_wp_cron=1773465132.5916390419006347656250 HTTP/1.1" 200 - "-" "WordPress/6.9.4; https://sitepacket.com" 58 **0/58183**
186.48.198.87 - - [13/Mar/2026:22:12:11 -0700] "POST /xmlrpc.php HTTP/1.1" 200 447 "-" "Mozilla/5.0 (Macintosh; Intel Mac OS X 10_15_7; arm64) AppleWebKit/537.36 (KHTML, like Gecko) Edge/83.0.0.0 Safari/537.36" 766 **0/766315**
23.229.224.0 - - [13/Mar/2026:22:13:17 -0700] "POST /wp-cron.php?doing_wp_cron=1773465197.1436738967895507812500 HTTP/1.1" 200 - "-" "WordPress/6.9.4; https://sitepacket.com" 64 **0/64719**
186.48.198.87 - - [13/Mar/2026:22:13:16 -0700] "POST /xmlrpc.php HTTP/1.1" 200 447 "-" "Mozilla/5.0 (Windows NT 10.0; x64) AppleWebKit/537.36 (KHTML, like Gecko) Edge/86.0.0.0 Safari/537.36" 718 **0/718805**
23.229.224.0 - - [13/Mar/2026:22:14:13 -0700] "POST /wp-cron.php?doing_wp_cron=1773465253.1842200756072998046875 HTTP/1.1" 200 - "-" "WordPress/6.9.4; https://sitepacket.com" 61 **0/61968**
186.48.198.87 - - [13/Mar/2026:22:14:12 -0700] "POST /xmlrpc.php HTTP/1.1" 200 447 "-" "Mozilla/5.0 (Windows NT 10.0; arm64) AppleWebKit/537.36 (KHTML, like Gecko) Edge/100.0.0.0 Safari/537.36" 717 **0/717688**
23.229.224.0 - - [13/Mar/2026:22:15:23 -0700] "POST /wp-cron.php?doing_wp_cron=1773465322.9746739864349365234375 HTTP/1.1" 200 - "-" "WordPress/6.9.4; https://sitepacket.com" 83 **0/83888**
186.48.198.87 - - [13/Mar/2026:22:15:21 -0700] "POST /xmlrpc.php HTTP/1.1" 200 447 "-" "Mozilla/5.0 (Windows NT 6.3; x64) AppleWebKit/537.36 (KHTML, like Gecko) Edge/97.0.0.0 Safari/537.36" 1357 **1/1357148**
23.229.224.0 - - [13/Mar/2026:22:16:32 -0700] "POST /wp-cron.php?doing_wp_cron=1773465392.1563570499420166015625 HTTP/1.1" 200 - "-" "WordPress/6.9.4; https://sitepacket.com" 70 **0/70474**
186.48.198.87 - - [13/Mar/2026:22:16:31 -0700] "POST /xmlrpc.php HTTP/1.1" 200 447 "-" "Mozilla/5.0 (Macintosh; Intel Mac OS X 10_15_7; x64) AppleWebKit/537.36 (KHTML, like Gecko) Safari/13.0.0.0 Safari/537.36" 675 **0/675985**
23.229.224.0 - - [13/Mar/2026:22:17:37 -0700] "POST /wp-cron.php?doing_wp_cron=1773465457.3080239295959472656250 HTTP/1.1" 200 - "-" "WordPress/6.9.4; https://sitepacket.com" 61 **0/61945**
186.48.198.87 - - [13/Mar/2026:22:17:36 -0700] "POST /xmlrpc.php HTTP/1.1" 200 447 "-" "Mozilla/5.0 (Windows NT 6.2; x64) AppleWebKit/537.36 (KHTML, like Gecko) Safari/13.0.0.0 Safari/537.36" 689 **0/689657**
186.48.198.87 - - [13/Mar/2026:22:18:25 -0700] "POST /xmlrpc.php HTTP/1.1" 200 447 "-" "Mozilla/5.0 (Windows NT 10.0; x64) AppleWebKit/537.36 (KHTML, like Gecko) Opera/79.0.0.0 Safari/537.36" 615 **0/615801**
23.229.224.0 - - [13/Mar/2026:22:19:10 -0700] "POST /wp-cron.php?doing_wp_cron=1773465550.0195760726928710937500 HTTP/1.1" 200 - "-" "WordPress/6.9.4; https://sitepacket.com" 82 **0/82291**
66.249.73.170 - - [13/Mar/2026:22:19:09 -0700] "GET /?e=102147080031970 HTTP/1.1" 301 1 "-" "Mozilla/5.0 (Linux; Android 6.0.1; Nexus 5X Build/MMB29P) AppleWebKit/537.36 (KHTML, like Gecko) Chrome/145.0.7632.116 Mobile Safari/537.36 (compatible; Googlebot/2.1; +http://www.google.com/bot.html)" 888 **0/888572**
66.249.73.169 - - [13/Mar/2026:22:19:10 -0700] "GET /?e=57267449011970 HTTP/1.1" 301 1 "-" "Mozilla/5.0 (Linux; Android 6.0.1; Nexus 5X Build/MMB29P) AppleWebKit/537.36 (KHTML, like Gecko) Chrome/145.0.7632.116 Mobile Safari/537.36 (compatible; Googlebot/2.1; +http://www.google.com/bot.html)" 725 **0/725329**
186.48.198.87 - - [13/Mar/2026:22:19:24 -0700] "POST /xmlrpc.php HTTP/1.1" 200 447 "-" "Mozilla/5.0 (Linux; Android 10; x64) AppleWebKit/537.36 (KHTML, like Gecko) Opera/74.0.0.0 Safari/537.36" 657 **0/657736**
23.229.224.0 - - [13/Mar/2026:22:20:02 -0700] "GET /system/index.php/cron HTTP/1.1" 200 18 "-" "Wget/1.19.5 (linux-gnu)" 1843 **1/1843400**
23.229.224.0 - - [13/Mar/2026:22:20:33 -0700] "POST /wp-cron.php?doing_wp_cron=1773465633.8006060123443603515625 HTTP/1.1" 200 - "-" "WordPress/6.9.4; https://sitepacket.com" 75 **0/75470**
186.48.198.87 - - [13/Mar/2026:22:20:33 -0700] "POST /xmlrpc.php HTTP/1.1" 200 447 "-" "Mozilla/5.0 (X11; Ubuntu; Linux x86_64; x86) AppleWebKit/537.36 (KHTML, like Gecko) Safari/11.0.0.0 Safari/537.36" 761 **0/761255**
52.167.144.206 - - [13/Mar/2026:22:21:12 -0700] "GET /?e=10186697081970 HTTP/2.0" 301 1 "-" "Mozilla/5.0 AppleWebKit/537.36 (KHTML, like Gecko; compatible; bingbot/2.0; +http://www.bing.com/bingbot.htm) Chrome/116.0.1938.76 Safari/537.36" 749 **0/749769**
23.229.224.0 - - [13/Mar/2026:22:21:32 -0700] "POST /wp-cron.php?doing_wp_cron=1773465692.7459800243377685546875 HTTP/1.1" 200 - "-" "WordPress/6.9.4; https://sitepacket.com" 57 **0/57809**
186.48.198.87 - - [13/Mar/2026:22:21:32 -0700] "POST /xmlrpc.php HTTP/1.1" 200 447 "-" "Mozilla/5.0 (Windows NT 6.2; x86) AppleWebKit/537.36 (KHTML, like Gecko) Edge/86.0.0.0 Safari/537.36" 655 **0/655463**
40.77.167.247 - - [13/Mar/2026:22:21:41 -0700] "GET /?e=10552790011970 HTTP/2.0" 301 1 "-" "Mozilla/5.0 AppleWebKit/537.36 (KHTML, like Gecko; compatible; bingbot/2.0; +http://www.bing.com/bingbot.htm) Chrome/116.0.1938.76 Safari/537.36" 593 **0/593287**
52.167.144.206 - - [13/Mar/2026:22:21:54 -0700] "GET /contents/event/kansyasai/5724419080970 HTTP/2.0" 404 16319 "-" "Mozilla/5.0 AppleWebKit/537.36 (KHTML, like Gecko; compatible; bingbot/2.0; +http://www.bing.com/bingbot.htm) Chrome/116.0.1938.76 Safari/537.36" 774 **0/774002**
23.229.224.0 - - [13/Mar/2026:22:22:25 -0700] "POST /wp-cron.php?doing_wp_cron=1773465745.6249740123748779296875 HTTP/1.1" 200 - "-" "WordPress/6.9.4; https://sitepacket.com" 63 **0/63928**
186.48.198.87 - - [13/Mar/2026:22:22:25 -0700] "POST /xmlrpc.php HTTP/1.1" 200 447 "-" "Mozilla/5.0 (X11; Ubuntu; Linux x86_64; x86) AppleWebKit/537.36 (KHTML, like Gecko) Safari/10.0.0.0 Safari/537.36" 623 **0/623612**
23.229.224.0 - - [13/Mar/2026:22:22:45 -0700] "POST /wp-cron.php?doing_wp_cron=1773465765.1160340309143066406250 HTTP/1.1" 200 - "-" "WordPress/6.9.4; https://sitepacket.com" 61 **0/61939**
40.77.167.247 - - [13/Mar/2026:22:22:44 -0700] "GET /?e=5253667071970 HTTP/2.0" 301 1 "-" "Mozilla/5.0 AppleWebKit/537.36 (KHTML, like Gecko; compatible; bingbot/2.0; +http://www.bing.com/bingbot.htm) Chrome/116.0.1938.76 Safari/537.36" 672 **0/672480**
157.55.39.62 - - [13/Mar/2026:22:23:11 -0700] "GET /?e=10239312011970 HTTP/2.0" 301 1 "-" "Mozilla/5.0 AppleWebKit/537.36 (KHTML, like Gecko; compatible; bingbot/2.0; +http://www.bing.com/bingbot.htm) Chrome/116.0.1938.76 Safari/537.36" 567 **0/567612**
23.229.224.0 - - [13/Mar/2026:22:23:39 -0700] "POST /wp-cron.php?doing_wp_cron=1773465819.4927649497985839843750 HTTP/1.1" 200 - "-" "WordPress/6.9.4; https://sitepacket.com" 55 **0/55439**
186.48.198.87 - - [13/Mar/2026:22:23:38 -0700] "POST /xmlrpc.php HTTP/1.1" 200 447 "-" "Mozilla/5.0 (Windows NT 6.2; x64) AppleWebKit/537.36 (KHTML, like Gecko) Chrome/110.0.0.0 Safari/537.36" 720 **0/720887**
157.55.39.62 - - [13/Mar/2026:22:23:40 -0700] "GET /?e=10547006001970 HTTP/2.0" 301 1 "-" "Mozilla/5.0 AppleWebKit/537.36 (KHTML, like Gecko; compatible; bingbot/2.0; +http://www.bing.com/bingbot.htm) Chrome/116.0.1938.76 Safari/537.36" 625 **0/625975**
52.167.144.206 - - [13/Mar/2026:22:24:13 -0700] "GET /?e=6816491071970 HTTP/2.0" 301 1 "-" "Mozilla/5.0 AppleWebKit/537.36 (KHTML, like Gecko; compatible; bingbot/2.0; +http://www.bing.com/bingbot.htm) Chrome/116.0.1938.76 Safari/537.36" 537 **0/537965**
23.229.224.0 - - [13/Mar/2026:22:24:27 -0700] "POST /wp-cron.php?doing_wp_cron=1773465867.7120490074157714843750 HTTP/1.1" 200 - "-" "WordPress/6.9.4; https://sitepacket.com" 67 **0/67023**
186.48.198.87 - - [13/Mar/2026:22:24:27 -0700] "POST /xmlrpc.php HTTP/1.1" 200 447 "-" "Mozilla/5.0 (X11; Ubuntu; Linux x86_64; x64) AppleWebKit/537.36 (KHTML, like Gecko) Opera/72.0.0.0 Safari/537.36" 680 **0/680565**
23.229.224.0 - - [13/Mar/2026:22:24:40 -0700] "POST /wp-cron.php?doing_wp_cron=1773465880.0688490867614746093750 HTTP/1.1" 200 - "-" "WordPress/6.9.4; https://sitepacket.com" 63 **0/63504**
157.55.39.62 - - [13/Mar/2026:22:24:39 -0700] "GET /?e=6808871071970 HTTP/2.0" 301 1 "-" "Mozilla/5.0 AppleWebKit/537.36 (KHTML, like Gecko; compatible; bingbot/2.0; +http://www.bing.com/bingbot.htm) Chrome/116.0.1938.76 Safari/537.36" 707 **0/707792**
23.229.224.0 - - [13/Mar/2026:22:25:27 -0700] "POST /wp-cron.php?doing_wp_cron=1773465927.0544500350952148437500 HTTP/1.1" 200 - "-" "WordPress/6.9.4; https://sitepacket.com" 68 **0/68580**
186.48.198.87 - - [13/Mar/2026:22:25:26 -0700] "POST /xmlrpc.php HTTP/1.1" 200 447 "-" "Mozilla/5.0 (Windows NT 10.0; arm64) AppleWebKit/537.36 (KHTML, like Gecko) Edge/85.0.0.0 Safari/537.36" 774 **0/774623**
157.55.39.62 - - [13/Mar/2026:22:25:49 -0700] "GET /?e=55168109061970 HTTP/2.0" 301 1 "-" "Mozilla/5.0 AppleWebKit/537.36 (KHTML, like Gecko; compatible; bingbot/2.0; +http://www.bing.com/bingbot.htm) Chrome/116.0.1938.76 Safari/537.36" 668 **0/668353**
186.48.198.87 - - [13/Mar/2026:22:26:21 -0700] "POST /xmlrpc.php HTTP/1.1" 200 447 "-" "Mozilla/5.0 (Windows NT 6.3; arm64) AppleWebKit/537.36 (KHTML, like Gecko) Firefox/70.0.0.0 Safari/537.36" 590 **0/590727**
23.229.224.0 - - [13/Mar/2026:22:27:36 -0700] "POST /wp-cron.php?doing_wp_cron=1773466056.8308730125427246093750 HTTP/1.1" 200 - "-" "WordPress/6.9.4; https://sitepacket.com" 67 **0/67681**
186.48.198.87 - - [13/Mar/2026:22:27:36 -0700] "POST /xmlrpc.php HTTP/1.1" 200 447 "-" "Mozilla/5.0 (Linux; Android 10; arm64) AppleWebKit/537.36 (KHTML, like Gecko) Opera/61.0.0.0 Safari/537.36" 697 **0/697343**
186.48.198.87 - - [13/Mar/2026:22:28:23 -0700] "POST /xmlrpc.php HTTP/1.1" 200 447 "-" "Mozilla/5.0 (Windows NT 6.2; x64) AppleWebKit/537.36 (KHTML, like Gecko) Chrome/115.0.0.0 Safari/537.36" 713 **0/713070**
23.229.224.0 - - [13/Mar/2026:22:29:33 -0700] "POST /wp-cron.php?doing_wp_cron=1773466173.4635369777679443359375 HTTP/1.1" 200 - "-" "WordPress/6.9.4; https://sitepacket.com" 66 **0/66392**
186.48.198.87 - - [13/Mar/2026:22:29:32 -0700] "POST /xmlrpc.php HTTP/1.1" 200 447 "-" "Mozilla/5.0 (X11; Ubuntu; Linux x86_64; x64) AppleWebKit/537.36 (KHTML, like Gecko) Safari/13.0.0.0 Safari/537.36" 660 **0/660003**
23.229.224.0 - - [13/Mar/2026:22:30:02 -0700] "GET /system/index.php/cron HTTP/1.1" 200 18 "-" "Wget/1.19.5 (linux-gnu)" 2055 **2/2055445**
23.229.224.0 - - [13/Mar/2026:22:30:13 -0700] "POST /wp-cron.php?doing_wp_cron=1773466213.8284308910369873046875 HTTP/1.1" 200 - "-" "WordPress/6.9.4; https://sitepacket.com" 86 **0/86750**
52.167.144.174 - - [13/Mar/2026:22:30:12 -0700] "GET /shop/storeSearch/KeepCriteriaInput.aspx?transition=top24024491052970 HTTP/2.0" 404 16340 "-" "Mozilla/5.0 AppleWebKit/537.36 (KHTML, like Gecko; compatible; bingbot/2.0; +http://www.bing.com/bingbot.htm) Chrome/116.0.1938.76 Safari/537.36" 1140 **1/1140256**
66.249.73.168 - - [13/Mar/2026:22:30:15 -0700] "GET /?e=57326925041970 HTTP/1.1" 301 1 "-" "Mozilla/5.0 (Linux; Android 6.0.1; Nexus 5X Build/MMB29P) AppleWebKit/537.36 (KHTML, like Gecko) Chrome/145.0.7632.116 Mobile Safari/537.36 (compatible; Googlebot/2.1; +http://www.google.com/bot.html)" 726 **0/726732**
23.229.224.0 - - [13/Mar/2026:22:30:28 -0700] "POST /wp-cron.php?doing_wp_cron=1773466228.4336340427398681640625 HTTP/1.1" 200 - "-" "WordPress/6.9.4; https://sitepacket.com" 77 **0/77004**
186.48.198.87 - - [13/Mar/2026:22:30:27 -0700] "POST /xmlrpc.php HTTP/1.1" 200 447 "-" "Mozilla/5.0 (Windows NT 10.0; arm64) AppleWebKit/537.36 (KHTML, like Gecko) Safari/11.0.0.0 Safari/537.36" 902 **0/902035**
23.229.224.0 - - [13/Mar/2026:22:31:28 -0700] "POST /wp-cron.php?doing_wp_cron=1773466288.1762270927429199218750 HTTP/1.1" 200 - "-" "WordPress/6.9.4; https://sitepacket.com" 65 **0/65386**
186.48.198.87 - - [13/Mar/2026:22:31:27 -0700] "POST /xmlrpc.php HTTP/1.1" 200 447 "-" "Mozilla/5.0 (Macintosh; Intel Mac OS X 10_15_7; arm64) AppleWebKit/537.36 (KHTML, like Gecko) Safari/12.0.0.0 Safari/537.36" 785 **0/785051**
52.167.144.174 - - [13/Mar/2026:22:31:35 -0700] "GET /contents/event/kansyasai/6217862140970 HTTP/2.0" 404 16319 "-" "Mozilla/5.0 AppleWebKit/537.36 (KHTML, like Gecko; compatible; bingbot/2.0; +http://www.bing.com/bingbot.htm) Chrome/116.0.1938.76 Safari/537.36" 843 **0/843048**
52.167.144.174 - - [13/Mar/2026:22:32:08 -0700] "GET /?e=5860138011970 HTTP/2.0" 301 1 "-" "Mozilla/5.0 AppleWebKit/537.36 (KHTML, like Gecko; compatible; bingbot/2.0; +http://www.bing.com/bingbot.htm) Chrome/116.0.1938.76 Safari/537.36" 752 **0/752343**
23.229.224.0 - - [13/Mar/2026:22:32:27 -0700] "POST /wp-cron.php?doing_wp_cron=1773466347.5213820934295654296875 HTTP/1.1" 200 - "-" "WordPress/6.9.4; https://sitepacket.com" 75 **0/75078**
40.77.167.14 - - [13/Mar/2026:22:32:26 -0700] "GET /?e=6539117091970 HTTP/2.0" 301 1 "-" "Mozilla/5.0 AppleWebKit/537.36 (KHTML, like Gecko; compatible; bingbot/2.0; +http://www.bing.com/bingbot.htm) Chrome/116.0.1938.76 Safari/537.36" 812 **0/812517**
157.55.39.62 - - [13/Mar/2026:22:32:31 -0700] "GET /?e=10230319131970 HTTP/2.0" 301 1 "-" "Mozilla/5.0 AppleWebKit/537.36 (KHTML, like Gecko; compatible; bingbot/2.0; +http://www.bing.com/bingbot.htm) Chrome/116.0.1938.76 Safari/537.36" 706 **0/706993**
186.48.198.87 - - [13/Mar/2026:22:32:33 -0700] "POST /xmlrpc.php HTTP/1.1" 200 447 "-" "Mozilla/5.0 (Windows NT 10.0; arm64) AppleWebKit/537.36 (KHTML, like Gecko) Chrome/91.0.0.0 Safari/537.36" 743 **0/743867**
52.167.144.174 - - [13/Mar/2026:22:32:39 -0700] "GET /?e=31561575001970 HTTP/2.0" 301 1 "-" "Mozilla/5.0 AppleWebKit/537.36 (KHTML, like Gecko; compatible; bingbot/2.0; +http://www.bing.com/bingbot.htm) Chrome/116.0.1938.76 Safari/537.36" 649 **0/649131**
157.55.39.62 - - [13/Mar/2026:22:32:56 -0700] "GET /?e=24137958001970 HTTP/2.0" 301 1 "-" "Mozilla/5.0 AppleWebKit/537.36 (KHTML, like Gecko; compatible; bingbot/2.0; +http://www.bing.com/bingbot.htm) Chrome/116.0.1938.76 Safari/537.36" 579 **0/579007**
40.77.167.14 - - [13/Mar/2026:22:33:06 -0700] "GET /?e=14846575021970 HTTP/2.0" 301 1 "-" "Mozilla/5.0 AppleWebKit/537.36 (KHTML, like Gecko; compatible; bingbot/2.0; +http://www.bing.com/bingbot.htm) Chrome/116.0.1938.76 Safari/537.36" 619 **0/619930**
40.77.167.14 - - [13/Mar/2026:22:33:08 -0700] "GET /?e=5087201121970 HTTP/2.0" 301 1 "-" "Mozilla/5.0 AppleWebKit/537.36 (KHTML, like Gecko; compatible; bingbot/2.0; +http://www.bing.com/bingbot.htm) Chrome/116.0.1938.76 Safari/537.36" 627 **0/627375**
186.48.198.87 - - [13/Mar/2026:22:33:23 -0700] "POST /xmlrpc.php HTTP/1.1" 200 447 "-" "Mozilla/5.0 (Windows NT 6.3; arm64) AppleWebKit/537.36 (KHTML, like Gecko) Edge/95.0.0.0 Safari/537.36" 589 **0/589025**
23.229.224.0 - - [13/Mar/2026:22:33:48 -0700] "POST /wp-cron.php?doing_wp_cron=1773466428.8587799072265625000000 HTTP/1.1" 200 - "-" "WordPress/6.9.4; https://sitepacket.com" 77 **0/77007**
40.77.167.14 - - [13/Mar/2026:22:33:48 -0700] "GET /?e=10412655071970 HTTP/2.0" 301 1 "-" "Mozilla/5.0 AppleWebKit/537.36 (KHTML, like Gecko; compatible; bingbot/2.0; +http://www.bing.com/bingbot.htm) Chrome/116.0.1938.76 Safari/537.36" 711 **0/711568**
52.167.144.174 - - [13/Mar/2026:22:33:58 -0700] "GET /?e=6483337001970 HTTP/2.0" 301 1 "-" "Mozilla/5.0 AppleWebKit/537.36 (KHTML, like Gecko; compatible; bingbot/2.0; +http://www.bing.com/bingbot.htm) Chrome/116.0.1938.76 Safari/537.36" 668 **0/668829**
52.167.144.174 - - [13/Mar/2026:22:34:00 -0700] "GET /?e=5737531011970 HTTP/2.0" 301 1 "-" "Mozilla/5.0 AppleWebKit/537.36 (KHTML, like Gecko; compatible; bingbot/2.0; +http://www.bing.com/bingbot.htm) Chrome/116.0.1938.76 Safari/537.36" 689 **0/689057**
157.55.39.62 - - [13/Mar/2026:22:34:03 -0700] "GET /?e=31676893021970 HTTP/2.0" 301 1 "-" "Mozilla/5.0 AppleWebKit/537.36 (KHTML, like Gecko; compatible; bingbot/2.0; +http://www.bing.com/bingbot.htm) Chrome/116.0.1938.76 Safari/537.36" 779 **0/779152**
23.229.224.0 - - [13/Mar/2026:22:34:24 -0700] "POST /wp-cron.php?doing_wp_cron=1773466464.0183041095733642578125 HTTP/1.1" 200 - "-" "WordPress/6.9.4; https://sitepacket.com" 69 **0/69336**
186.48.198.87 - - [13/Mar/2026:22:34:23 -0700] "POST /xmlrpc.php HTTP/1.1" 200 447 "-" "Mozilla/5.0 (Linux; Android 10; arm64) AppleWebKit/537.36 (KHTML, like Gecko) Opera/68.0.0.0 Safari/537.36" 762 **0/762709**
23.229.224.0 - - [13/Mar/2026:22:35:05 -0700] "POST /wp-cron.php?doing_wp_cron=1773466505.7741310596466064453125 HTTP/1.1" 200 - "-" "WordPress/6.9.4; https://sitepacket.com" 85 **0/85504**
40.77.167.14 - - [13/Mar/2026:22:35:04 -0700] "GET /?e=6513291091970 HTTP/2.0" 301 1 "-" "Mozilla/5.0 AppleWebKit/537.36 (KHTML, like Gecko; compatible; bingbot/2.0; +http://www.bing.com/bingbot.htm) Chrome/116.0.1938.76 Safari/537.36" 1202 **1/1202683**
23.229.224.0 - - [13/Mar/2026:22:35:35 -0700] "POST /wp-cron.php?doing_wp_cron=1773466535.2198879718780517578125 HTTP/1.1" 200 - "-" "WordPress/6.9.4; https://sitepacket.com" 69 **0/69894**
186.48.198.87 - - [13/Mar/2026:22:35:34 -0700] "POST /xmlrpc.php HTTP/1.1" 200 447 "-" "Mozilla/5.0 (Windows NT 10.0; arm64) AppleWebKit/537.36 (KHTML, like Gecko) Chrome/113.0.0.0 Safari/537.36" 761 **0/761613**
66.249.73.169 - - [13/Mar/2026:22:36:23 -0700] "GET /product/review/30640171001970 HTTP/1.1" 404 16311 "-" "Mozilla/5.0 (Linux; Android 6.0.1; Nexus 5X Build/MMB29P) AppleWebKit/537.36 (KHTML, like Gecko) Chrome/145.0.7632.116 Mobile Safari/537.36 (compatible; Googlebot/2.1; +http://www.google.com/bot.html)" 790 **0/790820**
186.48.198.87 - - [13/Mar/2026:22:36:24 -0700] "POST /xmlrpc.php HTTP/1.1" 200 447 "-" "Mozilla/5.0 (Linux; Android 10; arm64) AppleWebKit/537.36 (KHTML, like Gecko) Safari/12.0.0.0 Safari/537.36" 600 **0/600061**
23.229.224.0 - - [13/Mar/2026:22:36:29 -0700] "POST /wp-cron.php?doing_wp_cron=1773466588.9994399547576904296875 HTTP/1.1" 200 - "-" "WordPress/6.9.4; https://sitepacket.com" 63 **0/63790**
66.249.73.169 - - [13/Mar/2026:22:36:28 -0700] "GET /?e=30033058031970 HTTP/1.1" 301 1 "-" "Mozilla/5.0 (Linux; Android 6.0.1; Nexus 5X Build/MMB29P) AppleWebKit/537.36 (KHTML, like Gecko) Chrome/145.0.7632.116 Mobile Safari/537.36 (compatible; Googlebot/2.1; +http://www.google.com/bot.html)" 738 **0/738468**
23.229.224.0 - - [13/Mar/2026:22:37:35 -0700] "POST /wp-cron.php?doing_wp_cron=1773466655.7200779914855957031250 HTTP/1.1" 200 - "-" "WordPress/6.9.4; https://sitepacket.com" 81 **0/81550**
186.48.198.87 - - [13/Mar/2026:22:37:35 -0700] "POST /xmlrpc.php HTTP/1.1" 200 447 "-" "Mozilla/5.0 (Macintosh; Intel Mac OS X 10_15_7; arm64) AppleWebKit/537.36 (KHTML, like Gecko) Chrome/105.0.0.0 Safari/537.36" 813 **0/813533**
23.229.224.0 - - [13/Mar/2026:22:38:34 -0700] "POST /wp-cron.php?doing_wp_cron=1773466714.5231440067291259765625 HTTP/1.1" 200 - "-" "WordPress/6.9.4; https://sitepacket.com" 80 **0/80940**
186.48.198.87 - - [13/Mar/2026:22:38:33 -0700] "POST /xmlrpc.php HTTP/1.1" 200 447 "-" "Mozilla/5.0 (Linux; Android 10; x86) AppleWebKit/537.36 (KHTML, like Gecko) Firefox/86.0.0.0 Safari/537.36" 750 **0/750209**
40.77.167.14 - - [13/Mar/2026:22:38:54 -0700] "GET /?e=6824441001970 HTTP/2.0" 301 1 "-" "Mozilla/5.0 AppleWebKit/537.36 (KHTML, like Gecko; compatible; bingbot/2.0; +http://www.bing.com/bingbot.htm) Chrome/116.0.1938.76 Safari/537.36" 655 **0/655246**
186.48.198.87 - - [13/Mar/2026:22:39:24 -0700] "POST /xmlrpc.php HTTP/1.1" 200 447 "-" "Mozilla/5.0 (X11; Ubuntu; Linux x86_64; x64) AppleWebKit/537.36 (KHTML, like Gecko) Safari/10.0.0.0 Safari/537.36" 655 **0/655373**
23.229.224.0 - - [13/Mar/2026:22:40:03 -0700] "POST /system/index.php/notification_processor/create_notification HTTP/2.0" 200 - "-" "-" 555 **0/555852**
23.229.224.0 - - [13/Mar/2026:22:40:04 -0700] "POST /system/index.php/notification_processor/create_notification HTTP/2.0" 200 - "-" "-" 361 **0/361620**
