104.28.164.140 - - [13/Mar/2026:07:18:07 -0700] "POST /xmlrpc.php HTTP/1.1" 200 403 "-" "Mozilla/5.0 (Linux; Android 10; arm64) AppleWebKit/537.36 (KHTML, like Gecko) Edge/94.0.0.0 Safari/537.36" 1363 **1/1363197**
23.229.224.0 - - [13/Mar/2026:07:19:03 -0700] "POST /wp-cron.php?doing_wp_cron=1773411543.4471869468688964843750 HTTP/1.1" 200 - "-" "WordPress/6.9.4; https://sitepacket.com" 182 **0/182044**
181.224.94.124 - - [13/Mar/2026:07:19:02 -0700] "POST /xmlrpc.php HTTP/1.1" 200 448 "-" "Mozilla/5.0 (Macintosh; Intel Mac OS X 10_15_7; x86) AppleWebKit/537.36 (KHTML, like Gecko) Opera/68.0.0.0 Safari/537.36" 1789 **1/1789989**
74.7.227.150 - - [13/Mar/2026:07:19:02 -0700] "GET /sitemap_index.xml HTTP/2.0" 200 234 "-" "Mozilla/5.0 AppleWebKit/537.36 (KHTML, like Gecko; compatible; GPTBot/1.3; +https://openai.com/gptbot)" 1825 **1/1825135**
104.28.164.140 - - [13/Mar/2026:07:19:03 -0700] "POST /xmlrpc.php HTTP/1.1" 200 403 "-" "Mozilla/5.0 (Macintosh; Intel Mac OS X 10_15_7; x64) AppleWebKit/537.36 (KHTML, like Gecko) Safari/15.0.0.0 Safari/537.36" 2412 **2/2412318**
40.77.167.41 - - [13/Mar/2026:07:19:05 -0700] "GET /?e=30180147061970 HTTP/2.0" 301 1 "-" "Mozilla/5.0 AppleWebKit/537.36 (KHTML, like Gecko; compatible; bingbot/2.0; +http://www.bing.com/bingbot.htm) Chrome/116.0.1938.76 Safari/537.36" 1140 **1/1140782**
74.7.228.56 - - [13/Mar/2026:07:19:02 -0700] "GET /robots.txt HTTP/2.0" 200 99 "-" "Mozilla/5.0 (Macintosh; Intel Mac OS X 10_15_7) AppleWebKit/537.36 (KHTML, like Gecko) Chrome/131.0.0.0 Safari/537.36; compatible; OAI-SearchBot/1.3; robots.txt; +https://openai.com/searchbot" 6429 **6/6429722**
40.77.167.41 - - [13/Mar/2026:07:19:15 -0700] "GET /?e=108636448031970 HTTP/2.0" 301 1 "-" "Mozilla/5.0 AppleWebKit/537.36 (KHTML, like Gecko; compatible; bingbot/2.0; +http://www.bing.com/bingbot.htm) Chrome/116.0.1938.76 Safari/537.36" 850 **0/850233**
223.235.101.154 - - [13/Mar/2026:07:19:16 -0700] "POST /xmlrpc.php HTTP/1.1" 200 449 "-" "Mozilla/5.0 (Macintosh; Intel Mac OS X 10_15_7; x64) AppleWebKit/537.36 (KHTML, like Gecko) Safari/14.0.0.0 Safari/537.36" 873 **0/873399**
23.229.224.0 - - [13/Mar/2026:07:19:28 -0700] "POST /wp-cron.php?doing_wp_cron=1773411568.6058719158172607421875 HTTP/1.1" 200 - "-" "WordPress/6.9.4; https://sitepacket.com" 76 **0/76183**
40.77.167.155 - - [13/Mar/2026:07:19:27 -0700] "GET /?e=6520376011970 HTTP/2.0" 301 1 "-" "Mozilla/5.0 AppleWebKit/537.36 (KHTML, like Gecko; compatible; bingbot/2.0; +http://www.bing.com/bingbot.htm) Chrome/116.0.1938.76 Safari/537.36" 865 **0/865973**
23.229.224.0 - - [13/Mar/2026:07:19:40 -0700] "POST /wp-cron.php?doing_wp_cron=1773411580.8843450546264648437500 HTTP/1.1" 200 - "-" "WordPress/6.9.4; https://sitepacket.com" 95 **0/95451**
154.205.9.196 - - [13/Mar/2026:07:19:39 -0700] "GET / HTTP/1.1" 200 129481 "-" "googlebot" 1302 **1/1302137**
154.205.9.196 - - [13/Mar/2026:07:19:43 -0700] "GET /wp-json/wp/v2/users/ HTTP/1.1" 401 108 "-" "Mozilla/5.0 (Windows NT 10.0; Win64; x64; rv:146.0) Gecko/20100101 Firefox/146.0" 918 **0/918710**
23.229.224.0 - - [13/Mar/2026:07:20:02 -0700] "GET /system/index.php/cron HTTP/1.1" 200 18 "-" "Wget/1.19.5 (linux-gnu)" 3625 **3/3625740**
40.77.167.155 - - [13/Mar/2026:07:20:07 -0700] "GET /?e=10581963071970 HTTP/2.0" 301 1 "-" "Mozilla/5.0 AppleWebKit/537.36 (KHTML, like Gecko; compatible; bingbot/2.0; +http://www.bing.com/bingbot.htm) Chrome/116.0.1938.76 Safari/537.36" 1725 **1/1725232**
181.224.94.124 - - [13/Mar/2026:07:20:12 -0700] "POST /xmlrpc.php HTTP/1.1" 200 448 "-" "Mozilla/5.0 (Linux; Android 10; x86) AppleWebKit/537.36 (KHTML, like Gecko) Chrome/91.0.0.0 Safari/537.36" 1266 **1/1266450**
40.77.167.41 - - [13/Mar/2026:07:20:15 -0700] "GET /?e=10201216031970 HTTP/2.0" 301 1 "-" "Mozilla/5.0 AppleWebKit/537.36 (KHTML, like Gecko; compatible; bingbot/2.0; +http://www.bing.com/bingbot.htm) Chrome/116.0.1938.76 Safari/537.36" 1319 **1/1319730**
40.77.167.41 - - [13/Mar/2026:07:20:17 -0700] "GET /?e=5087831051970 HTTP/2.0" 301 1 "-" "Mozilla/5.0 AppleWebKit/537.36 (KHTML, like Gecko; compatible; bingbot/2.0; +http://www.bing.com/bingbot.htm) Chrome/116.0.1938.76 Safari/537.36" 934 **0/934112**
104.28.164.140 - - [13/Mar/2026:07:20:17 -0700] "POST /xmlrpc.php HTTP/1.1" 503 18947 "-" "Mozilla/5.0 (Windows NT 6.2; x86) AppleWebKit/537.36 (KHTML, like Gecko) Safari/10.0.0.0 Safari/537.36" 1377 **1/1377320**
23.229.224.0 - - [13/Mar/2026:07:20:33 -0700] "POST /wp-cron.php?doing_wp_cron=1773411633.8265609741210937500000 HTTP/1.1" 200 - "-" "WordPress/6.9.4; https://sitepacket.com" 107 **0/107423**
223.235.101.154 - - [13/Mar/2026:07:20:33 -0700] "POST /xmlrpc.php HTTP/1.1" 200 449 "-" "Mozilla/5.0 (Linux; Android 10; arm64) AppleWebKit/537.36 (KHTML, like Gecko) Edge/99.0.0.0 Safari/537.36" 934 **0/934224**
207.46.13.17 - - [13/Mar/2026:07:20:33 -0700] "GET /?e=10279032021970 HTTP/2.0" 301 1 "-" "Mozilla/5.0 AppleWebKit/537.36 (KHTML, like Gecko; compatible; bingbot/2.0; +http://www.bing.com/bingbot.htm) Chrome/116.0.1938.76 Safari/537.36" 851 **0/851017**
40.77.167.41 - - [13/Mar/2026:07:20:38 -0700] "GET /?e=10445658001970 HTTP/2.0" 301 1 "-" "Mozilla/5.0 AppleWebKit/537.36 (KHTML, like Gecko; compatible; bingbot/2.0; +http://www.bing.com/bingbot.htm) Chrome/116.0.1938.76 Safari/537.36" 1138 **1/1138660**
104.28.164.140 - - [13/Mar/2026:07:21:14 -0700] "POST /xmlrpc.php HTTP/1.1" 503 18034 "-" "Mozilla/5.0 (Linux; Android 10; x64) AppleWebKit/537.36 (KHTML, like Gecko) Edge/95.0.0.0 Safari/537.36" 114 **0/114986**
23.229.224.0 - - [13/Mar/2026:07:21:23 -0700] "POST /wp-cron.php?doing_wp_cron=1773411683.7721319198608398437500 HTTP/1.1" 200 - "-" "WordPress/6.9.4; https://sitepacket.com" 85 **0/85597**
23.229.224.0 - - [13/Mar/2026:07:21:23 -0700] "POST /?wordfence_syncAttackData=1773411683.0441 HTTP/1.1" 200 - "-" "WordPress/6.9.4; https://sitepacket.com" 845 **0/845285**
181.224.94.124 - - [13/Mar/2026:07:21:22 -0700] "POST /xmlrpc.php HTTP/1.1" 200 448 "-" "Mozilla/5.0 (X11; Ubuntu; Linux x86_64; x86) AppleWebKit/537.36 (KHTML, like Gecko) Opera/80.0.0.0 Safari/537.36" 1879 **1/1879090**
23.229.224.0 - - [13/Mar/2026:07:21:48 -0700] "POST /wp-cron.php?doing_wp_cron=1773411708.6144850254058837890625 HTTP/1.1" 200 - "-" "WordPress/6.9.4; https://sitepacket.com" 79 **0/79533**
223.235.101.154 - - [13/Mar/2026:07:21:47 -0700] "POST /xmlrpc.php HTTP/1.1" 200 449 "-" "Mozilla/5.0 (Macintosh; Intel Mac OS X 10_15_7; arm64) AppleWebKit/537.36 (KHTML, like Gecko) Firefox/93.0.0.0 Safari/537.36" 916 **0/916844**
23.229.224.0 - - [13/Mar/2026:07:22:38 -0700] "POST /wp-cron.php?doing_wp_cron=1773411758.1982560157775878906250 HTTP/1.1" 200 - "-" "WordPress/6.9.4; https://sitepacket.com" 72 **0/72594**
40.77.167.41 - - [13/Mar/2026:07:22:37 -0700] "GET /shop/storeSearch/KeepCriteriaInput.aspx?transition=top5941361042970 HTTP/2.0" 404 16339 "-" "Mozilla/5.0 AppleWebKit/537.36 (KHTML, like Gecko; compatible; bingbot/2.0; +http://www.bing.com/bingbot.htm) Chrome/116.0.1938.76 Safari/537.36" 1178 **1/1178831**
181.224.94.124 - - [13/Mar/2026:07:22:39 -0700] "POST /xmlrpc.php HTTP/1.1" 200 448 "-" "Mozilla/5.0 (Windows NT 6.2; x86) AppleWebKit/537.36 (KHTML, like Gecko) Chrome/97.0.0.0 Safari/537.36" 622 **0/622874**
40.77.167.155 - - [13/Mar/2026:07:22:42 -0700] "GET /shop/storeSearch/KeepCriteriaInput.aspx?transition=top10209934022970 HTTP/2.0" 404 16340 "-" "Mozilla/5.0 AppleWebKit/537.36 (KHTML, like Gecko; compatible; bingbot/2.0; +http://www.bing.com/bingbot.htm) Chrome/116.0.1938.76 Safari/537.36" 814 **0/814491**
40.77.167.155 - - [13/Mar/2026:07:22:43 -0700] "GET /?e=6405283041970 HTTP/2.0" 301 1 "-" "Mozilla/5.0 AppleWebKit/537.36 (KHTML, like Gecko; compatible; bingbot/2.0; +http://www.bing.com/bingbot.htm) Chrome/116.0.1938.76 Safari/537.36" 756 **0/756254**
157.55.39.53 - - [13/Mar/2026:07:22:48 -0700] "GET /?e=5359948021970 HTTP/2.0" 301 1 "-" "Mozilla/5.0 AppleWebKit/537.36 (KHTML, like Gecko; compatible; bingbot/2.0; +http://www.bing.com/bingbot.htm) Chrome/116.0.1938.76 Safari/537.36" 624 **0/624433**
40.77.167.41 - - [13/Mar/2026:07:23:06 -0700] "GET /contents/event/kansyasai/6223901060970 HTTP/2.0" 404 16319 "-" "Mozilla/5.0 AppleWebKit/537.36 (KHTML, like Gecko; compatible; bingbot/2.0; +http://www.bing.com/bingbot.htm) Chrome/116.0.1938.76 Safari/537.36" 868 **0/868340**
223.235.101.154 - - [13/Mar/2026:07:23:07 -0700] "POST /xmlrpc.php HTTP/1.1" 200 449 "-" "Mozilla/5.0 (Windows NT 6.3; arm64) AppleWebKit/537.36 (KHTML, like Gecko) Safari/12.0.0.0 Safari/537.36" 636 **0/636600**
23.229.224.0 - - [13/Mar/2026:07:23:36 -0700] "POST /wp-cron.php?doing_wp_cron=1773411816.7009549140930175781250 HTTP/1.1" 200 - "-" "WordPress/6.9.4; https://sitepacket.com" 78 **0/78679**
40.77.167.41 - - [13/Mar/2026:07:23:35 -0700] "GET /?e=108706639131970 HTTP/2.0" 301 1 "-" "Mozilla/5.0 AppleWebKit/537.36 (KHTML, like Gecko; compatible; bingbot/2.0; +http://www.bing.com/bingbot.htm) Chrome/116.0.1938.76 Safari/537.36" 913 **0/913282**
181.224.94.124 - - [13/Mar/2026:07:23:50 -0700] "POST /xmlrpc.php HTTP/1.1" 200 448 "-" "Mozilla/5.0 (Windows NT 6.3; x86) AppleWebKit/537.36 (KHTML, like Gecko) Edge/88.0.0.0 Safari/537.36" 608 **0/608837**
157.55.39.53 - - [13/Mar/2026:07:24:07 -0700] "GET /shop/storeSearch/KeepCriteriaInput.aspx?transition=top6120033072970 HTTP/2.0" 404 16339 "-" "Mozilla/5.0 AppleWebKit/537.36 (KHTML, like Gecko; compatible; bingbot/2.0; +http://www.bing.com/bingbot.htm) Chrome/116.0.1938.76 Safari/537.36" 926 **0/926292**
40.77.167.155 - - [13/Mar/2026:07:24:20 -0700] "GET /?e=23900701011970 HTTP/2.0" 301 1 "-" "Mozilla/5.0 AppleWebKit/537.36 (KHTML, like Gecko; compatible; bingbot/2.0; +http://www.bing.com/bingbot.htm) Chrome/116.0.1938.76 Safari/537.36" 766 **0/766100**
23.229.224.0 - - [13/Mar/2026:07:24:30 -0700] "POST /wp-cron.php?doing_wp_cron=1773411870.3430140018463134765625 HTTP/1.1" 200 - "-" "WordPress/6.9.4; https://sitepacket.com" 75 **0/75524**
223.235.101.154 - - [13/Mar/2026:07:24:29 -0700] "POST /xmlrpc.php HTTP/1.1" 200 449 "-" "Mozilla/5.0 (Linux; Android 10; x64) AppleWebKit/537.36 (KHTML, like Gecko) Safari/11.0.0.0 Safari/537.36" 718 **0/718575**
23.229.224.0 - - [13/Mar/2026:07:24:39 -0700] "POST /wp-cron.php?doing_wp_cron=1773411879.7781529426574707031250 HTTP/1.1" 200 - "-" "WordPress/6.9.4; https://sitepacket.com" 66 **0/66661**
40.77.167.155 - - [13/Mar/2026:07:24:39 -0700] "GET /?e=10314213071970 HTTP/2.0" 301 1 "-" "Mozilla/5.0 AppleWebKit/537.36 (KHTML, like Gecko; compatible; bingbot/2.0; +http://www.bing.com/bingbot.htm) Chrome/116.0.1938.76 Safari/537.36" 888 **0/888478**
66.249.73.168 - - [13/Mar/2026:07:24:52 -0700] "GET /?e=98921644021970 HTTP/1.1" 301 1 "-" "Mozilla/5.0 (Linux; Android 6.0.1; Nexus 5X Build/MMB29P) AppleWebKit/537.36 (KHTML, like Gecko) Chrome/145.0.7632.116 Mobile Safari/537.36 (compatible; Googlebot/2.1; +http://www.google.com/bot.html)" 623 **0/623644**
181.224.94.124 - - [13/Mar/2026:07:24:59 -0700] "POST /xmlrpc.php HTTP/1.1" 200 448 "-" "Mozilla/5.0 (Windows NT 6.2; arm64) AppleWebKit/537.36 (KHTML, like Gecko) Safari/12.0.0.0 Safari/537.36" 1428 **1/1428271**
23.229.224.0 - - [13/Mar/2026:07:25:33 -0700] "POST /wp-cron.php?doing_wp_cron=1773411933.4732470512390136718750 HTTP/1.1" 200 - "-" "WordPress/6.9.4; https://sitepacket.com" 72 **0/72731**
40.77.167.155 - - [13/Mar/2026:07:25:32 -0700] "GET /?e=5567650061970 HTTP/2.0" 301 1 "-" "Mozilla/5.0 AppleWebKit/537.36 (KHTML, like Gecko; compatible; bingbot/2.0; +http://www.bing.com/bingbot.htm) Chrome/116.0.1938.76 Safari/537.36" 858 **0/858650**
157.55.39.53 - - [13/Mar/2026:07:25:38 -0700] "GET /?e=10653408011970 HTTP/2.0" 301 1 "-" "Mozilla/5.0 AppleWebKit/537.36 (KHTML, like Gecko; compatible; bingbot/2.0; +http://www.bing.com/bingbot.htm) Chrome/116.0.1938.76 Safari/537.36" 822 **0/822759**
223.235.101.154 - - [13/Mar/2026:07:25:53 -0700] "POST /xmlrpc.php HTTP/1.1" 200 449 "-" "Mozilla/5.0 (Windows NT 6.2; arm64) AppleWebKit/537.36 (KHTML, like Gecko) Edge/81.0.0.0 Safari/537.36" 819 **0/819737**
157.55.39.53 - - [13/Mar/2026:07:26:06 -0700] "GET /?e=16687010101970 HTTP/2.0" 301 1 "-" "Mozilla/5.0 AppleWebKit/537.36 (KHTML, like Gecko; compatible; bingbot/2.0; +http://www.bing.com/bingbot.htm) Chrome/116.0.1938.76 Safari/537.36" 735 **0/735072**
181.224.94.124 - - [13/Mar/2026:07:26:10 -0700] "POST /xmlrpc.php HTTP/1.1" 200 448 "-" "Mozilla/5.0 (Windows NT 10.0; arm64) AppleWebKit/537.36 (KHTML, like Gecko) Firefox/84.0.0.0 Safari/537.36" 694 **0/694010**
23.229.224.0 - - [13/Mar/2026:07:26:27 -0700] "POST /wp-cron.php?doing_wp_cron=1773411987.2439289093017578125000 HTTP/1.1" 200 - "-" "WordPress/6.9.4; https://sitepacket.com" 91 **0/91441**
157.55.39.53 - - [13/Mar/2026:07:26:26 -0700] "GET /contents/event/kansyasai/24151917010970 HTTP/2.0" 404 16320 "-" "Mozilla/5.0 AppleWebKit/537.36 (KHTML, like Gecko; compatible; bingbot/2.0; +http://www.bing.com/bingbot.htm) Chrome/116.0.1938.76 Safari/537.36" 942 **0/942778**
40.77.167.155 - - [13/Mar/2026:07:26:30 -0700] "GET /?e=5910410121970 HTTP/2.0" 301 1 "-" "Mozilla/5.0 AppleWebKit/537.36 (KHTML, like Gecko; compatible; bingbot/2.0; +http://www.bing.com/bingbot.htm) Chrome/116.0.1938.76 Safari/537.36" 860 **0/860327**
40.77.167.41 - - [13/Mar/2026:07:26:30 -0700] "GET /contents/event/kansyasai/5730442060970 HTTP/2.0" 404 16319 "-" "Mozilla/5.0 AppleWebKit/537.36 (KHTML, like Gecko; compatible; bingbot/2.0; +http://www.bing.com/bingbot.htm) Chrome/116.0.1938.76 Safari/537.36" 975 **0/975998**
40.77.167.41 - - [13/Mar/2026:07:26:31 -0700] "GET /?e=10141590071970 HTTP/2.0" 301 1 "-" "Mozilla/5.0 AppleWebKit/537.36 (KHTML, like Gecko; compatible; bingbot/2.0; +http://www.bing.com/bingbot.htm) Chrome/116.0.1938.76 Safari/537.36" 640 **0/640702**
40.77.167.155 - - [13/Mar/2026:07:26:51 -0700] "GET /?e=10582754041970 HTTP/2.0" 301 1 "-" "Mozilla/5.0 AppleWebKit/537.36 (KHTML, like Gecko; compatible; bingbot/2.0; +http://www.bing.com/bingbot.htm) Chrome/116.0.1938.76 Safari/537.36" 798 **0/798375**
157.55.39.53 - - [13/Mar/2026:07:27:05 -0700] "GET /?e=10184051001970 HTTP/2.0" 301 1 "-" "Mozilla/5.0 AppleWebKit/537.36 (KHTML, like Gecko; compatible; bingbot/2.0; +http://www.bing.com/bingbot.htm) Chrome/116.0.1938.76 Safari/537.36" 691 **0/691959**
40.77.167.41 - - [13/Mar/2026:07:27:09 -0700] "GET /?e=5139527061970 HTTP/2.0" 301 1 "-" "Mozilla/5.0 AppleWebKit/537.36 (KHTML, like Gecko; compatible; bingbot/2.0; +http://www.bing.com/bingbot.htm) Chrome/116.0.1938.76 Safari/537.36" 732 **0/732904**
223.235.101.154 - - [13/Mar/2026:07:27:18 -0700] "POST /xmlrpc.php HTTP/1.1" 200 449 "-" "Mozilla/5.0 (Linux; Android 10; x86) AppleWebKit/537.36 (KHTML, like Gecko) Firefox/90.0.0.0 Safari/537.36" 760 **0/760178**
23.229.224.0 - - [13/Mar/2026:07:27:30 -0700] "POST /wp-cron.php?doing_wp_cron=1773412050.9786820411682128906250 HTTP/1.1" 200 - "-" "WordPress/6.9.4; https://sitepacket.com" 83 **0/83276**
40.77.167.155 - - [13/Mar/2026:07:27:30 -0700] "GET /?e=5424794051970 HTTP/2.0" 301 1 "-" "Mozilla/5.0 AppleWebKit/537.36 (KHTML, like Gecko; compatible; bingbot/2.0; +http://www.bing.com/bingbot.htm) Chrome/116.0.1938.76 Safari/537.36" 919 **0/919905**
40.77.167.155 - - [13/Mar/2026:07:27:32 -0700] "GET /shop/storeSearch/KeepCriteriaInput.aspx?transition=top6416703002970 HTTP/2.0" 404 16339 "-" "Mozilla/5.0 AppleWebKit/537.36 (KHTML, like Gecko; compatible; bingbot/2.0; +http://www.bing.com/bingbot.htm) Chrome/116.0.1938.76 Safari/537.36" 886 **0/886042**
181.224.94.124 - - [13/Mar/2026:07:27:34 -0700] "POST /xmlrpc.php HTTP/1.1" 200 448 "-" "Mozilla/5.0 (X11; Ubuntu; Linux x86_64; arm64) AppleWebKit/537.36 (KHTML, like Gecko) Opera/66.0.0.0 Safari/537.36" 574 **0/574106**
40.77.167.41 - - [13/Mar/2026:07:27:36 -0700] "GET /?e=6368990101970 HTTP/2.0" 301 1 "-" "Mozilla/5.0 AppleWebKit/537.36 (KHTML, like Gecko; compatible; bingbot/2.0; +http://www.bing.com/bingbot.htm) Chrome/116.0.1938.76 Safari/537.36" 696 **0/696571**
157.55.39.53 - - [13/Mar/2026:07:27:48 -0700] "GET /?e=6044387041970 HTTP/2.0" 301 1 "-" "Mozilla/5.0 AppleWebKit/537.36 (KHTML, like Gecko; compatible; bingbot/2.0; +http://www.bing.com/bingbot.htm) Chrome/116.0.1938.76 Safari/537.36" 752 **0/752405**
40.77.167.132 - - [13/Mar/2026:07:28:07 -0700] "GET /?e=116998639051970 HTTP/2.0" 301 1 "-" "Mozilla/5.0 AppleWebKit/537.36 (KHTML, like Gecko; compatible; bingbot/2.0; +http://www.bing.com/bingbot.htm) Chrome/116.0.1938.76 Safari/537.36" 779 **0/779580**
40.77.167.132 - - [13/Mar/2026:07:28:08 -0700] "GET /?e=10507371011970 HTTP/2.0" 301 1 "-" "Mozilla/5.0 AppleWebKit/537.36 (KHTML, like Gecko; compatible; bingbot/2.0; +http://www.bing.com/bingbot.htm) Chrome/116.0.1938.76 Safari/537.36" 649 **0/649532**
23.229.224.0 - - [13/Mar/2026:07:28:44 -0700] "POST /wp-cron.php?doing_wp_cron=1773412124.4911510944366455078125 HTTP/1.1" 200 - "-" "WordPress/6.9.4; https://sitepacket.com" 89 **0/89699**
223.235.101.154 - - [13/Mar/2026:07:28:43 -0700] "POST /xmlrpc.php HTTP/1.1" 200 449 "-" "Mozilla/5.0 (Windows NT 6.2; x86) AppleWebKit/537.36 (KHTML, like Gecko) Firefox/82.0.0.0 Safari/537.36" 1000 **1/1000237**
181.224.94.124 - - [13/Mar/2026:07:28:45 -0700] "POST /xmlrpc.php HTTP/1.1" 200 448 "-" "Mozilla/5.0 (Linux; Android 10; x86) AppleWebKit/537.36 (KHTML, like Gecko) Chrome/112.0.0.0 Safari/537.36" 765 **0/765782**
40.77.167.132 - - [13/Mar/2026:07:28:53 -0700] "GET /?e=27560152001970 HTTP/2.0" 301 1 "-" "Mozilla/5.0 AppleWebKit/537.36 (KHTML, like Gecko; compatible; bingbot/2.0; +http://www.bing.com/bingbot.htm) Chrome/116.0.1938.76 Safari/537.36" 1195 **1/1195264**
157.55.39.53 - - [13/Mar/2026:07:28:57 -0700] "GET /?e=14734751071970 HTTP/2.0" 301 1 "-" "Mozilla/5.0 AppleWebKit/537.36 (KHTML, like Gecko; compatible; bingbot/2.0; +http://www.bing.com/bingbot.htm) Chrome/116.0.1938.76 Safari/537.36" 702 **0/702227**
23.229.224.0 - - [13/Mar/2026:07:29:29 -0700] "POST /wp-cron.php?doing_wp_cron=1773412169.1137681007385253906250 HTTP/1.1" 200 - "-" "WordPress/6.9.4; https://sitepacket.com" 89 **0/89199**
40.77.167.224 - - [13/Mar/2026:07:29:28 -0700] "GET /?e=27560602051970 HTTP/2.0" 301 1 "-" "Mozilla/5.0 AppleWebKit/537.36 (KHTML, like Gecko; compatible; bingbot/2.0; +http://www.bing.com/bingbot.htm) Chrome/116.0.1938.76 Safari/537.36" 781 **0/781471**
40.77.167.224 - - [13/Mar/2026:07:29:29 -0700] "GET /contents/event/kansyasai/6343157020970 HTTP/2.0" 404 16319 "-" "Mozilla/5.0 AppleWebKit/537.36 (KHTML, like Gecko; compatible; bingbot/2.0; +http://www.bing.com/bingbot.htm) Chrome/116.0.1938.76 Safari/537.36" 1014 **1/1014812**
40.77.167.132 - - [13/Mar/2026:07:29:32 -0700] "GET /shop/storeSearch/KeepCriteriaInput.aspx?transition=top5094307052970 HTTP/2.0" 404 16339 "-" "Mozilla/5.0 AppleWebKit/537.36 (KHTML, like Gecko; compatible; bingbot/2.0; +http://www.bing.com/bingbot.htm) Chrome/116.0.1938.76 Safari/537.36" 766 **0/766515**
40.77.167.132 - - [13/Mar/2026:07:29:33 -0700] "GET /shop/storeSearch/KeepCriteriaInput.aspx?transition=top6354628022970 HTTP/2.0" 404 16339 "-" "Mozilla/5.0 AppleWebKit/537.36 (KHTML, like Gecko; compatible; bingbot/2.0; +http://www.bing.com/bingbot.htm) Chrome/116.0.1938.76 Safari/537.36" 784 **0/784837**
23.229.224.0 - - [13/Mar/2026:07:29:50 -0700] "POST /wp-cron.php?doing_wp_cron=1773412190.0908160209655761718750 HTTP/1.1" 200 - "-" "WordPress/6.9.4; https://sitepacket.com" 74 **0/74363**
157.55.39.53 - - [13/Mar/2026:07:29:49 -0700] "GET /?e=45907491131970 HTTP/2.0" 301 1 "-" "Mozilla/5.0 AppleWebKit/537.36 (KHTML, like Gecko; compatible; bingbot/2.0; +http://www.bing.com/bingbot.htm) Chrome/116.0.1938.76 Safari/537.36" 713 **0/713708**
157.55.39.53 - - [13/Mar/2026:07:29:51 -0700] "GET /shop/storeSearch/KeepCriteriaInput.aspx?transition=top6357444032970 HTTP/2.0" 404 16339 "-" "Mozilla/5.0 AppleWebKit/537.36 (KHTML, like Gecko; compatible; bingbot/2.0; +http://www.bing.com/bingbot.htm) Chrome/116.0.1938.76 Safari/537.36" 870 **0/870646**
181.224.94.124 - - [13/Mar/2026:07:29:57 -0700] "POST /xmlrpc.php HTTP/1.1" 200 448 "-" "Mozilla/5.0 (Windows NT 6.3; arm64) AppleWebKit/537.36 (KHTML, like Gecko) Opera/76.0.0.0 Safari/537.36" 737 **0/737523**
23.229.224.0 - - [13/Mar/2026:07:30:02 -0700] "GET /system/index.php/cron HTTP/1.1" 200 18 "-" "Wget/1.19.5 (linux-gnu)" 2067 **2/2067631**
157.55.39.53 - - [13/Mar/2026:07:30:09 -0700] "GET /?e=5664752001970 HTTP/2.0" 301 1 "-" "Mozilla/5.0 AppleWebKit/537.36 (KHTML, like Gecko; compatible; bingbot/2.0; +http://www.bing.com/bingbot.htm) Chrome/116.0.1938.76 Safari/537.36" 1208 **1/1208287**
223.235.101.154 - - [13/Mar/2026:07:30:11 -0700] "POST /xmlrpc.php HTTP/1.1" 200 449 "-" "Mozilla/5.0 (Windows NT 10.0; x86) AppleWebKit/537.36 (KHTML, like Gecko) Opera/70.0.0.0 Safari/537.36" 974 **0/974788**
23.229.224.0 - - [13/Mar/2026:07:30:29 -0700] "POST /wp-cron.php?doing_wp_cron=1773412229.1827149391174316406250 HTTP/1.1" 200 - "-" "WordPress/6.9.4; https://sitepacket.com" 83 **0/83283**
40.77.167.224 - - [13/Mar/2026:07:30:28 -0700] "GET /?e=6829846021970 HTTP/2.0" 301 1 "-" "Mozilla/5.0 AppleWebKit/537.36 (KHTML, like Gecko; compatible; bingbot/2.0; +http://www.bing.com/bingbot.htm) Chrome/116.0.1938.76 Safari/537.36" 910 **0/910064**
40.77.167.132 - - [13/Mar/2026:07:30:36 -0700] "GET /shop/storeSearch/KeepCriteriaInput.aspx?transition=top5805384052970 HTTP/2.0" 404 16339 "-" "Mozilla/5.0 AppleWebKit/537.36 (KHTML, like Gecko; compatible; bingbot/2.0; +http://www.bing.com/bingbot.htm) Chrome/116.0.1938.76 Safari/537.36" 1306 **1/1306899**
40.77.167.132 - - [13/Mar/2026:07:30:54 -0700] "GET /?e=24185103001970 HTTP/2.0" 301 1 "-" "Mozilla/5.0 AppleWebKit/537.36 (KHTML, like Gecko; compatible; bingbot/2.0; +http://www.bing.com/bingbot.htm) Chrome/116.0.1938.76 Safari/537.36" 782 **0/782452**
181.224.94.124 - - [13/Mar/2026:07:31:11 -0700] "POST /xmlrpc.php HTTP/1.1" 200 448 "-" "Mozilla/5.0 (Windows NT 10.0; arm64) AppleWebKit/537.36 (KHTML, like Gecko) Firefox/93.0.0.0 Safari/537.36" 765 **0/765005**
23.229.224.0 - - [13/Mar/2026:07:31:27 -0700] "POST /wp-cron.php?doing_wp_cron=1773412287.7010180950164794921875 HTTP/1.1" 200 - "-" "WordPress/6.9.4; https://sitepacket.com" 71 **0/71319**
157.55.39.53 - - [13/Mar/2026:07:31:27 -0700] "GET /?e=5571670021970 HTTP/2.0" 301 1 "-" "Mozilla/5.0 AppleWebKit/537.36 (KHTML, like Gecko; compatible; bingbot/2.0; +http://www.bing.com/bingbot.htm) Chrome/116.0.1938.76 Safari/537.36" 732 **0/732162**
157.55.39.53 - - [13/Mar/2026:07:31:28 -0700] "GET /?e=5391311121970 HTTP/2.0" 301 1 "-" "Mozilla/5.0 AppleWebKit/537.36 (KHTML, like Gecko; compatible; bingbot/2.0; +http://www.bing.com/bingbot.htm) Chrome/116.0.1938.76 Safari/537.36" 716 **0/716270**
40.77.167.132 - - [13/Mar/2026:07:31:33 -0700] "GET /?e=10310463021970 HTTP/2.0" 301 1 "-" "Mozilla/5.0 AppleWebKit/537.36 (KHTML, like Gecko; compatible; bingbot/2.0; +http://www.bing.com/bingbot.htm) Chrome/116.0.1938.76 Safari/537.36" 836 **0/836710**
40.77.167.132 - - [13/Mar/2026:07:31:35 -0700] "GET /?e=6707330041970 HTTP/2.0" 301 1 "-" "Mozilla/5.0 AppleWebKit/537.36 (KHTML, like Gecko; compatible; bingbot/2.0; +http://www.bing.com/bingbot.htm) Chrome/116.0.1938.76 Safari/537.36" 669 **0/669523**
40.77.167.224 - - [13/Mar/2026:07:31:38 -0700] "GET /?e=10359781031970 HTTP/2.0" 301 1 "-" "Mozilla/5.0 AppleWebKit/537.36 (KHTML, like Gecko; compatible; bingbot/2.0; +http://www.bing.com/bingbot.htm) Chrome/116.0.1938.76 Safari/537.36" 667 **0/667179**
223.235.101.154 - - [13/Mar/2026:07:31:39 -0700] "POST /xmlrpc.php HTTP/1.1" 200 449 "-" "Mozilla/5.0 (Macintosh; Intel Mac OS X 10_15_7; arm64) AppleWebKit/537.36 (KHTML, like Gecko) Edge/93.0.0.0 Safari/537.36" 734 **0/734872**
157.55.39.201 - - [13/Mar/2026:07:31:59 -0700] "GET /?e=24260716021970 HTTP/2.0" 301 1 "-" "Mozilla/5.0 AppleWebKit/537.36 (KHTML, like Gecko; compatible; bingbot/2.0; +http://www.bing.com/bingbot.htm) Chrome/116.0.1938.76 Safari/537.36" 740 **0/740355**
40.77.167.132 - - [13/Mar/2026:07:32:16 -0700] "GET /?e=10469619031970 HTTP/2.0" 301 1 "-" "Mozilla/5.0 AppleWebKit/537.36 (KHTML, like Gecko; compatible; bingbot/2.0; +http://www.bing.com/bingbot.htm) Chrome/116.0.1938.76 Safari/537.36" 789 **0/789535**
181.224.94.124 - - [13/Mar/2026:07:32:23 -0700] "POST /xmlrpc.php HTTP/1.1" 200 448 "-" "Mozilla/5.0 (Windows NT 6.2; arm64) AppleWebKit/537.36 (KHTML, like Gecko) Chrome/113.0.0.0 Safari/537.36" 761 **0/761676**
223.235.101.154 - - [13/Mar/2026:07:33:26 -0700] "POST /xmlrpc.php HTTP/1.1" 200 449 "-" "Mozilla/5.0 (Windows NT 6.2; x64) AppleWebKit/537.36 (KHTML, like Gecko) Firefox/98.0.0.0 Safari/537.36" 659 **0/659566**
23.229.224.0 - - [13/Mar/2026:07:33:34 -0700] "POST /wp-cron.php?doing_wp_cron=1773412414.5894379615783691406250 HTTP/1.1" 200 - "-" "WordPress/6.9.4; https://sitepacket.com" 71 **0/71269**
40.77.167.132 - - [13/Mar/2026:07:33:33 -0700] "GET /?e=5968335091970 HTTP/2.0" 301 1 "-" "Mozilla/5.0 AppleWebKit/537.36 (KHTML, like Gecko; compatible; bingbot/2.0; +http://www.bing.com/bingbot.htm) Chrome/116.0.1938.76 Safari/537.36" 904 **0/904181**
181.224.94.124 - - [13/Mar/2026:07:33:39 -0700] "POST /xmlrpc.php HTTP/1.1" 200 448 "-" "Mozilla/5.0 (Windows NT 10.0; x86) AppleWebKit/537.36 (KHTML, like Gecko) Edge/85.0.0.0 Safari/537.36" 739 **0/739994**
23.229.224.0 - - [13/Mar/2026:07:34:51 -0700] "POST /wp-cron.php?doing_wp_cron=1773412491.7741749286651611328125 HTTP/1.1" 200 - "-" "WordPress/6.9.4; https://sitepacket.com" 88 **0/88483**
40.77.167.132 - - [13/Mar/2026:07:34:51 -0700] "GET /?e=24038681081970 HTTP/2.0" 301 1 "-" "Mozilla/5.0 AppleWebKit/537.36 (KHTML, like Gecko; compatible; bingbot/2.0; +http://www.bing.com/bingbot.htm) Chrome/116.0.1938.76 Safari/537.36" 832 **0/832683**
181.224.94.124 - - [13/Mar/2026:07:34:56 -0700] "POST /xmlrpc.php HTTP/1.1" 200 448 "-" "Mozilla/5.0 (Linux; Android 10; arm64) AppleWebKit/537.36 (KHTML, like Gecko) Firefox/72.0.0.0 Safari/537.36" 695 **0/695745**
207.46.13.231 - - [13/Mar/2026:07:35:10 -0700] "GET /robots.txt HTTP/2.0" 200 99 "-" "Mozilla/5.0 AppleWebKit/537.36 (KHTML, like Gecko; compatible; bingbot/2.0; +http://www.bing.com/bingbot.htm) Chrome/116.0.1938.76 Safari/537.36" 847 **0/847523**
223.235.101.154 - - [13/Mar/2026:07:35:12 -0700] "POST /xmlrpc.php HTTP/1.1" 200 449 "-" "Mozilla/5.0 (Windows NT 6.3; x86) AppleWebKit/537.36 (KHTML, like Gecko) Firefox/77.0.0.0 Safari/537.36" 884 **0/884310**
40.77.167.224 - - [13/Mar/2026:07:35:17 -0700] "GET /contents/event/kansyasai/5556968030970 HTTP/2.0" 404 16319 "-" "Mozilla/5.0 AppleWebKit/537.36 (KHTML, like Gecko; compatible; bingbot/2.0; +http://www.bing.com/bingbot.htm) Chrome/116.0.1938.76 Safari/537.36" 1413 **1/1413290**
40.77.167.132 - - [13/Mar/2026:07:35:22 -0700] "GET /?e=24227100061970 HTTP/2.0" 301 1 "-" "Mozilla/5.0 AppleWebKit/537.36 (KHTML, like Gecko; compatible; bingbot/2.0; +http://www.bing.com/bingbot.htm) Chrome/116.0.1938.76 Safari/537.36" 897 **0/897865**
157.55.39.201 - - [13/Mar/2026:07:35:23 -0700] "GET /shop/storeSearch/KeepCriteriaInput.aspx?transition=top10312803022970 HTTP/2.0" 404 16340 "-" "Mozilla/5.0 AppleWebKit/537.36 (KHTML, like Gecko; compatible; bingbot/2.0; +http://www.bing.com/bingbot.htm) Chrome/116.0.1938.76 Safari/537.36" 902 **0/902674**
23.229.224.0 - - [13/Mar/2026:07:35:40 -0700] "POST /wp-cron.php?doing_wp_cron=1773412540.4582428932189941406250 HTTP/1.1" 200 - "-" "WordPress/6.9.4; https://sitepacket.com" 81 **0/81519**
157.55.39.201 - - [13/Mar/2026:07:35:39 -0700] "GET /shop/storeSearch/KeepCriteriaInput.aspx?transition=top6937824062970 HTTP/2.0" 404 16339 "-" "Mozilla/5.0 AppleWebKit/537.36 (KHTML, like Gecko; compatible; bingbot/2.0; +http://www.bing.com/bingbot.htm) Chrome/116.0.1938.76 Safari/537.36" 1064 **1/1064227**
157.55.39.201 - - [13/Mar/2026:07:35:40 -0700] "GET /?e=5502872091970 HTTP/2.0" 301 1 "-" "Mozilla/5.0 AppleWebKit/537.36 (KHTML, like Gecko; compatible; bingbot/2.0; +http://www.bing.com/bingbot.htm) Chrome/116.0.1938.76 Safari/537.36" 805 **0/805417**
74.7.228.31 - - [13/Mar/2026:07:35:46 -0700] "GET /robots.txt HTTP/2.0" 301 1 "-" "Mozilla/5.0 (Macintosh; Intel Mac OS X 10_15_7) AppleWebKit/537.36 (KHTML, like Gecko) Chrome/131.0.0.0 Safari/537.36; compatible; OAI-SearchBot/1.3; robots.txt; +https://openai.com/searchbot" 728 **0/728810**
74.7.228.31 - - [13/Mar/2026:07:35:46 -0700] "GET /robots.txt HTTP/2.0" 200 99 "https://www.sitepacket.com/robots.txt" "Mozilla/5.0 (Macintosh; Intel Mac OS X 10_15_7) AppleWebKit/537.36 (KHTML, like Gecko) Chrome/131.0.0.0 Safari/537.36; compatible; OAI-SearchBot/1.3; robots.txt; +https://openai.com/searchbot" 671 **0/671080**
181.224.94.124 - - [13/Mar/2026:07:36:05 -0700] "POST /xmlrpc.php HTTP/1.1" 200 448 "-" "Mozilla/5.0 (Macintosh; Intel Mac OS X 10_15_7; x86) AppleWebKit/537.36 (KHTML, like Gecko) Safari/10.0.0.0 Safari/537.36" 732 **0/732583**
23.229.224.0 - - [13/Mar/2026:07:37:13 -0700] "POST /wp-cron.php?doing_wp_cron=1773412633.3739080429077148437500 HTTP/1.1" 200 - "-" "WordPress/6.9.4; https://sitepacket.com" 76 **0/76863**
181.224.94.124 - - [13/Mar/2026:07:37:12 -0700] "POST /xmlrpc.php HTTP/1.1" 200 448 "-" "Mozilla/5.0 (Windows NT 10.0; x64) AppleWebKit/537.36 (KHTML, like Gecko) Edge/99.0.0.0 Safari/537.36" 949 **0/949216**
223.235.101.154 - - [13/Mar/2026:07:37:13 -0700] "POST /xmlrpc.php HTTP/1.1" 200 449 "-" "Mozilla/5.0 (Linux; Android 10; x86) AppleWebKit/537.36 (KHTML, like Gecko) Firefox/95.0.0.0 Safari/537.36" 724 **0/724810**
23.229.224.0 - - [13/Mar/2026:07:38:22 -0700] "POST /wp-cron.php?doing_wp_cron=1773412702.3357150554656982421875 HTTP/1.1" 200 - "-" "WordPress/6.9.4; https://sitepacket.com" 76 **0/76991**
181.224.94.124 - - [13/Mar/2026:07:38:21 -0700] "POST /xmlrpc.php HTTP/1.1" 200 448 "-" "Mozilla/5.0 (Windows NT 6.3; x64) AppleWebKit/537.36 (KHTML, like Gecko) Chrome/86.0.0.0 Safari/537.36" 925 **0/925820**
23.229.224.0 - - [13/Mar/2026:07:39:26 -0700] "POST /wp-cron.php?doing_wp_cron=1773412766.0282270908355712890625 HTTP/1.1" 200 - "-" "WordPress/6.9.4; https://sitepacket.com" 82 **0/82734**
223.235.101.154 - - [13/Mar/2026:07:39:25 -0700] "POST /xmlrpc.php HTTP/1.1" 200 449 "-" "Mozilla/5.0 (Macintosh; Intel Mac OS X 10_15_7; x64) AppleWebKit/537.36 (KHTML, like Gecko) Safari/10.0.0.0 Safari/537.36" 927 **0/927556**
23.229.224.0 - - [13/Mar/2026:07:39:31 -0700] "POST /wp-cron.php?doing_wp_cron=1773412771.0298750400543212890625 HTTP/1.1" 200 - "-" "WordPress/6.9.4; https://sitepacket.com" 73 **0/73305**
181.224.94.124 - - [13/Mar/2026:07:39:30 -0700] "POST /xmlrpc.php HTTP/1.1" 200 448 "-" "Mozilla/5.0 (Windows NT 6.3; x64) AppleWebKit/537.36 (KHTML, like Gecko) Safari/10.0.0.0 Safari/537.36" 972 **0/972304**
23.229.224.0 - - [13/Mar/2026:07:40:03 -0700] "GET /system/index.php/cron HTTP/1.1" 200 18 "-" "Wget/1.19.5 (linux-gnu)" 2304 **2/2304164**
23.229.224.0 - - [13/Mar/2026:07:40:39 -0700] "POST /wp-cron.php?doing_wp_cron=1773412839.7852470874786376953125 HTTP/1.1" 200 - "-" "WordPress/6.9.4; https://sitepacket.com" 119 **0/119915**
181.224.94.124 - - [13/Mar/2026:07:40:38 -0700] "POST /xmlrpc.php HTTP/1.1" 200 448 "-" "Mozilla/5.0 (Windows NT 6.2; x64) AppleWebKit/537.36 (KHTML, like Gecko) Firefox/86.0.0.0 Safari/537.36" 1951 **1/1951926**
23.229.224.0 - - [13/Mar/2026:07:41:41 -0700] "POST /wp-cron.php?doing_wp_cron=1773412901.4677391052246093750000 HTTP/1.1" 200 - "-" "WordPress/6.9.4; https://sitepacket.com" 76 **0/76285**
223.235.101.154 - - [13/Mar/2026:07:41:40 -0700] "POST /xmlrpc.php HTTP/1.1" 200 449 "-" "Mozilla/5.0 (Windows NT 6.2; arm64) AppleWebKit/537.36 (KHTML, like Gecko) Edge/81.0.0.0 Safari/537.36" 857 **0/857984**
181.224.94.124 - - [13/Mar/2026:07:41:43 -0700] "POST /xmlrpc.php HTTP/1.1" 200 448 "-" "Mozilla/5.0 (Linux; Android 10; x86) AppleWebKit/537.36 (KHTML, like Gecko) Edge/91.0.0.0 Safari/537.36" 772 **0/772424**
66.249.73.170 - - [13/Mar/2026:07:42:15 -0700] "GET /?e=114149886021970 HTTP/1.1" 301 1 "-" "Mozilla/5.0 (Linux; Android 6.0.1; Nexus 5X Build/MMB29P) AppleWebKit/537.36 (KHTML, like Gecko) Chrome/145.0.7632.116 Mobile Safari/537.36 (compatible; Googlebot/2.1; +http://www.google.com/bot.html)" 637 **0/637401**
23.229.224.0 - - [13/Mar/2026:07:42:54 -0700] "POST /wp-cron.php?doing_wp_cron=1773412974.4225211143493652343750 HTTP/1.1" 200 - "-" "WordPress/6.9.4; https://sitepacket.com" 78 **0/78263**
181.224.94.124 - - [13/Mar/2026:07:42:53 -0700] "POST /xmlrpc.php HTTP/1.1" 200 448 "-" "Mozilla/5.0 (X11; Ubuntu; Linux x86_64; x86) AppleWebKit/537.36 (KHTML, like Gecko) Firefox/94.0.0.0 Safari/537.36" 790 **0/790874**
23.229.224.0 - - [13/Mar/2026:07:43:30 -0700] "POST /wp-cron.php?doing_wp_cron=1773413010.2190508842468261718750 HTTP/1.1" 200 - "-" "WordPress/6.9.4; https://sitepacket.com" 96 **0/96182**
40.77.167.0 - - [13/Mar/2026:07:43:29 -0700] "GET /?e=31394434001970 HTTP/2.0" 301 1 "-" "Mozilla/5.0 AppleWebKit/537.36 (KHTML, like Gecko; compatible; bingbot/2.0; +http://www.bing.com/bingbot.htm) Chrome/116.0.1938.76 Safari/537.36" 1023 **1/1023163**
52.167.144.183 - - [13/Mar/2026:07:43:34 -0700] "GET /?e=4782197071970 HTTP/2.0" 301 1 "-" "Mozilla/5.0 AppleWebKit/537.36 (KHTML, like Gecko; compatible; bingbot/2.0; +http://www.bing.com/bingbot.htm) Chrome/116.0.1938.76 Safari/537.36" 776 **0/776582**
223.235.101.154 - - [13/Mar/2026:07:43:40 -0700] "POST /xmlrpc.php HTTP/1.1" 200 449 "-" "Mozilla/5.0 (X11; Ubuntu; Linux x86_64; x64) AppleWebKit/537.36 (KHTML, like Gecko) Chrome/113.0.0.0 Safari/537.36" 843 **0/843620**
181.224.94.124 - - [13/Mar/2026:07:43:57 -0700] "POST /xmlrpc.php HTTP/1.1" 200 448 "-" "Mozilla/5.0 (Linux; Android 10; x64) AppleWebKit/537.36 (KHTML, like Gecko) Edge/88.0.0.0 Safari/537.36" 860 **0/860414**
157.55.39.52 - - [13/Mar/2026:07:44:26 -0700] "GET /?e=117043477041970 HTTP/2.0" 301 1 "-" "Mozilla/5.0 AppleWebKit/537.36 (KHTML, like Gecko; compatible; bingbot/2.0; +http://www.bing.com/bingbot.htm) Chrome/116.0.1938.76 Safari/537.36" 788 **0/788830**
23.229.224.0 - - [13/Mar/2026:07:44:31 -0700] "POST /wp-cron.php?doing_wp_cron=1773413071.3357660770416259765625 HTTP/1.1" 200 - "-" "WordPress/6.9.4; https://sitepacket.com" 73 **0/73117**
40.77.167.0 - - [13/Mar/2026:07:44:30 -0700] "GET /?e=108712988051970 HTTP/2.0" 301 1 "-" "Mozilla/5.0 AppleWebKit/537.36 (KHTML, like Gecko; compatible; bingbot/2.0; +http://www.bing.com/bingbot.htm) Chrome/116.0.1938.76 Safari/537.36" 929 **0/929377**
23.229.224.0 - - [13/Mar/2026:07:44:54 -0700] "POST /wp-cron.php?doing_wp_cron=1773413094.2895369529724121093750 HTTP/1.1" 200 - "-" "WordPress/6.9.4; https://sitepacket.com" 88 **0/88576**
181.224.94.124 - - [13/Mar/2026:07:44:53 -0700] "POST /xmlrpc.php HTTP/1.1" 200 448 "-" "Mozilla/5.0 (Linux; Android 10; x86) AppleWebKit/537.36 (KHTML, like Gecko) Safari/12.0.0.0 Safari/537.36" 1160 **1/1160577**
40.77.167.0 - - [13/Mar/2026:07:44:59 -0700] "GET /?e=5539452141970 HTTP/2.0" 301 1 "-" "Mozilla/5.0 AppleWebKit/537.36 (KHTML, like Gecko; compatible; bingbot/2.0; +http://www.bing.com/bingbot.htm) Chrome/116.0.1938.76 Safari/537.36" 1116 **1/1116675**
40.77.167.0 - - [13/Mar/2026:07:45:01 -0700] "GET /?e=4594685071970 HTTP/2.0" 301 1 "-" "Mozilla/5.0 AppleWebKit/537.36 (KHTML, like Gecko; compatible; bingbot/2.0; +http://www.bing.com/bingbot.htm) Chrome/116.0.1938.76 Safari/537.36" 1716 **1/1716063**
40.77.167.0 - - [13/Mar/2026:07:45:03 -0700] "GET /?e=5106180071970 HTTP/2.0" 301 1 "-" "Mozilla/5.0 AppleWebKit/537.36 (KHTML, like Gecko; compatible; bingbot/2.0; +http://www.bing.com/bingbot.htm) Chrome/116.0.1938.76 Safari/537.36" 1309 **1/1309103**
157.55.39.52 - - [13/Mar/2026:07:45:25 -0700] "GET /?e=6044777011970 HTTP/2.0" 301 1 "-" "Mozilla/5.0 AppleWebKit/537.36 (KHTML, like Gecko; compatible; bingbot/2.0; +http://www.bing.com/bingbot.htm) Chrome/116.0.1938.76 Safari/537.36" 848 **0/848739**
23.229.224.0 - - [13/Mar/2026:07:45:42 -0700] "POST /wp-cron.php?doing_wp_cron=1773413142.2710149288177490234375 HTTP/1.1" 200 - "-" "WordPress/6.9.4; https://sitepacket.com" 99 **0/99464**
223.235.101.154 - - [13/Mar/2026:07:45:41 -0700] "POST /xmlrpc.php HTTP/1.1" 200 449 "-" "Mozilla/5.0 (Windows NT 6.3; x86) AppleWebKit/537.36 (KHTML, like Gecko) Opera/69.0.0.0 Safari/537.36" 1130 **1/1130117**
52.167.144.183 - - [13/Mar/2026:07:45:41 -0700] "GET /?e=24333317011970 HTTP/2.0" 301 1 "-" "Mozilla/5.0 AppleWebKit/537.36 (KHTML, like Gecko; compatible; bingbot/2.0; +http://www.bing.com/bingbot.htm) Chrome/116.0.1938.76 Safari/537.36" 1254 **1/1254590**
181.224.94.124 - - [13/Mar/2026:07:45:59 -0700] "POST /xmlrpc.php HTTP/1.1" 200 448 "-" "Mozilla/5.0 (X11; Ubuntu; Linux x86_64; arm64) AppleWebKit/537.36 (KHTML, like Gecko) Safari/14.0.0.0 Safari/537.36" 867 **0/867829**
23.229.224.0 - - [13/Mar/2026:07:46:36 -0700] "POST /wp-cron.php?doing_wp_cron=1773413196.7753989696502685546875 HTTP/1.1" 200 - "-" "WordPress/6.9.4; https://sitepacket.com" 70 **0/70630**
157.55.39.52 - - [13/Mar/2026:07:46:36 -0700] "GET /?e=5255337011970 HTTP/2.0" 301 1 "-" "Mozilla/5.0 AppleWebKit/537.36 (KHTML, like Gecko; compatible; bingbot/2.0; +http://www.bing.com/bingbot.htm) Chrome/116.0.1938.76 Safari/537.36" 797 **0/797922**
181.224.94.124 - - [13/Mar/2026:07:47:01 -0700] "POST /xmlrpc.php HTTP/1.1" 200 448 "-" "Mozilla/5.0 (Macintosh; Intel Mac OS X 10_15_7; x64) AppleWebKit/537.36 (KHTML, like Gecko) Chrome/86.0.0.0 Safari/537.36" 1258 **1/1258094**
23.229.224.0 - - [13/Mar/2026:07:47:37 -0700] "POST /wp-cron.php?doing_wp_cron=1773413257.9520180225372314453125 HTTP/1.1" 200 - "-" "WordPress/6.9.4; https://sitepacket.com" 96 **0/96476**
223.235.101.154 - - [13/Mar/2026:07:47:37 -0700] "POST /xmlrpc.php HTTP/1.1" 200 449 "-" "Mozilla/5.0 (X11; Ubuntu; Linux x86_64; x64) AppleWebKit/537.36 (KHTML, like Gecko) Chrome/85.0.0.0 Safari/537.36" 886 **0/886156**
181.224.94.124 - - [13/Mar/2026:07:47:57 -0700] "POST /xmlrpc.php HTTP/1.1" 200 448 "-" "Mozilla/5.0 (X11; Ubuntu; Linux x86_64; x86) AppleWebKit/537.36 (KHTML, like Gecko) Edge/89.0.0.0 Safari/537.36" 706 **0/706242**
23.229.224.0 - - [13/Mar/2026:07:48:55 -0700] "POST /wp-cron.php?doing_wp_cron=1773413335.5184259414672851562500 HTTP/1.1" 200 - "-" "WordPress/6.9.4; https://sitepacket.com" 75 **0/75550**
181.224.94.124 - - [13/Mar/2026:07:48:54 -0700] "POST /xmlrpc.php HTTP/1.1" 200 448 "-" "Mozilla/5.0 (X11; Ubuntu; Linux x86_64; arm64) AppleWebKit/537.36 (KHTML, like Gecko) Chrome/93.0.0.0 Safari/537.36" 1045 **1/1045226**
23.229.224.0 - - [13/Mar/2026:07:49:30 -0700] "POST /wp-cron.php?doing_wp_cron=1773413370.4967160224914550781250 HTTP/1.1" 200 - "-" "WordPress/6.9.4; https://sitepacket.com" 99 **0/99604**
223.235.101.154 - - [13/Mar/2026:07:49:29 -0700] "POST /xmlrpc.php HTTP/1.1" 200 449 "-" "Mozilla/5.0 (Windows NT 10.0; x64) AppleWebKit/537.36 (KHTML, like Gecko) Edge/81.0.0.0 Safari/537.36" 1042 **1/1042521**
23.229.224.0 - - [13/Mar/2026:07:50:03 -0700] "GET /system/index.php/cron HTTP/1.1" 200 18 "-" "Wget/1.19.5 (linux-gnu)" 2171 **2/2171728**
23.229.224.0 - - [13/Mar/2026:07:50:07 -0700] "POST /wp-cron.php?doing_wp_cron=1773413407.3552210330963134765625 HTTP/1.1" 200 - "-" "WordPress/6.9.4; https://sitepacket.com" 116 **0/116339**
181.224.94.124 - - [13/Mar/2026:07:50:06 -0700] "POST /xmlrpc.php HTTP/1.1" 200 448 "-" "Mozilla/5.0 (Windows NT 6.2; x86) AppleWebKit/537.36 (KHTML, like Gecko) Chrome/82.0.0.0 Safari/537.36" 1606 **1/1606738**
23.229.224.0 - - [13/Mar/2026:07:51:02 -0700] "POST /wp-cron.php?doing_wp_cron=1773413462.2624371051788330078125 HTTP/1.1" 200 - "-" "WordPress/6.9.4; https://sitepacket.com" 140 **0/140002**
181.224.94.124 - - [13/Mar/2026:07:51:01 -0700] "POST /xmlrpc.php HTTP/1.1" 200 448 "-" "Mozilla/5.0 (Windows NT 10.0; x64) AppleWebKit/537.36 (KHTML, like Gecko) Opera/65.0.0.0 Safari/537.36" 1235 **1/1235603**
66.249.73.169 - - [13/Mar/2026:07:51:04 -0700] "GET /?e=93313255001970 HTTP/1.1" 301 1 "-" "Mozilla/5.0 (Linux; Android 6.0.1; Nexus 5X Build/MMB29P) AppleWebKit/537.36 (KHTML, like Gecko) Chrome/145.0.7632.116 Mobile Safari/537.36 (compatible; Googlebot/2.1; +http://www.google.com/bot.html)" 938 **0/938334**
66.249.73.168 - - [13/Mar/2026:07:51:19 -0700] "GET /ads.txt HTTP/1.1" 404 16299 "-" "Mozilla/5.0 (compatible; Googlebot/2.1; +http://www.google.com/bot.html)" 876 **0/876596**
23.229.224.0 - - [13/Mar/2026:07:51:38 -0700] "POST /wp-cron.php?doing_wp_cron=1773413498.3976809978485107421875 HTTP/1.1" 200 - "-" "WordPress/6.9.4; https://sitepacket.com" 94 **0/94130**
223.235.101.154 - - [13/Mar/2026:07:51:37 -0700] "POST /xmlrpc.php HTTP/1.1" 200 449 "-" "Mozilla/5.0 (Macintosh; Intel Mac OS X 10_15_7; x86) AppleWebKit/537.36 (KHTML, like Gecko) Firefox/81.0.0.0 Safari/537.36" 1417 **1/1417474**
181.224.94.124 - - [13/Mar/2026:07:51:57 -0700] "POST /xmlrpc.php HTTP/1.1" 200 448 "-" "Mozilla/5.0 (Macintosh; Intel Mac OS X 10_15_7; x86) AppleWebKit/537.36 (KHTML, like Gecko) Firefox/82.0.0.0 Safari/537.36" 686 **0/686197**
23.229.224.0 - - [13/Mar/2026:07:53:03 -0700] "POST /wp-cron.php?doing_wp_cron=1773413583.1228849887847900390625 HTTP/1.1" 200 - "-" "WordPress/6.9.4; https://sitepacket.com" 189 **0/189283**
181.224.94.124 - - [13/Mar/2026:07:53:01 -0700] "POST /xmlrpc.php HTTP/1.1" 200 448 "-" "Mozilla/5.0 (Windows NT 10.0; x64) AppleWebKit/537.36 (KHTML, like Gecko) Firefox/86.0.0.0 Safari/537.36" 2004 **2/2004406**
23.229.224.0 - - [13/Mar/2026:07:53:33 -0700] "POST /wp-cron.php?doing_wp_cron=1773413613.8142750263214111328125 HTTP/1.1" 200 - "-" "WordPress/6.9.4; https://sitepacket.com" 73 **0/73503**
223.235.101.154 - - [13/Mar/2026:07:53:33 -0700] "POST /xmlrpc.php HTTP/1.1" 200 449 "-" "Mozilla/5.0 (Windows NT 6.2; x86) AppleWebKit/537.36 (KHTML, like Gecko) Firefox/81.0.0.0 Safari/537.36" 704 **0/704606**
181.224.94.124 - - [13/Mar/2026:07:54:01 -0700] "POST /xmlrpc.php HTTP/1.1" 200 448 "-" "Mozilla/5.0 (Linux; Android 10; x86) AppleWebKit/537.36 (KHTML, like Gecko) Edge/99.0.0.0 Safari/537.36" 915 **0/915580**
23.229.224.0 - - [13/Mar/2026:07:55:10 -0700] "POST /wp-cron.php?doing_wp_cron=1773413710.1167190074920654296875 HTTP/1.1" 200 - "-" "WordPress/6.9.4; https://sitepacket.com" 99 **0/99880**
223.235.101.154 - - [13/Mar/2026:07:55:09 -0700] "POST /xmlrpc.php HTTP/1.1" 200 449 "-" "Mozilla/5.0 (Windows NT 6.2; x64) AppleWebKit/537.36 (KHTML, like Gecko) Firefox/76.0.0.0 Safari/537.36" 1034 **1/1034040**
181.224.94.124 - - [13/Mar/2026:07:55:10 -0700] "POST /xmlrpc.php HTTP/1.1" 200 448 "-" "Mozilla/5.0 (Linux; Android 10; arm64) AppleWebKit/537.36 (KHTML, like Gecko) Opera/73.0.0.0 Safari/537.36" 1031 **1/1031637**
23.229.224.0 - - [13/Mar/2026:07:56:31 -0700] "POST /wp-cron.php?doing_wp_cron=1773413791.3480908870697021484375 HTTP/1.1" 200 - "-" "WordPress/6.9.4; https://sitepacket.com" 63 **0/63984**
223.235.101.154 - - [13/Mar/2026:07:56:30 -0700] "POST /xmlrpc.php HTTP/1.1" 200 449 "-" "Mozilla/5.0 (Windows NT 6.2; arm64) AppleWebKit/537.36 (KHTML, like Gecko) Safari/14.0.0.0 Safari/537.36" 871 **0/871412**
23.229.224.0 - - [13/Mar/2026:07:57:31 -0700] "POST /wp-cron.php?doing_wp_cron=1773413851.6857619285583496093750 HTTP/1.1" 200 - "-" "WordPress/6.9.4; https://sitepacket.com" 73 **0/73951**
52.167.144.237 - - [13/Mar/2026:07:57:30 -0700] "GET /?e=96980098041970 HTTP/2.0" 301 1 "-" "Mozilla/5.0 AppleWebKit/537.36 (KHTML, like Gecko; compatible; bingbot/2.0; +http://www.bing.com/bingbot.htm) Chrome/116.0.1938.76 Safari/537.36" 839 **0/839031**
52.167.144.201 - - [13/Mar/2026:07:57:40 -0700] "GET /?e=108637910071970 HTTP/2.0" 301 1 "-" "Mozilla/5.0 AppleWebKit/537.36 (KHTML, like Gecko; compatible; bingbot/2.0; +http://www.bing.com/bingbot.htm) Chrome/116.0.1938.76 Safari/537.36" 808 **0/808380**
223.235.101.154 - - [13/Mar/2026:07:57:41 -0700] "POST /xmlrpc.php HTTP/1.1" 200 449 "-" "Mozilla/5.0 (X11; Ubuntu; Linux x86_64; x86) AppleWebKit/537.36 (KHTML, like Gecko) Firefox/83.0.0.0 Safari/537.36" 654 **0/654282**
23.229.224.0 - - [13/Mar/2026:07:59:00 -0700] "POST /wp-cron.php?doing_wp_cron=1773413940.5435619354248046875000 HTTP/1.1" 200 - "-" "WordPress/6.9.4; https://sitepacket.com" 120 **0/120038**
52.167.144.201 - - [13/Mar/2026:07:58:59 -0700] "GET /?e=30031300061970 HTTP/2.0" 301 1 "-" "Mozilla/5.0 AppleWebKit/537.36 (KHTML, like Gecko; compatible; bingbot/2.0; +http://www.bing.com/bingbot.htm) Chrome/116.0.1938.76 Safari/537.36" 948 **0/948146**
157.55.39.60 - - [13/Mar/2026:07:59:17 -0700] "GET /?e=6645736091970 HTTP/2.0" 301 1 "-" "Mozilla/5.0 AppleWebKit/537.36 (KHTML, like Gecko; compatible; bingbot/2.0; +http://www.bing.com/bingbot.htm) Chrome/116.0.1938.76 Safari/537.36" 703 **0/703116**
23.229.224.0 - - [13/Mar/2026:08:00:03 -0700] "POST /system/index.php/notification_processor/create_notification HTTP/2.0" 200 - "-" "-" 623 **0/623906**
23.229.224.0 - - [13/Mar/2026:08:00:04 -0700] "POST /system/index.php/notification_processor/create_notification HTTP/2.0" 200 - "-" "-" 932 **0/932775**
23.229.224.0 - - [13/Mar/2026:08:00:05 -0700] "POST /system/index.php/notification_processor/create_notification HTTP/2.0" 200 - "-" "-" 695 **0/695901**
23.229.224.0 - - [13/Mar/2026:08:00:02 -0700] "GET /system/index.php/cron HTTP/1.1" 200 18 "-" "Wget/1.19.5 (linux-gnu)" 5163 **5/5163028**
23.229.224.0 - - [13/Mar/2026:08:00:31 -0700] "POST /wp-cron.php?doing_wp_cron=1773414031.0116679668426513671875 HTTP/1.1" 200 - "-" "WordPress/6.9.4; https://sitepacket.com" 92 **0/92082**
52.167.144.201 - - [13/Mar/2026:08:00:30 -0700] "GET /?e=4941329011970 HTTP/2.0" 301 1 "-" "Mozilla/5.0 AppleWebKit/537.36 (KHTML, like Gecko; compatible; bingbot/2.0; +http://www.bing.com/bingbot.htm) Chrome/116.0.1938.76 Safari/537.36" 1044 **1/1044231**
23.229.224.0 - - [13/Mar/2026:08:04:43 -0700] "POST /wp-cron.php?doing_wp_cron=1773414283.6465868949890136718750 HTTP/1.1" 200 - "-" "WordPress/6.9.4; https://sitepacket.com" 120 **0/120555**
51.195.244.141 - - [13/Mar/2026:08:04:42 -0700] "GET /robots.txt HTTP/2.0" 200 99 "-" "Mozilla/5.0 (compatible; AhrefsBot/7.0; +http://ahrefs.com/robot/)" 883 **0/883680**
37.59.204.150 - - [13/Mar/2026:08:04:47 -0700] "GET /feed/ HTTP/2.0" 200 495 "-" "Mozilla/5.0 (compatible; AhrefsBot/7.0; +http://ahrefs.com/robot/)" 806 **0/806994**
23.229.224.0 - - [13/Mar/2026:08:06:11 -0700] "POST /wp-cron.php?doing_wp_cron=1773414371.1455869674682617187500 HTTP/1.1" 200 - "-" "WordPress/6.9.4; https://sitepacket.com" 68 **0/68119**
52.167.144.195 - - [13/Mar/2026:08:06:10 -0700] "GET /?e=5417940041970 HTTP/2.0" 301 1 "-" "Mozilla/5.0 AppleWebKit/537.36 (KHTML, like Gecko; compatible; bingbot/2.0; +http://www.bing.com/bingbot.htm) Chrome/116.0.1938.76 Safari/537.36" 948 **0/948754**
52.167.144.195 - - [13/Mar/2026:08:06:11 -0700] "GET /?e=6268744041970 HTTP/2.0" 301 1 "-" "Mozilla/5.0 AppleWebKit/537.36 (KHTML, like Gecko; compatible; bingbot/2.0; +http://www.bing.com/bingbot.htm) Chrome/116.0.1938.76 Safari/537.36" 990 **0/990245**
23.229.224.0 - - [13/Mar/2026:08:06:39 -0700] "POST /wp-cron.php?doing_wp_cron=1773414399.2116088867187500000000 HTTP/1.1" 200 - "-" "WordPress/6.9.4; https://sitepacket.com" 69 **0/69450**
157.55.39.16 - - [13/Mar/2026:08:06:38 -0700] "GET /?e=4390367061970 HTTP/2.0" 301 1 "-" "Mozilla/5.0 AppleWebKit/537.36 (KHTML, like Gecko; compatible; bingbot/2.0; +http://www.bing.com/bingbot.htm) Chrome/116.0.1938.76 Safari/537.36" 777 **0/777915**
52.167.144.195 - - [13/Mar/2026:08:06:43 -0700] "GET /?e=30059771021970 HTTP/2.0" 301 1 "-" "Mozilla/5.0 AppleWebKit/537.36 (KHTML, like Gecko; compatible; bingbot/2.0; +http://www.bing.com/bingbot.htm) Chrome/116.0.1938.76 Safari/537.36" 759 **0/759144**
23.229.224.0 - - [13/Mar/2026:08:07:49 -0700] "POST /wp-cron.php?doing_wp_cron=1773414469.4778630733489990234375 HTTP/1.1" 200 - "-" "WordPress/6.9.4; https://sitepacket.com" 78 **0/78337**
157.55.39.16 - - [13/Mar/2026:08:07:48 -0700] "GET /?e=24269322071970 HTTP/2.0" 301 1 "-" "Mozilla/5.0 AppleWebKit/537.36 (KHTML, like Gecko; compatible; bingbot/2.0; +http://www.bing.com/bingbot.htm) Chrome/116.0.1938.76 Safari/537.36" 894 **0/894071**
40.77.167.63 - - [13/Mar/2026:08:07:53 -0700] "GET /?e=10467112041970 HTTP/2.0" 301 1 "-" "Mozilla/5.0 AppleWebKit/537.36 (KHTML, like Gecko; compatible; bingbot/2.0; +http://www.bing.com/bingbot.htm) Chrome/116.0.1938.76 Safari/537.36" 715 **0/715806**
40.77.167.63 - - [13/Mar/2026:08:08:11 -0700] "GET /?e=116158060051970 HTTP/2.0" 301 1 "-" "Mozilla/5.0 AppleWebKit/537.36 (KHTML, like Gecko; compatible; bingbot/2.0; +http://www.bing.com/bingbot.htm) Chrome/116.0.1938.76 Safari/537.36" 769 **0/769246**
23.229.224.0 - - [13/Mar/2026:08:08:31 -0700] "POST /wp-cron.php?doing_wp_cron=1773414511.2575080394744873046875 HTTP/1.1" 200 - "-" "WordPress/6.9.4; https://sitepacket.com" 87 **0/87607**
52.167.144.195 - - [13/Mar/2026:08:08:30 -0700] "GET /?e=30050455081970 HTTP/2.0" 301 1 "-" "Mozilla/5.0 AppleWebKit/537.36 (KHTML, like Gecko; compatible; bingbot/2.0; +http://www.bing.com/bingbot.htm) Chrome/116.0.1938.76 Safari/537.36" 909 **0/909060**
157.55.39.16 - - [13/Mar/2026:08:09:07 -0700] "GET /?e=10493389111970 HTTP/2.0" 301 1 "-" "Mozilla/5.0 AppleWebKit/537.36 (KHTML, like Gecko; compatible; bingbot/2.0; +http://www.bing.com/bingbot.htm) Chrome/116.0.1938.76 Safari/537.36" 934 **0/934837**
23.229.224.0 - - [13/Mar/2026:08:10:03 -0700] "GET /system/index.php/cron HTTP/1.1" 200 18 "-" "Wget/1.19.5 (linux-gnu)" 2013 **2/2013837**
23.229.224.0 - - [13/Mar/2026:08:10:15 -0700] "POST /wp-cron.php?doing_wp_cron=1773414615.5993189811706542968750 HTTP/1.1" 200 - "-" "WordPress/6.9.4; https://sitepacket.com" 71 **0/71181**
147.185.132.79 - - [13/Mar/2026:08:10:14 -0700] "GET /wp-login.php HTTP/1.1" 200 6117 "-" "Hello from Palo Alto Networks, find out more about our scans in https://docs-cortex.paloaltonetworks.com/r/1/Cortex-Xpanse/Scanning-activity" 1280 **1/1280512**
