23.229.224.0 - - [14/Mar/2026:11:21:59 -0700] "POST /wp-cron.php?doing_wp_cron=1773512519.0566270351409912109375 HTTP/1.1" 200 - "-" "WordPress/6.9.4; https://sitepacket.com" 363 **0/363899**
66.249.73.170 - - [14/Mar/2026:11:21:57 -0700] "GET /product/review/5584173001970 HTTP/1.1" 404 16310 "-" "Mozilla/5.0 (Linux; Android 6.0.1; Nexus 5X Build/MMB29P) AppleWebKit/537.36 (KHTML, like Gecko) Chrome/145.0.7632.116 Mobile Safari/537.36 (compatible; Googlebot/2.1; +http://www.google.com/bot.html)" 2452 **2/2452834**
23.229.224.0 - - [14/Mar/2026:11:23:16 -0700] "POST /wp-cron.php?doing_wp_cron=1773512596.7003920078277587890625 HTTP/1.1" 200 - "-" "WordPress/6.9.4; https://sitepacket.com" 82 **0/82085**
207.46.13.130 - - [14/Mar/2026:11:23:15 -0700] "GET /?e=31756091051970 HTTP/2.0" 301 1 "-" "Mozilla/5.0 AppleWebKit/537.36 (KHTML, like Gecko; compatible; bingbot/2.0; +http://www.bing.com/bingbot.htm) Chrome/116.0.1938.76 Safari/537.36" 917 **0/917351**
40.77.167.131 - - [14/Mar/2026:11:23:20 -0700] "GET /contents/event/kansyasai/5052837040970 HTTP/2.0" 404 16319 "-" "Mozilla/5.0 AppleWebKit/537.36 (KHTML, like Gecko; compatible; bingbot/2.0; +http://www.bing.com/bingbot.htm) Chrome/116.0.1938.76 Safari/537.36" 1096 **1/1096739**
23.229.224.0 - - [14/Mar/2026:11:23:27 -0700] "POST /wp-cron.php?doing_wp_cron=1773512607.0837619304656982421875 HTTP/1.1" 200 - "-" "WordPress/6.9.4; https://sitepacket.com" 92 **0/92997**
207.46.13.130 - - [14/Mar/2026:11:23:26 -0700] "GET /?e=5260764061970 HTTP/2.0" 301 1 "-" "Mozilla/5.0 AppleWebKit/537.36 (KHTML, like Gecko; compatible; bingbot/2.0; +http://www.bing.com/bingbot.htm) Chrome/116.0.1938.76 Safari/537.36" 1056 **1/1056505**
157.55.39.54 - - [14/Mar/2026:11:24:21 -0700] "GET /?e=5716919001970 HTTP/2.0" 301 1 "-" "Mozilla/5.0 AppleWebKit/537.36 (KHTML, like Gecko; compatible; bingbot/2.0; +http://www.bing.com/bingbot.htm) Chrome/116.0.1938.76 Safari/537.36" 1137 **1/1137326**
23.229.224.0 - - [14/Mar/2026:11:30:03 -0700] "GET /system/index.php/cron HTTP/1.1" 200 18 "-" "Wget/1.19.5 (linux-gnu)" 2247 **2/2247296**
23.229.224.0 - - [14/Mar/2026:11:30:17 -0700] "POST /wp-cron.php?doing_wp_cron=1773513017.2301669120788574218750 HTTP/1.1" 200 - "-" "WordPress/6.9.4; https://sitepacket.com" 147 **0/147212**
66.249.73.170 - - [14/Mar/2026:11:30:16 -0700] "GET /?e=28166415021970 HTTP/1.1" 301 1 "-" "Mozilla/5.0 (Linux; Android 6.0.1; Nexus 5X Build/MMB29P) AppleWebKit/537.36 (KHTML, like Gecko) Chrome/145.0.7632.116 Mobile Safari/537.36 (compatible; Googlebot/2.1; +http://www.google.com/bot.html)" 1425 **1/1425763**
23.229.224.0 - - [14/Mar/2026:11:30:27 -0700] "POST /wp-cron.php?doing_wp_cron=1773513027.5220589637756347656250 HTTP/1.1" 200 - "-" "WordPress/6.9.4; https://sitepacket.com" 101 **0/101271**
52.167.144.206 - - [14/Mar/2026:11:30:26 -0700] "GET /shop/storeSearch/KeepCriteriaInput.aspx?transition=top10191587012970 HTTP/2.0" 404 16340 "-" "Mozilla/5.0 AppleWebKit/537.36 (KHTML, like Gecko; compatible; bingbot/2.0; +http://www.bing.com/bingbot.htm) Chrome/116.0.1938.76 Safari/537.36" 1624 **1/1624797**
157.55.39.52 - - [14/Mar/2026:11:30:36 -0700] "GET /?e=4985866071970 HTTP/2.0" 301 1 "-" "Mozilla/5.0 AppleWebKit/537.36 (KHTML, like Gecko; compatible; bingbot/2.0; +http://www.bing.com/bingbot.htm) Chrome/116.0.1938.76 Safari/537.36" 1103 **1/1103983**
157.55.39.11 - - [14/Mar/2026:11:30:52 -0700] "GET /?e=6669795031970 HTTP/2.0" 301 1 "-" "Mozilla/5.0 AppleWebKit/537.36 (KHTML, like Gecko; compatible; bingbot/2.0; +http://www.bing.com/bingbot.htm) Chrome/116.0.1938.76 Safari/537.36" 1104 **1/1104266**
23.229.224.0 - - [14/Mar/2026:11:32:04 -0700] "POST /wp-cron.php?doing_wp_cron=1773513124.7573809623718261718750 HTTP/1.1" 200 - "-" "WordPress/6.9.4; https://sitepacket.com" 104 **0/104585**
157.55.39.11 - - [14/Mar/2026:11:32:03 -0700] "GET /?e=6706250031970 HTTP/2.0" 301 1 "-" "Mozilla/5.0 AppleWebKit/537.36 (KHTML, like Gecko; compatible; bingbot/2.0; +http://www.bing.com/bingbot.htm) Chrome/116.0.1938.76 Safari/537.36" 1081 **1/1081389**
157.55.39.52 - - [14/Mar/2026:11:32:08 -0700] "GET /?e=6714391081970 HTTP/2.0" 301 1 "-" "Mozilla/5.0 AppleWebKit/537.36 (KHTML, like Gecko; compatible; bingbot/2.0; +http://www.bing.com/bingbot.htm) Chrome/116.0.1938.76 Safari/537.36" 831 **0/831072**
52.167.144.206 - - [14/Mar/2026:11:32:13 -0700] "GET /?e=6169337011970 HTTP/2.0" 301 1 "-" "Mozilla/5.0 AppleWebKit/537.36 (KHTML, like Gecko; compatible; bingbot/2.0; +http://www.bing.com/bingbot.htm) Chrome/116.0.1938.76 Safari/537.36" 879 **0/879896**
23.229.224.0 - - [14/Mar/2026:11:33:37 -0700] "POST /wp-cron.php?doing_wp_cron=1773513217.0908319950103759765625 HTTP/1.1" 200 - "-" "WordPress/6.9.4; https://sitepacket.com" 74 **0/74303**
157.55.39.52 - - [14/Mar/2026:11:33:36 -0700] "GET /?e=6739212011970 HTTP/2.0" 301 1 "-" "Mozilla/5.0 AppleWebKit/537.36 (KHTML, like Gecko; compatible; bingbot/2.0; +http://www.bing.com/bingbot.htm) Chrome/116.0.1938.76 Safari/537.36" 889 **0/889415**
106.227.49.113 - - [14/Mar/2026:11:35:37 -0700] "GET / HTTP/1.1" 200 22782 "http://www.sitepacket.com" "Mozilla/5.0 (iPhone; CPU iPhone OS 13_2_3 like Mac OS X) AppleWebKit/605.1.15 (KHTML, like Gecko) Version/13.0.3 Mobile/15E148 Safari/604.1" 3831 **3/3831510**
66.249.73.170 - - [14/Mar/2026:11:35:39 -0700] "GET /shop/storeSearch/KeepCriteriaInput.aspx?&transition=top58072267042970 HTTP/1.1" 301 1 "-" "Mozilla/5.0 (Linux; Android 6.0.1; Nexus 5X Build/MMB29P) AppleWebKit/537.36 (KHTML, like Gecko) Chrome/145.0.7632.116 Mobile Safari/537.36 (compatible; Googlebot/2.1; +http://www.google.com/bot.html)" 4718 **4/4718652**
66.249.73.168 - - [14/Mar/2026:11:35:57 -0700] "GET /shop/storeSearch/KeepCriteriaInput.aspx?transition=top58072267042970 HTTP/1.1" 404 16340 "-" "Mozilla/5.0 (Linux; Android 6.0.1; Nexus 5X Build/MMB29P) AppleWebKit/537.36 (KHTML, like Gecko) Chrome/145.0.7632.116 Mobile Safari/537.36 (compatible; Googlebot/2.1; +http://www.google.com/bot.html)" 1078 **1/1078695**
23.229.224.0 - - [14/Mar/2026:11:36:38 -0700] "POST /wp-cron.php?doing_wp_cron=1773513398.7897870540618896484375 HTTP/1.1" 200 - "-" "WordPress/6.9.4; https://sitepacket.com" 67 **0/67734**
176.65.149.104 - - [14/Mar/2026:11:36:37 -0700] "GET //images/images/cache.php HTTP/1.1" 301 - "-" "Mozilla/5.0 (Windows NT 10.0; Win64; x64; rv:81.0) Gecko/20100101 Firefox/81.0" 1025 **1/1025629**
176.65.149.104 - - [14/Mar/2026:11:36:39 -0700] "GET /images/images/cache.php HTTP/1.1" 404 90464 "-" "Mozilla/5.0 (Windows NT 10.0; Win64; x64; rv:81.0) Gecko/20100101 Firefox/81.0" 1188 **1/1188053**
23.229.224.0 - - [14/Mar/2026:11:40:04 -0700] "GET /system/index.php/cron HTTP/1.1" 200 18 "-" "Wget/1.19.5 (linux-gnu)" 2581 **2/2581361**
66.249.73.170 - - [14/Mar/2026:11:43:42 -0700] "GET /wp-content/uploads/2025/05/ChatGPT-Image-May-6-2025-05_05_24-PM-1024x683.png HTTP/1.1" 200 218698 "-" "Googlebot-Image/1.0" 108 **0/108514**
23.229.224.0 - - [14/Mar/2026:11:49:34 -0700] "POST /wp-cron.php?doing_wp_cron=1773514174.0385429859161376953125 HTTP/1.1" 200 - "-" "WordPress/6.9.4; https://sitepacket.com" 71 **0/71188**
207.46.13.6 - - [14/Mar/2026:11:49:29 -0700] "GET /shop/storeSearch/KeepCriteriaInput.aspx?transition=top6879221052970 HTTP/2.0" 404 16339 "-" "Mozilla/5.0 AppleWebKit/537.36 (KHTML, like Gecko; compatible; bingbot/2.0; +http://www.bing.com/bingbot.htm) Chrome/116.0.1938.76 Safari/537.36" 4347 **4/4347542**
23.229.224.0 - - [14/Mar/2026:11:50:03 -0700] "GET /system/index.php/cron HTTP/1.1" 200 18 "-" "Wget/1.19.5 (linux-gnu)" 2284 **2/2284987**
23.229.224.0 - - [14/Mar/2026:11:50:20 -0700] "POST /wp-cron.php?doing_wp_cron=1773514220.9126720428466796875000 HTTP/1.1" 200 - "-" "WordPress/6.9.4; https://sitepacket.com" 137 **0/137051**
207.46.13.6 - - [14/Mar/2026:11:50:19 -0700] "GET /?e=5133857011970 HTTP/2.0" 301 1 "-" "Mozilla/5.0 AppleWebKit/537.36 (KHTML, like Gecko; compatible; bingbot/2.0; +http://www.bing.com/bingbot.htm) Chrome/116.0.1938.76 Safari/537.36" 1383 **1/1383781**
207.46.13.6 - - [14/Mar/2026:11:50:22 -0700] "GET /?e=14717200101970 HTTP/2.0" 301 1 "-" "Mozilla/5.0 AppleWebKit/537.36 (KHTML, like Gecko; compatible; bingbot/2.0; +http://www.bing.com/bingbot.htm) Chrome/116.0.1938.76 Safari/537.36" 935 **0/935511**
23.229.224.0 - - [14/Mar/2026:11:50:59 -0700] "POST /wp-cron.php?doing_wp_cron=1773514259.3902549743652343750000 HTTP/1.1" 200 - "-" "WordPress/6.9.4; https://sitepacket.com" 98 **0/98131**
157.55.39.52 - - [14/Mar/2026:11:50:58 -0700] "GET /?e=6645556041970 HTTP/2.0" 301 1 "-" "Mozilla/5.0 AppleWebKit/537.36 (KHTML, like Gecko; compatible; bingbot/2.0; +http://www.bing.com/bingbot.htm) Chrome/116.0.1938.76 Safari/537.36" 1090 **1/1090415**
192.171.84.85 - - [14/Mar/2026:11:54:48 -0700] "GET /company/internal HTTP/2.0" 301 288 "-" "Mozilla/5.0 (X11; Linux x86_64) AppleWebKit/537.36 (KHTML, like Gecko) Chrome/141.0.0.0 Safari/537.36" 17 **0/17121**
192.171.84.85 - - [14/Mar/2026:11:54:48 -0700] "GET /company/internal/ HTTP/2.0" 200 189 "-" "Mozilla/5.0 (X11; Linux x86_64) AppleWebKit/537.36 (KHTML, like Gecko) Chrome/141.0.0.0 Safari/537.36" 11 **0/11367**
192.171.84.85 - - [14/Mar/2026:11:54:48 -0700] "GET /company/internal/style.css HTTP/2.0" 200 104 "https://sitepacket.com/company/internal/" "Mozilla/5.0 (X11; Linux x86_64) AppleWebKit/537.36 (KHTML, like Gecko) Chrome/141.0.0.0 Safari/537.36" 24 **0/24205**
23.229.224.0 - - [14/Mar/2026:11:54:53 -0700] "POST /wp-cron.php?doing_wp_cron=1773514493.2462549209594726562500 HTTP/1.1" 200 - "-" "WordPress/6.9.4; https://sitepacket.com" 110 **0/110351**
192.171.84.85 - - [14/Mar/2026:11:54:52 -0700] "GET /favicon.ico HTTP/2.0" 302 1 "https://sitepacket.com/company/internal/" "Mozilla/5.0 (X11; Linux x86_64) AppleWebKit/537.36 (KHTML, like Gecko) Chrome/141.0.0.0 Safari/537.36" 1323 **1/1323007**
192.171.84.85 - - [14/Mar/2026:11:54:53 -0700] "GET /wp-content/uploads/2025/05/cropped-logo-sitepacket-favicon-32x32.png HTTP/2.0" 200 1497 "https://sitepacket.com/company/internal/" "Mozilla/5.0 (X11; Linux x86_64) AppleWebKit/537.36 (KHTML, like Gecko) Chrome/141.0.0.0 Safari/537.36" 14 **0/14199**
23.229.224.0 - - [14/Mar/2026:11:57:12 -0700] "POST /wp-cron.php?doing_wp_cron=1773514632.9836139678955078125000 HTTP/1.1" 200 - "-" "WordPress/6.9.4; https://sitepacket.com" 164 **0/164472**
207.46.13.6 - - [14/Mar/2026:11:57:11 -0700] "GET /?e=5429933061970 HTTP/2.0" 301 1 "-" "Mozilla/5.0 AppleWebKit/537.36 (KHTML, like Gecko; compatible; bingbot/2.0; +http://www.bing.com/bingbot.htm) Chrome/116.0.1938.76 Safari/537.36" 1251 **1/1251653**
23.229.224.0 - - [14/Mar/2026:11:57:35 -0700] "POST /wp-cron.php?doing_wp_cron=1773514655.6837930679321289062500 HTTP/1.1" 200 - "-" "WordPress/6.9.4; https://sitepacket.com" 99 **0/99642**
207.46.13.52 - - [14/Mar/2026:11:57:34 -0700] "GET /?e=4974474031970 HTTP/2.0" 301 1 "-" "Mozilla/5.0 AppleWebKit/537.36 (KHTML, like Gecko; compatible; bingbot/2.0; +http://www.bing.com/bingbot.htm) Chrome/116.0.1938.76 Safari/537.36" 1447 **1/1447070**
52.167.144.202 - - [14/Mar/2026:11:57:51 -0700] "GET /?e=110428239041970 HTTP/2.0" 301 1 "-" "Mozilla/5.0 AppleWebKit/537.36 (KHTML, like Gecko; compatible; bingbot/2.0; +http://www.bing.com/bingbot.htm) Chrome/116.0.1938.76 Safari/537.36" 1156 **1/1156755**
52.167.144.202 - - [14/Mar/2026:11:58:01 -0700] "GET /?e=4895220001970 HTTP/2.0" 301 1 "-" "Mozilla/5.0 AppleWebKit/537.36 (KHTML, like Gecko; compatible; bingbot/2.0; +http://www.bing.com/bingbot.htm) Chrome/116.0.1938.76 Safari/537.36" 2562 **2/2562225**
207.46.13.52 - - [14/Mar/2026:11:58:06 -0700] "GET /?e=6877155041970 HTTP/2.0" 301 1 "-" "Mozilla/5.0 AppleWebKit/537.36 (KHTML, like Gecko; compatible; bingbot/2.0; +http://www.bing.com/bingbot.htm) Chrome/116.0.1938.76 Safari/537.36" 1511 **1/1511613**
207.46.13.52 - - [14/Mar/2026:11:58:23 -0700] "GET /?e=10291820001970 HTTP/2.0" 301 1 "-" "Mozilla/5.0 AppleWebKit/537.36 (KHTML, like Gecko; compatible; bingbot/2.0; +http://www.bing.com/bingbot.htm) Chrome/116.0.1938.76 Safari/537.36" 1078 **1/1078874**
207.46.13.52 - - [14/Mar/2026:11:58:24 -0700] "GET /?e=5990941041970 HTTP/2.0" 301 1 "-" "Mozilla/5.0 AppleWebKit/537.36 (KHTML, like Gecko; compatible; bingbot/2.0; +http://www.bing.com/bingbot.htm) Chrome/116.0.1938.76 Safari/537.36" 1118 **1/1118135**
23.229.224.0 - - [14/Mar/2026:11:58:33 -0700] "POST /wp-cron.php?doing_wp_cron=1773514713.1928250789642333984375 HTTP/1.1" 200 - "-" "WordPress/6.9.4; https://sitepacket.com" 152 **0/152123**
52.167.144.202 - - [14/Mar/2026:11:58:31 -0700] "GET /?e=6981825001970 HTTP/2.0" 301 1 "-" "Mozilla/5.0 AppleWebKit/537.36 (KHTML, like Gecko; compatible; bingbot/2.0; +http://www.bing.com/bingbot.htm) Chrome/116.0.1938.76 Safari/537.36" 1633 **1/1633120**
207.46.13.52 - - [14/Mar/2026:11:59:02 -0700] "GET /?e=30175435021970 HTTP/2.0" 301 1 "-" "Mozilla/5.0 AppleWebKit/537.36 (KHTML, like Gecko; compatible; bingbot/2.0; +http://www.bing.com/bingbot.htm) Chrome/116.0.1938.76 Safari/537.36" 1194 **1/1194803**
207.46.13.52 - - [14/Mar/2026:11:59:04 -0700] "GET /?e=5589117071970 HTTP/2.0" 301 1 "-" "Mozilla/5.0 AppleWebKit/537.36 (KHTML, like Gecko; compatible; bingbot/2.0; +http://www.bing.com/bingbot.htm) Chrome/116.0.1938.76 Safari/537.36" 1023 **1/1023558**
23.229.224.0 - - [14/Mar/2026:11:59:30 -0700] "POST /wp-cron.php?doing_wp_cron=1773514770.8905880451202392578125 HTTP/1.1" 200 - "-" "WordPress/6.9.4; https://sitepacket.com" 187 **0/187688**
157.55.39.11 - - [14/Mar/2026:11:59:29 -0700] "GET /?e=6268234071970 HTTP/2.0" 301 1 "-" "Mozilla/5.0 AppleWebKit/537.36 (KHTML, like Gecko; compatible; bingbot/2.0; +http://www.bing.com/bingbot.htm) Chrome/116.0.1938.76 Safari/537.36" 1905 **1/1905593**
23.229.224.0 - - [14/Mar/2026:12:00:05 -0700] "GET /system/index.php/cron HTTP/1.1" 200 18 "-" "Wget/1.19.5 (linux-gnu)" 2889 **2/2889650**
23.229.224.0 - - [14/Mar/2026:12:00:52 -0700] "POST /wp-cron.php?doing_wp_cron=1773514852.0489709377288818359375 HTTP/1.1" 200 - "-" "WordPress/6.9.4; https://sitepacket.com" 147 **0/147876**
66.249.73.170 - - [14/Mar/2026:12:00:49 -0700] "GET /shop/storeSearch/KeepCriteriaInput.aspx?&transition=top5292202042970 HTTP/1.1" 301 1 "-" "Mozilla/5.0 (Linux; Android 6.0.1; Nexus 5X Build/MMB29P) AppleWebKit/537.36 (KHTML, like Gecko) Chrome/145.0.7632.116 Mobile Safari/537.36 (compatible; Googlebot/2.1; +http://www.google.com/bot.html)" 3242 **3/3242683**
157.55.39.11 - - [14/Mar/2026:12:00:49 -0700] "GET /?e=30209878001970 HTTP/2.0" 301 1 "-" "Mozilla/5.0 AppleWebKit/537.36 (KHTML, like Gecko; compatible; bingbot/2.0; +http://www.bing.com/bingbot.htm) Chrome/116.0.1938.76 Safari/537.36" 2689 **2/2689805**
66.249.73.169 - - [14/Mar/2026:12:00:52 -0700] "GET /product/category/102114701001970 HTTP/1.1" 404 16315 "-" "Mozilla/5.0 (Linux; Android 6.0.1; Nexus 5X Build/MMB29P) AppleWebKit/537.36 (KHTML, like Gecko) Chrome/145.0.7632.116 Mobile Safari/537.36 (compatible; Googlebot/2.1; +http://www.google.com/bot.html)" 1835 **1/1835102**
66.249.73.168 - - [14/Mar/2026:12:00:58 -0700] "GET /shop/storeSearch/KeepCriteriaInput.aspx?transition=top5292202042970 HTTP/1.1" 404 16339 "-" "Mozilla/5.0 (Linux; Android 6.0.1; Nexus 5X Build/MMB29P) AppleWebKit/537.36 (KHTML, like Gecko) Chrome/145.0.7632.116 Mobile Safari/537.36 (compatible; Googlebot/2.1; +http://www.google.com/bot.html)" 1436 **1/1436354**
52.167.144.202 - - [14/Mar/2026:12:01:01 -0700] "GET /?e=30110578041970 HTTP/2.0" 301 1 "-" "Mozilla/5.0 AppleWebKit/537.36 (KHTML, like Gecko; compatible; bingbot/2.0; +http://www.bing.com/bingbot.htm) Chrome/116.0.1938.76 Safari/537.36" 1340 **1/1340203**
23.229.224.0 - - [14/Mar/2026:12:01:32 -0700] "POST /wp-cron.php?doing_wp_cron=1773514892.9402530193328857421875 HTTP/1.1" 200 - "-" "WordPress/6.9.4; https://sitepacket.com" 134 **0/134017**
52.167.144.202 - - [14/Mar/2026:12:01:31 -0700] "GET /?e=7229416081970 HTTP/2.0" 301 1 "-" "Mozilla/5.0 AppleWebKit/537.36 (KHTML, like Gecko; compatible; bingbot/2.0; +http://www.bing.com/bingbot.htm) Chrome/116.0.1938.76 Safari/537.36" 1148 **1/1148150**
207.46.13.231 - - [14/Mar/2026:12:01:32 -0700] "GET /robots.txt HTTP/2.0" 200 99 "-" "Mozilla/5.0 AppleWebKit/537.36 (KHTML, like Gecko; compatible; bingbot/2.0; +http://www.bing.com/bingbot.htm) Chrome/116.0.1938.76 Safari/537.36" 1760 **1/1760370**
157.55.39.11 - - [14/Mar/2026:12:01:39 -0700] "GET /?e=31658800041970 HTTP/2.0" 301 1 "-" "Mozilla/5.0 AppleWebKit/537.36 (KHTML, like Gecko; compatible; bingbot/2.0; +http://www.bing.com/bingbot.htm) Chrome/116.0.1938.76 Safari/537.36" 839 **0/839212**
207.46.13.52 - - [14/Mar/2026:12:01:44 -0700] "GET /shop/storeSearch/KeepCriteriaInput.aspx?transition=top19824357012970 HTTP/2.0" 404 16340 "-" "Mozilla/5.0 AppleWebKit/537.36 (KHTML, like Gecko; compatible; bingbot/2.0; +http://www.bing.com/bingbot.htm) Chrome/116.0.1938.76 Safari/537.36" 1276 **1/1276303**
23.229.224.0 - - [14/Mar/2026:12:01:55 -0700] "POST /wp-cron.php?doing_wp_cron=1773514915.5226910114288330078125 HTTP/1.1" 200 - "-" "WordPress/6.9.4; https://sitepacket.com" 92 **0/92137**
52.167.144.202 - - [14/Mar/2026:12:01:54 -0700] "GET /?e=5156804041970 HTTP/2.0" 301 1 "-" "Mozilla/5.0 AppleWebKit/537.36 (KHTML, like Gecko; compatible; bingbot/2.0; +http://www.bing.com/bingbot.htm) Chrome/116.0.1938.76 Safari/537.36" 1157 **1/1157570**
52.167.144.202 - - [14/Mar/2026:12:01:56 -0700] "GET /?e=10381086001970 HTTP/2.0" 301 1 "-" "Mozilla/5.0 AppleWebKit/537.36 (KHTML, like Gecko; compatible; bingbot/2.0; +http://www.bing.com/bingbot.htm) Chrome/116.0.1938.76 Safari/537.36" 929 **0/929344**
23.229.224.0 - - [14/Mar/2026:12:02:45 -0700] "POST /wp-cron.php?doing_wp_cron=1773514965.8612749576568603515625 HTTP/1.1" 200 - "-" "WordPress/6.9.4; https://sitepacket.com" 90 **0/90658**
207.46.13.52 - - [14/Mar/2026:12:02:45 -0700] "GET /?e=10206513131970 HTTP/2.0" 301 1 "-" "Mozilla/5.0 AppleWebKit/537.36 (KHTML, like Gecko; compatible; bingbot/2.0; +http://www.bing.com/bingbot.htm) Chrome/116.0.1938.76 Safari/537.36" 1000 **1/1000316**
207.46.13.52 - - [14/Mar/2026:12:02:46 -0700] "GET /shop/storeSearch/KeepCriteriaInput.aspx?transition=top5704796012970 HTTP/2.0" 404 16339 "-" "Mozilla/5.0 AppleWebKit/537.36 (KHTML, like Gecko; compatible; bingbot/2.0; +http://www.bing.com/bingbot.htm) Chrome/116.0.1938.76 Safari/537.36" 1349 **1/1349587**
52.167.144.202 - - [14/Mar/2026:12:03:00 -0700] "GET /?e=5681217071970 HTTP/2.0" 301 1 "-" "Mozilla/5.0 AppleWebKit/537.36 (KHTML, like Gecko; compatible; bingbot/2.0; +http://www.bing.com/bingbot.htm) Chrome/116.0.1938.76 Safari/537.36" 1349 **1/1349439**
66.249.73.169 - - [14/Mar/2026:12:03:04 -0700] "GET /shop/storeSearch/KeepCriteriaInput.aspx?&transition=top44501051002970 HTTP/1.1" 301 1 "-" "Mozilla/5.0 (Linux; Android 6.0.1; Nexus 5X Build/MMB29P) AppleWebKit/537.36 (KHTML, like Gecko) Chrome/145.0.7632.116 Mobile Safari/537.36 (compatible; Googlebot/2.1; +http://www.google.com/bot.html)" 2988 **2/2988563**
66.249.73.168 - - [14/Mar/2026:12:03:08 -0700] "GET /shop/storeSearch/KeepCriteriaInput.aspx?transition=top44501051002970 HTTP/1.1" 404 16340 "-" "Mozilla/5.0 (Linux; Android 6.0.1; Nexus 5X Build/MMB29P) AppleWebKit/537.36 (KHTML, like Gecko) Chrome/145.0.7632.116 Mobile Safari/537.36 (compatible; Googlebot/2.1; +http://www.google.com/bot.html)" 1565 **1/1565776**
157.55.39.11 - - [14/Mar/2026:12:03:19 -0700] "GET /?e=10254028071970 HTTP/2.0" 301 1 "-" "Mozilla/5.0 AppleWebKit/537.36 (KHTML, like Gecko; compatible; bingbot/2.0; +http://www.bing.com/bingbot.htm) Chrome/116.0.1938.76 Safari/537.36" 1533 **1/1533072**
52.167.144.216 - - [14/Mar/2026:12:03:24 -0700] "GET /?e=5709350061970 HTTP/2.0" 301 1 "-" "Mozilla/5.0 AppleWebKit/537.36 (KHTML, like Gecko; compatible; bingbot/2.0; +http://www.bing.com/bingbot.htm) Chrome/116.0.1938.76 Safari/537.36" 795 **0/795623**
23.229.224.0 - - [14/Mar/2026:12:03:35 -0700] "POST /wp-cron.php?doing_wp_cron=1773515015.7836201190948486328125 HTTP/1.1" 200 - "-" "WordPress/6.9.4; https://sitepacket.com" 90 **0/90845**
207.46.13.52 - - [14/Mar/2026:12:03:34 -0700] "GET /?e=6374120061970 HTTP/2.0" 301 1 "-" "Mozilla/5.0 AppleWebKit/537.36 (KHTML, like Gecko; compatible; bingbot/2.0; +http://www.bing.com/bingbot.htm) Chrome/116.0.1938.76 Safari/537.36" 1091 **1/1091842**
23.229.224.0 - - [14/Mar/2026:12:04:22 -0700] "POST /wp-cron.php?doing_wp_cron=1773515062.6355860233306884765625 HTTP/1.1" 200 - "-" "WordPress/6.9.4; https://sitepacket.com" 101 **0/101133**
52.167.144.216 - - [14/Mar/2026:12:04:21 -0700] "GET /shop/storeSearch/KeepCriteriaInput.aspx?transition=top10288220062970 HTTP/2.0" 404 16340 "-" "Mozilla/5.0 AppleWebKit/537.36 (KHTML, like Gecko; compatible; bingbot/2.0; +http://www.bing.com/bingbot.htm) Chrome/116.0.1938.76 Safari/537.36" 1425 **1/1425795**
52.167.144.216 - - [14/Mar/2026:12:04:23 -0700] "GET /?e=10333335071970 HTTP/2.0" 301 1 "-" "Mozilla/5.0 AppleWebKit/537.36 (KHTML, like Gecko; compatible; bingbot/2.0; +http://www.bing.com/bingbot.htm) Chrome/116.0.1938.76 Safari/537.36" 1238 **1/1238596**
52.167.144.216 - - [14/Mar/2026:12:04:25 -0700] "GET /shop/storeSearch/KeepCriteriaInput.aspx?transition=top5536632002970 HTTP/2.0" 404 16339 "-" "Mozilla/5.0 AppleWebKit/537.36 (KHTML, like Gecko; compatible; bingbot/2.0; +http://www.bing.com/bingbot.htm) Chrome/116.0.1938.76 Safari/537.36" 1321 **1/1321967**
23.229.224.0 - - [14/Mar/2026:12:04:27 -0700] "POST /wp-cron.php?doing_wp_cron=1773515067.0785160064697265625000 HTTP/1.1" 200 - "-" "WordPress/6.9.4; https://sitepacket.com" 109 **0/109703**
207.46.13.52 - - [14/Mar/2026:12:04:25 -0700] "GET /?e=14646025071970 HTTP/2.0" 301 1 "-" "Mozilla/5.0 AppleWebKit/537.36 (KHTML, like Gecko; compatible; bingbot/2.0; +http://www.bing.com/bingbot.htm) Chrome/116.0.1938.76 Safari/537.36" 1755 **1/1755672**
23.229.224.0 - - [14/Mar/2026:12:05:16 -0700] "POST /wp-cron.php?doing_wp_cron=1773515116.8364579677581787109375 HTTP/1.1" 200 - "-" "WordPress/6.9.4; https://sitepacket.com" 101 **0/101383**
207.46.13.52 - - [14/Mar/2026:12:05:15 -0700] "GET /shop/storeSearch/KeepCriteriaInput.aspx?transition=top10231676002970 HTTP/2.0" 404 16340 "-" "Mozilla/5.0 AppleWebKit/537.36 (KHTML, like Gecko; compatible; bingbot/2.0; +http://www.bing.com/bingbot.htm) Chrome/116.0.1938.76 Safari/537.36" 1573 **1/1573430**
207.46.13.52 - - [14/Mar/2026:12:05:17 -0700] "GET /?e=5007232001970 HTTP/2.0" 301 1 "-" "Mozilla/5.0 AppleWebKit/537.36 (KHTML, like Gecko; compatible; bingbot/2.0; +http://www.bing.com/bingbot.htm) Chrome/116.0.1938.76 Safari/537.36" 2597 **2/2597077**
223.29.141.167 - - [14/Mar/2026:12:06:03 -0700] "GET /system/ HTTP/2.0" 302 1 "-" "Mozilla/5.0 (Linux; Android 5.0; SM-G900P Build/LRX21T) AppleWebKit/537.36 (KHTML, like Gecko) Chrome/52.0.3865.1538 Mobile Safari/537.36" 247 **0/247830**
223.29.141.167 - - [14/Mar/2026:12:06:04 -0700] "GET /system/index.php/signin HTTP/2.0" 200 2778 "-" "Mozilla/5.0 (Linux; Android 5.0; SM-G900P Build/LRX21T) AppleWebKit/537.36 (KHTML, like Gecko) Chrome/52.0.3865.1538 Mobile Safari/537.36" 204 **0/204118**
142.252.209.34 - - [14/Mar/2026:12:06:06 -0700] "GET /system/assets/js/select2/select2-bootstrap.min.css?v=3.9.4 HTTP/2.0" 200 1411 "https://sitepacket.com/system/index.php/signin" "Mozilla/5.0 (Linux; Android 5.0; SM-G900P Build/LRX21T) AppleWebKit/537.36 (KHTML, like Gecko) Chrome/52.0.3865.1538 Mobile Safari/537.36" 18 **0/18598**
142.252.209.34 - - [14/Mar/2026:12:06:06 -0700] "GET /system/assets/css/custom-style.css?v=3.9.4 HTTP/2.0" 200 43 "https://sitepacket.com/system/index.php/signin" "Mozilla/5.0 (Linux; Android 5.0; SM-G900P Build/LRX21T) AppleWebKit/537.36 (KHTML, like Gecko) Chrome/52.0.3865.1538 Mobile Safari/537.36" 23 **0/23395**
142.252.209.34 - - [14/Mar/2026:12:06:06 -0700] "GET /system/assets/js/select2/select2.css?v=3.9.4 HTTP/2.0" 200 3041 "https://sitepacket.com/system/index.php/signin" "Mozilla/5.0 (Linux; Android 5.0; SM-G900P Build/LRX21T) AppleWebKit/537.36 (KHTML, like Gecko) Chrome/52.0.3865.1538 Mobile Safari/537.36" 27 **0/27933**
142.252.209.34 - - [14/Mar/2026:12:06:06 -0700] "GET /system/assets/bootstrap/css/bootstrap.min.css?v=3.9.4 HTTP/2.0" 200 28250 "https://sitepacket.com/system/index.php/signin" "Mozilla/5.0 (Linux; Android 5.0; SM-G900P Build/LRX21T) AppleWebKit/537.36 (KHTML, like Gecko) Chrome/52.0.3865.1538 Mobile Safari/537.36" 33 **0/33536**
142.252.209.34 - - [14/Mar/2026:12:06:06 -0700] "GET /system/assets/css/app.all.css?v=3.9.4 HTTP/2.0" 200 43749 "https://sitepacket.com/system/index.php/signin" "Mozilla/5.0 (Linux; Android 5.0; SM-G900P Build/LRX21T) AppleWebKit/537.36 (KHTML, like Gecko) Chrome/52.0.3865.1538 Mobile Safari/537.36" 60 **0/60909**
23.229.224.0 - - [14/Mar/2026:12:06:07 -0700] "POST /wp-cron.php?doing_wp_cron=1773515167.5528919696807861328125 HTTP/1.1" 200 - "-" "WordPress/6.9.4; https://sitepacket.com" 79 **0/79341**
207.46.13.52 - - [14/Mar/2026:12:06:06 -0700] "GET /?e=6206102011970 HTTP/2.0" 301 1 "-" "Mozilla/5.0 AppleWebKit/537.36 (KHTML, like Gecko; compatible; bingbot/2.0; +http://www.bing.com/bingbot.htm) Chrome/116.0.1938.76 Safari/537.36" 1528 **1/1528704**
23.229.224.0 - - [14/Mar/2026:12:06:40 -0700] "POST /wp-cron.php?doing_wp_cron=1773515200.7874169349670410156250 HTTP/1.1" 200 - "-" "WordPress/6.9.4; https://sitepacket.com" 76 **0/76508**
157.55.39.11 - - [14/Mar/2026:12:06:39 -0700] "GET /?e=4906260001970 HTTP/2.0" 301 1 "-" "Mozilla/5.0 AppleWebKit/537.36 (KHTML, like Gecko; compatible; bingbot/2.0; +http://www.bing.com/bingbot.htm) Chrome/116.0.1938.76 Safari/537.36" 904 **0/904704**
40.77.167.61 - - [14/Mar/2026:12:07:02 -0700] "GET /?e=5225055081970 HTTP/2.0" 301 1 "-" "Mozilla/5.0 AppleWebKit/537.36 (KHTML, like Gecko; compatible; bingbot/2.0; +http://www.bing.com/bingbot.htm) Chrome/116.0.1938.76 Safari/537.36" 1065 **1/1065260**
23.229.224.0 - - [14/Mar/2026:12:08:13 -0700] "POST /wp-cron.php?doing_wp_cron=1773515293.9783151149749755859375 HTTP/1.1" 200 - "-" "WordPress/6.9.4; https://sitepacket.com" 121 **0/121207**
40.77.167.61 - - [14/Mar/2026:12:08:12 -0700] "GET /?e=24261556121970 HTTP/2.0" 301 1 "-" "Mozilla/5.0 AppleWebKit/537.36 (KHTML, like Gecko; compatible; bingbot/2.0; +http://www.bing.com/bingbot.htm) Chrome/116.0.1938.76 Safari/537.36" 1171 **1/1171568**
40.77.167.61 - - [14/Mar/2026:12:08:14 -0700] "GET /?e=30084964071970 HTTP/2.0" 301 1 "-" "Mozilla/5.0 AppleWebKit/537.36 (KHTML, like Gecko; compatible; bingbot/2.0; +http://www.bing.com/bingbot.htm) Chrome/116.0.1938.76 Safari/537.36" 1615 **1/1615148**
23.229.224.0 - - [14/Mar/2026:12:10:03 -0700] "GET /system/index.php/cron HTTP/1.1" 200 18 "-" "Wget/1.19.5 (linux-gnu)" 2341 **2/2341053**
23.229.224.0 - - [14/Mar/2026:12:10:20 -0700] "POST /wp-cron.php?doing_wp_cron=1773515420.8654460906982421875000 HTTP/1.1" 200 - "-" "WordPress/6.9.4; https://sitepacket.com" 158 **0/158455**
47.128.52.247 - - [14/Mar/2026:12:10:19 -0700] "GET /robots.txt HTTP/1.1" 403 172 "-" "Mozilla/5.0 (Linux; Android 5.0) AppleWebKit/537.36 (KHTML, like Gecko) Mobile Safari/537.36 (compatible; Bytespider; spider-feedback@bytedance.com)" 1750 **1/1750373**
23.229.224.0 - - [14/Mar/2026:12:13:09 -0700] "POST /wp-cron.php?doing_wp_cron=1773515589.8381578922271728515625 HTTP/1.1" 200 - "-" "WordPress/6.9.4; https://sitepacket.com" 94 **0/94749**
157.55.39.63 - - [14/Mar/2026:12:13:08 -0700] "GET /?e=22497776031970 HTTP/2.0" 301 1 "-" "Mozilla/5.0 AppleWebKit/537.36 (KHTML, like Gecko; compatible; bingbot/2.0; +http://www.bing.com/bingbot.htm) Chrome/116.0.1938.76 Safari/537.36" 1464 **1/1464011**
157.55.39.62 - - [14/Mar/2026:12:13:13 -0700] "GET /?e=10171020011970 HTTP/2.0" 301 1 "-" "Mozilla/5.0 AppleWebKit/537.36 (KHTML, like Gecko; compatible; bingbot/2.0; +http://www.bing.com/bingbot.htm) Chrome/116.0.1938.76 Safari/537.36" 1521 **1/1521551**
40.77.167.61 - - [14/Mar/2026:12:13:17 -0700] "GET /?e=5096360071970 HTTP/2.0" 301 1 "-" "Mozilla/5.0 AppleWebKit/537.36 (KHTML, like Gecko; compatible; bingbot/2.0; +http://www.bing.com/bingbot.htm) Chrome/116.0.1938.76 Safari/537.36" 1025 **1/1025179**
23.229.224.0 - - [14/Mar/2026:12:13:35 -0700] "POST /wp-cron.php?doing_wp_cron=1773515615.0000009536743164062500 HTTP/1.1" 200 - "-" "WordPress/6.9.4; https://sitepacket.com" 100 **0/100607**
40.77.167.61 - - [14/Mar/2026:12:13:34 -0700] "GET /?e=10341483031970 HTTP/2.0" 301 1 "-" "Mozilla/5.0 AppleWebKit/537.36 (KHTML, like Gecko; compatible; bingbot/2.0; +http://www.bing.com/bingbot.htm) Chrome/116.0.1938.76 Safari/537.36" 1153 **1/1153924**
157.55.39.62 - - [14/Mar/2026:12:13:40 -0700] "GET /?e=31386034071970 HTTP/2.0" 301 1 "-" "Mozilla/5.0 AppleWebKit/537.36 (KHTML, like Gecko; compatible; bingbot/2.0; +http://www.bing.com/bingbot.htm) Chrome/116.0.1938.76 Safari/537.36" 819 **0/819223**
40.77.167.61 - - [14/Mar/2026:12:14:04 -0700] "GET /?e=30118479021970 HTTP/2.0" 301 1 "-" "Mozilla/5.0 AppleWebKit/537.36 (KHTML, like Gecko; compatible; bingbot/2.0; +http://www.bing.com/bingbot.htm) Chrome/116.0.1938.76 Safari/537.36" 943 **0/943612**
40.77.167.61 - - [14/Mar/2026:12:14:06 -0700] "GET /?e=6328716061970 HTTP/2.0" 301 1 "-" "Mozilla/5.0 AppleWebKit/537.36 (KHTML, like Gecko; compatible; bingbot/2.0; +http://www.bing.com/bingbot.htm) Chrome/116.0.1938.76 Safari/537.36" 948 **0/948556**
23.229.224.0 - - [14/Mar/2026:12:15:00 -0700] "POST /wp-cron.php?doing_wp_cron=1773515700.1339859962463378906250 HTTP/1.1" 200 - "-" "WordPress/6.9.4; https://sitepacket.com" 137 **0/137073**
157.55.39.63 - - [14/Mar/2026:12:14:59 -0700] "GET /?e=6227550141970 HTTP/2.0" 301 1 "-" "Mozilla/5.0 AppleWebKit/537.36 (KHTML, like Gecko; compatible; bingbot/2.0; +http://www.bing.com/bingbot.htm) Chrome/116.0.1938.76 Safari/537.36" 1070 **1/1070476**
157.55.39.62 - - [14/Mar/2026:12:15:03 -0700] "GET /?e=31672705011970 HTTP/2.0" 301 1 "-" "Mozilla/5.0 AppleWebKit/537.36 (KHTML, like Gecko; compatible; bingbot/2.0; +http://www.bing.com/bingbot.htm) Chrome/116.0.1938.76 Safari/537.36" 2299 **2/2299091**
40.77.167.61 - - [14/Mar/2026:12:15:14 -0700] "GET /product/review/5206726071970 HTTP/2.0" 404 16310 "-" "Mozilla/5.0 AppleWebKit/537.36 (KHTML, like Gecko; compatible; bingbot/2.0; +http://www.bing.com/bingbot.htm) Chrome/116.0.1938.76 Safari/537.36" 1328 **1/1328388**
23.229.224.0 - - [14/Mar/2026:12:15:45 -0700] "POST /wp-cron.php?doing_wp_cron=1773515744.9906520843505859375000 HTTP/1.1" 200 - "-" "WordPress/6.9.4; https://sitepacket.com" 120 **0/120953**
40.77.167.61 - - [14/Mar/2026:12:15:37 -0700] "GET /?e=6919182021970 HTTP/2.0" 301 1 "-" "Mozilla/5.0 AppleWebKit/537.36 (KHTML, like Gecko; compatible; bingbot/2.0; +http://www.bing.com/bingbot.htm) Chrome/116.0.1938.76 Safari/537.36" 7718 **7/7718611**
23.229.224.0 - - [14/Mar/2026:12:19:54 -0700] "POST /wp-cron.php?doing_wp_cron=1773515994.5217730998992919921875 HTTP/1.1" 200 - "-" "WordPress/6.9.4; https://sitepacket.com" 73 **0/73581**
40.77.167.75 - - [14/Mar/2026:12:19:53 -0700] "GET /?e=4812162041970 HTTP/2.0" 301 1 "-" "Mozilla/5.0 AppleWebKit/537.36 (KHTML, like Gecko; compatible; bingbot/2.0; +http://www.bing.com/bingbot.htm) Chrome/116.0.1938.76 Safari/537.36" 919 **0/919403**
23.229.224.0 - - [14/Mar/2026:12:20:05 -0700] "POST /system/index.php/notification_processor/create_notification HTTP/2.0" 200 - "-" "-" 577 **0/577945**
23.229.224.0 - - [14/Mar/2026:12:20:06 -0700] "POST /system/index.php/notification_processor/create_notification HTTP/2.0" 200 - "-" "-" 276 **0/276234**
23.229.224.0 - - [14/Mar/2026:12:20:06 -0700] "POST /system/index.php/notification_processor/create_notification HTTP/2.0" 200 - "-" "-" 323 **0/323159**
23.229.224.0 - - [14/Mar/2026:12:20:04 -0700] "GET /system/index.php/cron HTTP/1.1" 200 18 "-" "Wget/1.19.5 (linux-gnu)" 4656 **4/4656375**
40.77.167.75 - - [14/Mar/2026:12:20:14 -0700] "GET /?e=10319560071970 HTTP/2.0" 301 1 "-" "Mozilla/5.0 AppleWebKit/537.36 (KHTML, like Gecko; compatible; bingbot/2.0; +http://www.bing.com/bingbot.htm) Chrome/116.0.1938.76 Safari/537.36" 1158 **1/1158647**
66.249.73.168 - - [14/Mar/2026:12:21:16 -0700] "GET /?e=72204978061970 HTTP/1.1" 301 1 "-" "Mozilla/5.0 (Linux; Android 6.0.1; Nexus 5X Build/MMB29P) AppleWebKit/537.36 (KHTML, like Gecko) Chrome/145.0.7632.116 Mobile Safari/537.36 (compatible; Googlebot/2.1; +http://www.google.com/bot.html)" 2789 **2/2789774**
157.55.39.10 - - [14/Mar/2026:12:21:22 -0700] "GET /?e=9984434031970 HTTP/2.0" 301 1 "-" "Mozilla/5.0 AppleWebKit/537.36 (KHTML, like Gecko; compatible; bingbot/2.0; +http://www.bing.com/bingbot.htm) Chrome/116.0.1938.76 Safari/537.36" 818 **0/818681**
23.229.224.0 - - [14/Mar/2026:12:21:53 -0700] "POST /wp-cron.php?doing_wp_cron=1773516113.4343719482421875000000 HTTP/1.1" 200 - "-" "WordPress/6.9.4; https://sitepacket.com" 125 **0/125464**
157.55.39.10 - - [14/Mar/2026:12:21:52 -0700] "GET /?e=6096655071970 HTTP/2.0" 301 1 "-" "Mozilla/5.0 AppleWebKit/537.36 (KHTML, like Gecko; compatible; bingbot/2.0; +http://www.bing.com/bingbot.htm) Chrome/116.0.1938.76 Safari/537.36" 1088 **1/1088503**
157.55.39.10 - - [14/Mar/2026:12:22:11 -0700] "GET /?e=5337695031970 HTTP/2.0" 301 1 "-" "Mozilla/5.0 AppleWebKit/537.36 (KHTML, like Gecko; compatible; bingbot/2.0; +http://www.bing.com/bingbot.htm) Chrome/116.0.1938.76 Safari/537.36" 1147 **1/1147722**
23.229.224.0 - - [14/Mar/2026:12:22:26 -0700] "POST /wp-cron.php?doing_wp_cron=1773516146.4043738842010498046875 HTTP/1.1" 200 - "-" "WordPress/6.9.4; https://sitepacket.com" 93 **0/93462**
40.77.167.75 - - [14/Mar/2026:12:22:25 -0700] "GET /?e=5187629041970 HTTP/2.0" 301 1 "-" "Mozilla/5.0 AppleWebKit/537.36 (KHTML, like Gecko; compatible; bingbot/2.0; +http://www.bing.com/bingbot.htm) Chrome/116.0.1938.76 Safari/537.36" 1104 **1/1104882**
157.55.39.10 - - [14/Mar/2026:12:22:32 -0700] "GET /?e=10121852011970 HTTP/2.0" 301 1 "-" "Mozilla/5.0 AppleWebKit/537.36 (KHTML, like Gecko; compatible; bingbot/2.0; +http://www.bing.com/bingbot.htm) Chrome/116.0.1938.76 Safari/537.36" 974 **0/974470**
207.46.13.7 - - [14/Mar/2026:12:22:41 -0700] "GET /?e=6285477011970 HTTP/2.0" 301 1 "-" "Mozilla/5.0 AppleWebKit/537.36 (KHTML, like Gecko; compatible; bingbot/2.0; +http://www.bing.com/bingbot.htm) Chrome/116.0.1938.76 Safari/537.36" 984 **0/984849**
40.77.167.75 - - [14/Mar/2026:12:22:46 -0700] "GET /?e=6050946081970 HTTP/2.0" 301 1 "-" "Mozilla/5.0 AppleWebKit/537.36 (KHTML, like Gecko; compatible; bingbot/2.0; +http://www.bing.com/bingbot.htm) Chrome/116.0.1938.76 Safari/537.36" 2022 **2/2022543**
198.244.242.225 - - [14/Mar/2026:12:22:47 -0700] "GET /robots.txt HTTP/2.0" 200 99 "-" "Mozilla/5.0 (compatible; AhrefsBot/7.0; +http://ahrefs.com/robot/)" 3666 **3/3666115**
54.37.118.83 - - [14/Mar/2026:12:22:54 -0700] "GET /sitemap_index.xml HTTP/2.0" 200 234 "-" "Mozilla/5.0 (compatible; AhrefsBot/7.0; +http://ahrefs.com/robot/)" 2025 **2/2025138**
92.222.108.116 - - [14/Mar/2026:12:23:00 -0700] "GET /page-sitemap.xml HTTP/2.0" 200 597 "-" "Mozilla/5.0 (compatible; AhrefsBot/7.0; +http://ahrefs.com/robot/)" 1581 **1/1581512**
157.55.39.10 - - [14/Mar/2026:12:23:12 -0700] "GET /?e=55236793001970 HTTP/2.0" 301 1 "-" "Mozilla/5.0 AppleWebKit/537.36 (KHTML, like Gecko; compatible; bingbot/2.0; +http://www.bing.com/bingbot.htm) Chrome/116.0.1938.76 Safari/537.36" 948 **0/948113**
23.229.224.0 - - [14/Mar/2026:12:23:33 -0700] "POST /wp-cron.php?doing_wp_cron=1773516212.9889900684356689453125 HTTP/1.1" 200 - "-" "WordPress/6.9.4; https://sitepacket.com" 94 **0/94522**
157.55.39.10 - - [14/Mar/2026:12:23:32 -0700] "GET /?e=30457015031970 HTTP/2.0" 301 1 "-" "Mozilla/5.0 AppleWebKit/537.36 (KHTML, like Gecko; compatible; bingbot/2.0; +http://www.bing.com/bingbot.htm) Chrome/116.0.1938.76 Safari/537.36" 903 **0/903414**
157.55.39.10 - - [14/Mar/2026:12:23:52 -0700] "GET /?e=117166853001970 HTTP/2.0" 301 1 "-" "Mozilla/5.0 AppleWebKit/537.36 (KHTML, like Gecko; compatible; bingbot/2.0; +http://www.bing.com/bingbot.htm) Chrome/116.0.1938.76 Safari/537.36" 1036 **1/1036183**
207.46.13.7 - - [14/Mar/2026:12:24:01 -0700] "GET /?e=6489093031970 HTTP/2.0" 301 1 "-" "Mozilla/5.0 AppleWebKit/537.36 (KHTML, like Gecko; compatible; bingbot/2.0; +http://www.bing.com/bingbot.htm) Chrome/116.0.1938.76 Safari/537.36" 2342 **2/2342796**
23.229.224.0 - - [14/Mar/2026:12:24:53 -0700] "POST /wp-cron.php?doing_wp_cron=1773516293.8485109806060791015625 HTTP/1.1" 200 - "-" "WordPress/6.9.4; https://sitepacket.com" 186 **0/186454**
207.46.13.7 - - [14/Mar/2026:12:24:51 -0700] "GET /?e=6020863051970 HTTP/2.0" 301 1 "-" "Mozilla/5.0 AppleWebKit/537.36 (KHTML, like Gecko; compatible; bingbot/2.0; +http://www.bing.com/bingbot.htm) Chrome/116.0.1938.76 Safari/537.36" 2101 **2/2101377**
207.46.13.7 - - [14/Mar/2026:12:24:54 -0700] "GET /?e=6156069021970 HTTP/2.0" 301 1 "-" "Mozilla/5.0 AppleWebKit/537.36 (KHTML, like Gecko; compatible; bingbot/2.0; +http://www.bing.com/bingbot.htm) Chrome/116.0.1938.76 Safari/537.36" 2166 **2/2166787**
40.77.167.75 - - [14/Mar/2026:12:24:56 -0700] "GET /?e=10433380071970 HTTP/2.0" 301 1 "-" "Mozilla/5.0 AppleWebKit/537.36 (KHTML, like Gecko; compatible; bingbot/2.0; +http://www.bing.com/bingbot.htm) Chrome/116.0.1938.76 Safari/537.36" 1935 **1/1935156**
157.55.39.10 - - [14/Mar/2026:12:25:02 -0700] "GET /?e=16790472071970 HTTP/2.0" 301 1 "-" "Mozilla/5.0 AppleWebKit/537.36 (KHTML, like Gecko; compatible; bingbot/2.0; +http://www.bing.com/bingbot.htm) Chrome/116.0.1938.76 Safari/537.36" 2791 **2/2791510**
40.77.167.75 - - [14/Mar/2026:12:25:24 -0700] "GET /?e=9599037011970 HTTP/2.0" 301 1 "-" "Mozilla/5.0 AppleWebKit/537.36 (KHTML, like Gecko; compatible; bingbot/2.0; +http://www.bing.com/bingbot.htm) Chrome/116.0.1938.76 Safari/537.36" 1106 **1/1106591**
23.229.224.0 - - [14/Mar/2026:12:25:57 -0700] "POST /wp-cron.php?doing_wp_cron=1773516357.9176321029663085937500 HTTP/1.1" 200 - "-" "WordPress/6.9.4; https://sitepacket.com" 101 **0/101516**
40.77.167.75 - - [14/Mar/2026:12:25:56 -0700] "GET /?e=10384815091970 HTTP/2.0" 301 1 "-" "Mozilla/5.0 AppleWebKit/537.36 (KHTML, like Gecko; compatible; bingbot/2.0; +http://www.bing.com/bingbot.htm) Chrome/116.0.1938.76 Safari/537.36" 1386 **1/1386731**
23.229.224.0 - - [14/Mar/2026:12:27:07 -0700] "POST /wp-cron.php?doing_wp_cron=1773516427.1804540157318115234375 HTTP/1.1" 200 - "-" "WordPress/6.9.4; https://sitepacket.com" 79 **0/79435**
40.77.167.75 - - [14/Mar/2026:12:27:06 -0700] "GET /?e=55245431071970 HTTP/2.0" 301 1 "-" "Mozilla/5.0 AppleWebKit/537.36 (KHTML, like Gecko; compatible; bingbot/2.0; +http://www.bing.com/bingbot.htm) Chrome/116.0.1938.76 Safari/537.36" 951 **0/951245**
40.77.167.75 - - [14/Mar/2026:12:27:07 -0700] "GET /?e=108631825031970 HTTP/2.0" 301 1 "-" "Mozilla/5.0 AppleWebKit/537.36 (KHTML, like Gecko; compatible; bingbot/2.0; +http://www.bing.com/bingbot.htm) Chrome/116.0.1938.76 Safari/537.36" 2426 **2/2426183**
23.229.224.0 - - [14/Mar/2026:12:30:03 -0700] "GET /system/index.php/cron HTTP/1.1" 200 18 "-" "Wget/1.19.5 (linux-gnu)" 3548 **3/3548260**
23.229.224.0 - - [14/Mar/2026:12:40:05 -0700] "GET /system/index.php/cron HTTP/1.1" 200 18 "-" "Wget/1.19.5 (linux-gnu)" 5814 **5/5814865**
23.229.224.0 - - [14/Mar/2026:12:47:09 -0700] "POST /wp-cron.php?doing_wp_cron=1773517629.6355779170989990234375 HTTP/1.1" 200 - "-" "WordPress/6.9.4; https://sitepacket.com" 93 **0/93137**
66.249.73.169 - - [14/Mar/2026:12:47:03 -0700] "GET /product/category/57266909031970 HTTP/1.1" 404 16314 "-" "Mozilla/5.0 (Linux; Android 6.0.1; Nexus 5X Build/MMB29P) AppleWebKit/537.36 (KHTML, like Gecko) Chrome/145.0.7632.116 Mobile Safari/537.36 (compatible; Googlebot/2.1; +http://www.google.com/bot.html)" 6287 **6/6287223**
23.229.224.0 - - [14/Mar/2026:12:50:04 -0700] "GET /system/index.php/cron HTTP/1.1" 200 18 "-" "Wget/1.19.5 (linux-gnu)" 3423 **3/3423682**
23.229.224.0 - - [14/Mar/2026:12:52:31 -0700] "POST /wp-cron.php?doing_wp_cron=1773517951.4798541069030761718750 HTTP/1.1" 200 - "-" "WordPress/6.9.4; https://sitepacket.com" 87 **0/87005**
66.249.73.169 - - [14/Mar/2026:12:52:30 -0700] "GET /product/review/93245798081970 HTTP/1.1" 404 16311 "-" "Mozilla/5.0 (Linux; Android 6.0.1; Nexus 5X Build/MMB29P) AppleWebKit/537.36 (KHTML, like Gecko) Chrome/145.0.7632.116 Mobile Safari/537.36 (compatible; Googlebot/2.1; +http://www.google.com/bot.html)" 1528 **1/1528428**
23.229.224.0 - - [14/Mar/2026:13:00:04 -0700] "GET /system/index.php/cron HTTP/1.1" 200 18 "-" "Wget/1.19.5 (linux-gnu)" 5432 **5/5432164**
23.229.224.0 - - [14/Mar/2026:13:10:03 -0700] "GET /system/index.php/cron HTTP/1.1" 200 18 "-" "Wget/1.19.5 (linux-gnu)" 6158 **6/6158743**
23.229.224.0 - - [14/Mar/2026:13:10:32 -0700] "POST /wp-cron.php?doing_wp_cron=1773519032.1480419635772705078125 HTTP/1.1" 200 - "-" "WordPress/6.9.4; https://sitepacket.com" 247 **0/247407**
66.249.73.170 - - [14/Mar/2026:13:10:16 -0700] "GET /?e=5335145001970 HTTP/1.1" 301 1 "-" "Mozilla/5.0 (Linux; Android 6.0.1; Nexus 5X Build/MMB29P) AppleWebKit/537.36 (KHTML, like Gecko) Chrome/145.0.7632.116 Mobile Safari/537.36 (compatible; Googlebot/2.1; +http://www.google.com/bot.html)" 16771 **16/16771320**
23.229.224.0 - - [14/Mar/2026:13:10:39 -0700] "POST /wp-admin/admin-ajax.php?action=wordfence_testAjax HTTP/1.1" 200 32 "-" "WordPress/6.9.4; https://sitepacket.com" 2141 **2/2141659**
23.229.224.0 - - [14/Mar/2026:13:10:41 -0700] "GET /wp-admin/admin-ajax.php?action=wordfence_doScan&isFork=0&scanMode=custom&cronKey=455a4a0b4fc0715127dee60e37ae7235&signature=6f5c80f9e354db3a4cb33de1e31a198e3045046175fb7d96933877456e64fff1 HTTP/1.1" 200 - "-" "WordPress/6.9.4; https://sitepacket.com" 18594 **18/18594094**
23.229.224.0 - - [14/Mar/2026:13:11:17 -0700] "POST /wp-cron.php?doing_wp_cron=1773519076.9857330322265625000000 HTTP/1.1" 200 - "-" "WordPress/6.9.4; https://sitepacket.com" 186 **0/186624**
23.229.224.0 - - [14/Mar/2026:13:10:58 -0700] "GET /wp-admin/admin-ajax.php?action=wordfence_doScan&isFork=1&scanMode=custom&cronKey=1af87df0800d879c6c8669462e9253e0&signature=8498c339d7d14fee01942e94730da16d6d03e3d09efaccbea1f9e491d3e091df HTTP/1.1" 200 - "-" "WordPress/6.9.4; https://sitepacket.com" 18608 **18/18608753**
23.229.224.0 - - [14/Mar/2026:13:11:28 -0700] "POST /wp-cron.php?doing_wp_cron=1773519088.3686978816986083984375 HTTP/1.1" 200 - "-" "WordPress/6.9.4; https://sitepacket.com" 127 **0/127432**
23.229.224.0 - - [14/Mar/2026:13:11:15 -0700] "GET /wp-admin/admin-ajax.php?action=wordfence_doScan&isFork=1&scanMode=custom&cronKey=9b4f84f4f75082fc8a762899bd768a87&signature=bbe9d59a6a33520e6d9756c819bcd445d7f0671f9eafe88cfb7af5ca2bb7f0cf HTTP/1.1" 200 - "-" "WordPress/6.9.4; https://sitepacket.com" 12791 **12/12791450**
23.229.224.0 - - [14/Mar/2026:13:11:46 -0700] "POST /wp-cron.php?doing_wp_cron=1773519106.8645000457763671875000 HTTP/1.1" 200 - "-" "WordPress/6.9.4; https://sitepacket.com" 169 **0/169611**
23.229.224.0 - - [14/Mar/2026:13:11:27 -0700] "GET /wp-admin/admin-ajax.php?action=wordfence_doScan&isFork=1&scanMode=custom&cronKey=e2d4539c95470ef3ac3658be57e5f961&signature=57b1d1fffbe8ef9a03f79ec6af620771146ac7278b34210826e4c7ee80ad6c6a HTTP/1.1" 200 - "-" "WordPress/6.9.4; https://sitepacket.com" 19713 **19/19713549**
23.229.224.0 - - [14/Mar/2026:13:11:57 -0700] "POST /wp-cron.php?doing_wp_cron=1773519117.5067629814147949218750 HTTP/1.1" 200 - "-" "WordPress/6.9.4; https://sitepacket.com" 83 **0/83312**
23.229.224.0 - - [14/Mar/2026:13:11:45 -0700] "GET /wp-admin/admin-ajax.php?action=wordfence_doScan&isFork=1&scanMode=custom&cronKey=bcdfca4844ca2824359472fd22ec1475&signature=29fa9aaaead1d6ed9523d0ed9ed3cc664ad1af37f26cbc88462d01377b3eee1d HTTP/1.1" 200 - "-" "WordPress/6.9.4; https://sitepacket.com" 11880 **11/11880822**
23.229.224.0 - - [14/Mar/2026:13:11:56 -0700] "GET /wp-admin/admin-ajax.php?action=wordfence_doScan&isFork=1&scanMode=custom&cronKey=3b9367ba55102933a903ba15dfe88a2c&signature=4ba1a9c87a29375b54eb561ed8ab7056d746d7254cd643f9439d19db004051b6 HTTP/1.1" 200 - "-" "WordPress/6.9.4; https://sitepacket.com" 19342 **19/19342674**
23.229.224.0 - - [14/Mar/2026:13:12:14 -0700] "GET /wp-admin/admin-ajax.php?action=wordfence_doScan&isFork=1&scanMode=custom&cronKey=10b2a7563068f0f9a058089e8afb5dad&signature=5756412005b37bc2d06c3370298f08f3383bed10b784b3822997b627e69a8327 HTTP/1.1" 200 - "-" "WordPress/6.9.4; https://sitepacket.com" 10875 **10/10875154**
23.229.224.0 - - [14/Mar/2026:13:12:24 -0700] "GET /wp-admin/admin-ajax.php?action=wordfence_doScan&isFork=1&scanMode=custom&cronKey=204f6cbbb65135e1829e2a090b2ff24c&signature=0bbe7ec3c31c8a5a32a0a8e56b98b38b4d3d9be1feba79d1a5557f49132aeb79 HTTP/1.1" 200 - "-" "WordPress/6.9.4; https://sitepacket.com" 19180 **19/19180810**
23.229.224.0 - - [14/Mar/2026:13:12:42 -0700] "GET /wp-admin/admin-ajax.php?action=wordfence_doScan&isFork=1&scanMode=custom&cronKey=10d2bcf1aca70c60f093f68269a6e9e2&signature=8c4a1327ff8b0f26dbe314a08da48b441ad9043c803b607c65655343d212542b HTTP/1.1" 200 - "-" "WordPress/6.9.4; https://sitepacket.com" 10834 **10/10834672**
23.229.224.0 - - [14/Mar/2026:13:13:11 -0700] "POST /wp-cron.php?doing_wp_cron=1773519190.9664878845214843750000 HTTP/1.1" 200 - "-" "WordPress/6.9.4; https://sitepacket.com" 216 **0/216625**
23.229.224.0 - - [14/Mar/2026:13:12:52 -0700] "GET /wp-admin/admin-ajax.php?action=wordfence_doScan&isFork=1&scanMode=custom&cronKey=8b03c961d96142f18024064b18437544&signature=8641bf08cbb05a115f7f4f28fc08995f25ef46236bd3304dfea4395a6539eeef HTTP/1.1" 200 - "-" "WordPress/6.9.4; https://sitepacket.com" 19195 **19/19195597**
23.229.224.0 - - [14/Mar/2026:13:13:22 -0700] "POST /wp-cron.php?doing_wp_cron=1773519202.5596170425415039062500 HTTP/1.1" 200 - "-" "WordPress/6.9.4; https://sitepacket.com" 93 **0/93526**
23.229.224.0 - - [14/Mar/2026:13:13:09 -0700] "GET /wp-admin/admin-ajax.php?action=wordfence_doScan&isFork=1&scanMode=custom&cronKey=0ec64251a28e6d0e63dc3e2dc98e740b&signature=efc68abab26c3a102957c73c0927250c0c597621a141ba31c3a885fdc0453673 HTTP/1.1" 200 - "-" "WordPress/6.9.4; https://sitepacket.com" 12732 **12/12732503**
47.61.218.202 - - [14/Mar/2026:13:13:22 -0700] "POST /xmlrpc.php HTTP/1.1" 200 447 "-" "Mozilla/5.0 (Windows NT 10.0; arm64) AppleWebKit/537.36 (KHTML, like Gecko) Edge/90.0.0.0 Safari/537.36" 1961 **1/1961425**
23.229.224.0 - - [14/Mar/2026:13:13:39 -0700] "POST /wp-cron.php?doing_wp_cron=1773519219.7593369483947753906250 HTTP/1.1" 200 - "-" "WordPress/6.9.4; https://sitepacket.com" 111 **0/111181**
23.229.224.0 - - [14/Mar/2026:13:13:21 -0700] "GET /wp-admin/admin-ajax.php?action=wordfence_doScan&isFork=1&scanMode=custom&cronKey=1122fa82005205dc5de042c644892eab&signature=bcea7588fec55343e8b607f3cfd8a97b91c2f596ba35392845b35354290566e3 HTTP/1.1" 200 - "-" "WordPress/6.9.4; https://sitepacket.com" 18346 **18/18346623**
23.229.224.0 - - [14/Mar/2026:13:13:50 -0700] "POST /wp-cron.php?doing_wp_cron=1773519230.1657400131225585937500 HTTP/1.1" 200 - "-" "WordPress/6.9.4; https://sitepacket.com" 169 **0/169415**
23.229.224.0 - - [14/Mar/2026:13:13:38 -0700] "GET /wp-admin/admin-ajax.php?action=wordfence_doScan&isFork=1&scanMode=custom&cronKey=566a0bd22dfcffcfe0cb690c4b0f9ed6&signature=52eb9583a31f695ddf09e26c0e5fd63b772c485c608ae9a5cf9e314d5ffc5d67 HTTP/1.1" 200 - "-" "WordPress/6.9.4; https://sitepacket.com" 11676 **11/11676943**
23.229.224.0 - - [14/Mar/2026:13:13:49 -0700] "GET /wp-admin/admin-ajax.php?action=wordfence_doScan&isFork=1&scanMode=custom&cronKey=1819ef91d31c8cb0ec81f84e88eec28d&signature=481e1990491a496ed678f39063fc4c07f89f3303afde850151dcd5cf19f9fd41 HTTP/1.1" 200 - "-" "WordPress/6.9.4; https://sitepacket.com" 19856 **19/19856313**
23.229.224.0 - - [14/Mar/2026:13:14:07 -0700] "GET /wp-admin/admin-ajax.php?action=wordfence_doScan&isFork=1&scanMode=custom&cronKey=5302a23145bd2b221179133f4d58d62a&signature=6453409eaff55ba4e310b5a23bd9805dcda355b7a5d9c4282dc41b8e927bce97 HTTP/1.1" 200 - "-" "WordPress/6.9.4; https://sitepacket.com" 12353 **12/12353397**
23.229.224.0 - - [14/Mar/2026:13:14:19 -0700] "GET /wp-admin/admin-ajax.php?action=wordfence_doScan&isFork=1&scanMode=custom&cronKey=b3d5d3131ce9a53d0c64db36024b6ff8&signature=8e2131d52869375f80226be6eed0530c9ea99493a0b4fe1c6cb3f83573dcb2f9 HTTP/1.1" 200 - "-" "WordPress/6.9.4; https://sitepacket.com" 21667 **21/21667758**
23.229.224.0 - - [14/Mar/2026:13:14:50 -0700] "POST /wp-cron.php?doing_wp_cron=1773519290.6823239326477050781250 HTTP/1.1" 200 - "-" "WordPress/6.9.4; https://sitepacket.com" 106 **0/106326**
23.229.224.0 - - [14/Mar/2026:13:14:39 -0700] "GET /wp-admin/admin-ajax.php?action=wordfence_doScan&isFork=1&scanMode=custom&cronKey=47348c91cb93f498cb71e275311839f9&signature=2a241474436cca159d8d4bab8fca2548b9eb8e3e98ed60edfb0767474c91e231 HTTP/1.1" 200 - "-" "WordPress/6.9.4; https://sitepacket.com" 11234 **11/11234628**
23.229.224.0 - - [14/Mar/2026:13:15:11 -0700] "POST /wp-cron.php?doing_wp_cron=1773519310.8869199752807617187500 HTTP/1.1" 200 - "-" "WordPress/6.9.4; https://sitepacket.com" 315 **0/315585**
23.229.224.0 - - [14/Mar/2026:13:14:49 -0700] "GET /wp-admin/admin-ajax.php?action=wordfence_doScan&isFork=1&scanMode=custom&cronKey=d552f4cdadd38c751ae879a79df78023&signature=b538198bab0b9a555e1bf56b94d1cda1de9f1b1ad645f444b26b898548a997e8 HTTP/1.1" 200 - "-" "WordPress/6.9.4; https://sitepacket.com" 21964 **21/21964454**
23.229.224.0 - - [14/Mar/2026:13:15:09 -0700] "GET /wp-admin/admin-ajax.php?action=wordfence_doScan&isFork=1&scanMode=custom&cronKey=4e411ecf69b803eb5c1c0b30e7719d7a&signature=77e2ad0562148b696db947d9d4ae4e174d691be09ec39a56fc8078f9dfec3b27 HTTP/1.1" 200 - "-" "WordPress/6.9.4; https://sitepacket.com" 15652 **15/15652442**
23.229.224.0 - - [14/Mar/2026:13:15:47 -0700] "POST /wp-cron.php?doing_wp_cron=1773519347.4106860160827636718750 HTTP/1.1" 200 - "-" "WordPress/6.9.4; https://sitepacket.com" 684 **0/684660**
