57.141.6.38 - - [14/Mar/2026:05:49:14 -0700] "GET /uncategorized/adaptatsiia-k-izmeneniiam-v-interfeise-prilozheniia-1xbet/?path=/home/slfopp7cb1df/public_html/conradinvestmentgroup.com/wp-includes/Requests HTTP/1.1" 200 17792 "-" "meta-externalagent/1.1 (+https://developers.facebook.com/docs/sharing/webmasters/crawler)" 135 **0/135489**
57.141.6.15 - - [14/Mar/2026:05:49:16 -0700] "GET /uncategorized/adaptatsiia-k-izmeneniiam-v-interfeise-prilozheniia-1xbet/?fileloc=/home/slfopp7cb1df/public_html/conradinvestmentgroup.com/wp-includes/class-wp-locale-switcher.php&path=/home/slfopp7cb1df/public_html/conradinvestmentgroup.com/wp-includes HTTP/1.1" 200 19614 "-" "meta-externalagent/1.1 (+https://developers.facebook.com/docs/sharing/webmasters/crawler)" 115 **0/115311**
57.141.6.68 - - [14/Mar/2026:05:49:16 -0700] "GET /uncategorized/adaptatsiia-k-izmeneniiam-v-interfeise-prilozheniia-1xbet/?path=/home/slfopp7cb1df/public_html/conradinvestmentgroup.com/wp-includes/IXR HTTP/1.1" 200 31877 "-" "meta-externalagent/1.1 (+https://developers.facebook.com/docs/sharing/webmasters/crawler)" 123 **0/123312**
57.141.6.46 - - [14/Mar/2026:05:49:18 -0700] "GET /uncategorized/adaptatsiia-k-izmeneniiam-v-interfeise-prilozheniia-1xbet/?fileloc=/home/slfopp7cb1df/public_html/conradinvestmentgroup.com/wp-includes/class-wp-customize-widgets.php&path=/home/slfopp7cb1df/public_html/conradinvestmentgroup.com/wp-includes HTTP/1.1" 200 93049 "-" "meta-externalagent/1.1 (+https://developers.facebook.com/docs/sharing/webmasters/crawler)" 192 **0/192625**
57.141.6.48 - - [14/Mar/2026:05:49:20 -0700] "GET /uncategorized/adaptatsiia-k-izmeneniiam-v-interfeise-prilozheniia-1xbet/?fileloc=/home/slfopp7cb1df/public_html/conradinvestmentgroup.com/wp-includes/block-patterns.php&path=/home/slfopp7cb1df/public_html/conradinvestmentgroup.com/wp-includes HTTP/1.1" 200 27999 "-" "meta-externalagent/1.1 (+https://developers.facebook.com/docs/sharing/webmasters/crawler)" 128 **0/128378**
57.141.6.18 - - [14/Mar/2026:05:49:22 -0700] "GET /uncategorized/adaptatsiia-k-izmeneniiam-v-interfeise-prilozheniia-1xbet/?fileloc=/home/slfopp7cb1df/public_html/conradinvestmentgroup.com/wp-includes/rss.php&path=/home/slfopp7cb1df/public_html/conradinvestmentgroup.com/wp-includes HTTP/1.1" 200 38506 "-" "meta-externalagent/1.1 (+https://developers.facebook.com/docs/sharing/webmasters/crawler)" 134 **0/134628**
57.141.6.38 - - [14/Mar/2026:05:49:24 -0700] "GET /uncategorized/adaptatsiia-k-izmeneniiam-v-interfeise-prilozheniia-1xbet/?fileloc=/home/slfopp7cb1df/public_html/conradinvestmentgroup.com/wp-includes/feed-rss2-comments.php&path=/home/slfopp7cb1df/public_html/conradinvestmentgroup.com/wp-includes HTTP/1.1" 200 17621 "-" "meta-externalagent/1.1 (+https://developers.facebook.com/docs/sharing/webmasters/crawler)" 106 **0/106988**
57.141.6.42 - - [14/Mar/2026:05:49:28 -0700] "GET /uncategorized/adaptatsiia-k-izmeneniiam-v-interfeise-prilozheniia-1xbet/?fileloc=/home/slfopp7cb1df/public_html/conradinvestmentgroup.com/wp-includes/class-wp-roles.php&path=/home/slfopp7cb1df/public_html/conradinvestmentgroup.com/wp-includes HTTP/1.1" 200 22648 "-" "meta-externalagent/1.1 (+https://developers.facebook.com/docs/sharing/webmasters/crawler)" 116 **0/116672**
57.141.6.15 - - [14/Mar/2026:05:49:30 -0700] "GET /uncategorized/adaptatsiia-k-izmeneniiam-v-interfeise-prilozheniia-1xbet/?path=/home/slfopp7cb1df/public_html/conradinvestmentgroup.com/wp-includes/html-api HTTP/1.1" 200 39567 "-" "meta-externalagent/1.1 (+https://developers.facebook.com/docs/sharing/webmasters/crawler)" 135 **0/135008**
57.141.6.6 - - [14/Mar/2026:05:49:32 -0700] "GET /uncategorized/adaptatsiia-k-izmeneniiam-v-interfeise-prilozheniia-1xbet/?fileloc=/home/slfopp7cb1df/public_html/conradinvestmentgroup.com/wp-includes/ms-site.php&path=/home/slfopp7cb1df/public_html/conradinvestmentgroup.com/wp-includes HTTP/1.1" 200 57854 "-" "meta-externalagent/1.1 (+https://developers.facebook.com/docs/sharing/webmasters/crawler)" 117 **0/117553**
57.141.6.29 - - [14/Mar/2026:05:49:36 -0700] "GET /uncategorized/adaptatsiia-k-izmeneniiam-v-interfeise-prilozheniia-1xbet/?fileloc=/home/slfopp7cb1df/public_html/conradinvestmentgroup.com/wp-includes/registration-functions.php&path=/home/slfopp7cb1df/public_html/conradinvestmentgroup.com/wp-includes HTTP/1.1" 200 12878 "-" "meta-externalagent/1.1 (+https://developers.facebook.com/docs/sharing/webmasters/crawler)" 98 **0/98329**
57.141.6.38 - - [14/Mar/2026:05:49:38 -0700] "GET /uncategorized/adaptatsiia-k-izmeneniiam-v-interfeise-prilozheniia-1xbet/?fileloc=/home/slfopp7cb1df/public_html/conradinvestmentgroup.com/wp-includes/class-wp-url-pattern-prefixer.php&path=/home/slfopp7cb1df/public_html/conradinvestmentgroup.com/wp-includes HTTP/1.1" 200 17730 "-" "meta-externalagent/1.1 (+https://developers.facebook.com/docs/sharing/webmasters/crawler)" 105 **0/105489**
57.141.6.54 - - [14/Mar/2026:05:49:40 -0700] "GET /uncategorized/strategii-stavok-na-1xbet-ofitsialnyi-sait-i-rabochie-zerkala-na-segodnia/?path=/home/slfopp7cb1df/public_html/conradinvestmentgroup.com/wp-content/upgrade HTTP/1.1" 200 13081 "-" "meta-externalagent/1.1 (+https://developers.facebook.com/docs/sharing/webmasters/crawler)" 116 **0/116554**
57.141.6.68 - - [14/Mar/2026:05:49:42 -0700] "GET /wp-json/wp/v2/posts/1854?path=//lib/python3.6/site-packages/dns HTTP/1.1" 200 71070 "-" "meta-externalagent/1.1 (+https://developers.facebook.com/docs/sharing/webmasters/crawler)" 100 **0/100347**
57.141.6.34 - - [14/Mar/2026:05:49:44 -0700] "GET /uncategorized/adaptatsiia-k-izmeneniiam-v-interfeise-prilozheniia-1xbet/?fileloc=/home/slfopp7cb1df/public_html/conradinvestmentgroup.com/wp-includes/class-pop3.php&path=/home/slfopp7cb1df/public_html/conradinvestmentgroup.com/wp-includes HTTP/1.1" 200 35975 "-" "meta-externalagent/1.1 (+https://developers.facebook.com/docs/sharing/webmasters/crawler)" 101 **0/101947**
57.141.6.36 - - [14/Mar/2026:05:49:44 -0700] "GET /uncategorized/adaptatsiia-k-izmeneniiam-v-interfeise-prilozheniia-1xbet/?fileloc=/home/slfopp7cb1df/public_html/conradinvestmentgroup.com/wp-includes/class-requests.php&path=/home/slfopp7cb1df/public_html/conradinvestmentgroup.com/wp-includes HTTP/1.1" 200 14967 "-" "meta-externalagent/1.1 (+https://developers.facebook.com/docs/sharing/webmasters/crawler)" 92 **0/92027**
57.141.6.32 - - [14/Mar/2026:05:49:48 -0700] "GET /uncategorized/adaptatsiia-k-izmeneniiam-v-interfeise-prilozheniia-1xbet/?fileloc=/home/slfopp7cb1df/public_html/conradinvestmentgroup.com/wp-includes/class-wp-fatal-error-handler.php&path=/home/slfopp7cb1df/public_html/conradinvestmentgroup.com/wp-includes HTTP/1.1" 200 21310 "-" "meta-externalagent/1.1 (+https://developers.facebook.com/docs/sharing/webmasters/crawler)" 90 **0/90831**
57.141.6.37 - - [14/Mar/2026:05:49:50 -0700] "GET /uncategorized/adaptatsiia-k-izmeneniiam-v-interfeise-prilozheniia-1xbet/?fileloc=/home/slfopp7cb1df/public_html/conradinvestmentgroup.com/wp-includes/class-wp-recovery-mode.php&path=/home/slfopp7cb1df/public_html/conradinvestmentgroup.com/wp-includes HTTP/1.1" 200 24927 "-" "meta-externalagent/1.1 (+https://developers.facebook.com/docs/sharing/webmasters/crawler)" 97 **0/97894**
57.141.6.34 - - [14/Mar/2026:05:49:54 -0700] "GET /uncategorized/adaptatsiia-k-izmeneniiam-v-interfeise-prilozheniia-1xbet/?fileloc=/home/slfopp7cb1df/public_html/conradinvestmentgroup.com/wp-includes/theme-i18n.json&path=/home/slfopp7cb1df/public_html/conradinvestmentgroup.com/wp-includes HTTP/1.1" 200 15114 "-" "meta-externalagent/1.1 (+https://developers.facebook.com/docs/sharing/webmasters/crawler)" 105 **0/105980**
57.141.6.11 - - [14/Mar/2026:05:49:55 -0700] "GET /uncategorized/adaptatsiia-k-izmeneniiam-v-interfeise-prilozheniia-1xbet/?path=/home/slfopp7cb1df/public_html/conradinvestmentgroup.com/wp-includes/ID3 HTTP/1.1" 200 45513 "-" "meta-externalagent/1.1 (+https://developers.facebook.com/docs/sharing/webmasters/crawler)" 116 **0/116287**
57.141.6.48 - - [14/Mar/2026:05:49:55 -0700] "GET /uncategorized/adaptatsiia-k-izmeneniiam-v-interfeise-prilozheniia-1xbet/?fileloc=/home/slfopp7cb1df/public_html/conradinvestmentgroup.com/wp-includes/script-modules.php&path=/home/slfopp7cb1df/public_html/conradinvestmentgroup.com/wp-includes HTTP/1.1" 200 23060 "-" "meta-externalagent/1.1 (+https://developers.facebook.com/docs/sharing/webmasters/crawler)" 104 **0/104073**
57.141.6.65 - - [14/Mar/2026:05:49:58 -0700] "GET /uncategorized/adaptatsiia-k-izmeneniiam-v-interfeise-prilozheniia-1xbet/?fileloc=/home/slfopp7cb1df/public_html/conradinvestmentgroup.com/wp-includes/class-wp-walker.php&path=/home/slfopp7cb1df/public_html/conradinvestmentgroup.com/wp-includes HTTP/1.1" 200 26312 "-" "meta-externalagent/1.1 (+https://developers.facebook.com/docs/sharing/webmasters/crawler)" 105 **0/105178**
57.141.6.6 - - [14/Mar/2026:05:50:02 -0700] "GET /uncategorized/adaptatsiia-k-izmeneniiam-v-interfeise-prilozheniia-1xbet/?fileloc=/home/slfopp7cb1df/public_html/conradinvestmentgroup.com/wp-includes/class-wp-block-list.php&path=/home/slfopp7cb1df/public_html/conradinvestmentgroup.com/wp-includes HTTP/1.1" 200 17420 "-" "meta-externalagent/1.1 (+https://developers.facebook.com/docs/sharing/webmasters/crawler)" 240 **0/240993**
57.141.6.68 - - [14/Mar/2026:05:50:03 -0700] "GET /uncategorized/adaptatsiia-k-izmeneniiam-v-interfeise-prilozheniia-1xbet/?fileloc=/home/slfopp7cb1df/public_html/conradinvestmentgroup.com/wp-includes/class-wp-widget.php&path=/home/slfopp7cb1df/public_html/conradinvestmentgroup.com/wp-includes HTTP/1.1" 200 32298 "-" "meta-externalagent/1.1 (+https://developers.facebook.com/docs/sharing/webmasters/crawler)" 298 **0/298304**
57.141.6.46 - - [14/Mar/2026:05:50:05 -0700] "GET /uncategorized/adaptatsiia-k-izmeneniiam-v-interfeise-prilozheniia-1xbet/?fileloc=/home/slfopp7cb1df/public_html/conradinvestmentgroup.com/wp-includes/nav-menu-template.php&path=/home/slfopp7cb1df/public_html/conradinvestmentgroup.com/wp-includes HTTP/1.1" 200 41266 "-" "meta-externalagent/1.1 (+https://developers.facebook.com/docs/sharing/webmasters/crawler)" 160 **0/160956**
57.141.6.47 - - [14/Mar/2026:05:50:08 -0700] "GET /uncategorized/adaptatsiia-k-izmeneniiam-v-interfeise-prilozheniia-1xbet/?fileloc=/home/slfopp7cb1df/public_html/conradinvestmentgroup.com/wp-includes/class-wp-xmlrpc-server.php&path=/home/slfopp7cb1df/public_html/conradinvestmentgroup.com/wp-includes HTTP/1.1" 200 256609 "-" "meta-externalagent/1.1 (+https://developers.facebook.com/docs/sharing/webmasters/crawler)" 335 **0/335709**
57.141.6.5 - - [14/Mar/2026:05:50:10 -0700] "GET /public/discover-the-ultimate-guide-to-winning-at-casinos-with-unknown/?path=//tmp HTTP/1.1" 200 15365 "-" "meta-externalagent/1.1 (+https://developers.facebook.com/docs/sharing/webmasters/crawler)" 126 **0/126871**
57.141.6.51 - - [14/Mar/2026:05:50:10 -0700] "GET /uncategorized/adaptatsiia-k-izmeneniiam-v-interfeise-prilozheniia-1xbet/?path=/home/slfopp7cb1df/public_html/conradinvestmentgroup.com/wp-includes/style-engine HTTP/1.1" 200 23809 "-" "meta-externalagent/1.1 (+https://developers.facebook.com/docs/sharing/webmasters/crawler)" 136 **0/136695**
57.141.6.23 - - [14/Mar/2026:05:50:15 -0700] "GET /uncategorized/adaptatsiia-k-izmeneniiam-v-interfeise-prilozheniia-1xbet/?path=/home/slfopp7cb1df/public_html/conradinvestmentgroup.com/wp-includes/l10n HTTP/1.1" 200 23511 "-" "meta-externalagent/1.1 (+https://developers.facebook.com/docs/sharing/webmasters/crawler)" 100 **0/100334**
57.141.6.42 - - [14/Mar/2026:05:50:18 -0700] "GET /uncategorized/adaptatsiia-k-izmeneniiam-v-interfeise-prilozheniia-1xbet/?fileloc=/home/slfopp7cb1df/public_html/conradinvestmentgroup.com/wp-includes/atomlib.php&path=/home/slfopp7cb1df/public_html/conradinvestmentgroup.com/wp-includes HTTP/1.1" 200 26317 "-" "meta-externalagent/1.1 (+https://developers.facebook.com/docs/sharing/webmasters/crawler)" 106 **0/106933**
57.141.6.6 - - [14/Mar/2026:05:50:20 -0700] "GET /uncategorized/adaptatsiia-k-izmeneniiam-v-interfeise-prilozheniia-1xbet/?fileloc=/home/slfopp7cb1df/public_html/conradinvestmentgroup.com/wp-includes/class-wp-http-encoding.php&path=/home/slfopp7cb1df/public_html/conradinvestmentgroup.com/wp-includes HTTP/1.1" 200 19619 "-" "meta-externalagent/1.1 (+https://developers.facebook.com/docs/sharing/webmasters/crawler)" 100 **0/100969**
57.141.6.36 - - [14/Mar/2026:05:50:23 -0700] "GET /uncategorized/adaptatsiia-k-izmeneniiam-v-interfeise-prilozheniia-1xbet/?fileloc=/home/slfopp7cb1df/public_html/conradinvestmentgroup.com/wp-includes/class-snoopy.php&path=/home/slfopp7cb1df/public_html/conradinvestmentgroup.com/wp-includes HTTP/1.1" 200 55597 "-" "meta-externalagent/1.1 (+https://developers.facebook.com/docs/sharing/webmasters/crawler)" 170 **0/170523**
57.141.6.54 - - [14/Mar/2026:05:50:23 -0700] "GET /uncategorized/adaptatsiia-k-izmeneniiam-v-interfeise-prilozheniia-1xbet/?fileloc=/home/slfopp7cb1df/public_html/conradinvestmentgroup.com/wp-includes/class-wp-speculation-rules.php&path=/home/slfopp7cb1df/public_html/conradinvestmentgroup.com/wp-includes HTTP/1.1" 200 21113 "-" "meta-externalagent/1.1 (+https://developers.facebook.com/docs/sharing/webmasters/crawler)" 127 **0/127657**
57.141.6.68 - - [14/Mar/2026:05:50:26 -0700] "GET /uncategorized/paris-sportifs-en-ligne-decouvrez-lucky-treasure-et-maximisez-vos-gains/?fileloc=/home/slfopp7cb1df/public_html/.ftpquota&path=/home/slfopp7cb1df/public_html HTTP/1.1" 200 12404 "-" "meta-externalagent/1.1 (+https://developers.facebook.com/docs/sharing/webmasters/crawler)" 136 **0/136867**
57.141.6.69 - - [14/Mar/2026:05:50:28 -0700] "GET /uncategorized/adaptatsiia-k-izmeneniiam-v-interfeise-prilozheniia-1xbet/?path=/home/slfopp7cb1df/public_html/conradinvestmentgroup.com/wp-includes/PHPMailer HTTP/1.1" 200 26696 "-" "meta-externalagent/1.1 (+https://developers.facebook.com/docs/sharing/webmasters/crawler)" 125 **0/125907**
57.141.6.61 - - [14/Mar/2026:05:50:30 -0700] "GET /uncategorized/adaptatsiia-k-izmeneniiam-v-interfeise-prilozheniia-1xbet/?path=/home/slfopp7cb1df/public_html/conradinvestmentgroup.com/wp-includes/certificates HTTP/1.1" 200 16508 "-" "meta-externalagent/1.1 (+https://developers.facebook.com/docs/sharing/webmasters/crawler)" 101 **0/101397**
57.141.6.66 - - [14/Mar/2026:05:50:35 -0700] "GET /uncategorized/adaptatsiia-k-izmeneniiam-v-interfeise-prilozheniia-1xbet/?fileloc=/home/slfopp7cb1df/public_html/conradinvestmentgroup.com/wp-includes/class-wp-date-query.php&path=/home/slfopp7cb1df/public_html/conradinvestmentgroup.com/wp-includes HTTP/1.1" 200 53748 "-" "meta-externalagent/1.1 (+https://developers.facebook.com/docs/sharing/webmasters/crawler)" 123 **0/123880**
57.141.6.3 - - [14/Mar/2026:05:50:37 -0700] "GET /uncategorized/adaptatsiia-k-izmeneniiam-v-interfeise-prilozheniia-1xbet/?fileloc=/home/slfopp7cb1df/public_html/conradinvestmentgroup.com/wp-includes/block-i18n.json&path=/home/slfopp7cb1df/public_html/conradinvestmentgroup.com/wp-includes HTTP/1.1" 200 13110 "-" "meta-externalagent/1.1 (+https://developers.facebook.com/docs/sharing/webmasters/crawler)" 113 **0/113287**
57.141.6.59 - - [14/Mar/2026:05:50:39 -0700] "GET /uncategorized/adaptatsiia-k-izmeneniiam-v-interfeise-prilozheniia-1xbet/?fileloc=/home/slfopp7cb1df/public_html/conradinvestmentgroup.com/wp-includes/class-wp-admin-bar.php&path=/home/slfopp7cb1df/public_html/conradinvestmentgroup.com/wp-includes HTTP/1.1" 200 33847 "-" "meta-externalagent/1.1 (+https://developers.facebook.com/docs/sharing/webmasters/crawler)" 137 **0/137803**
57.141.6.31 - - [14/Mar/2026:05:50:41 -0700] "GET /uncategorized/adaptatsiia-k-izmeneniiam-v-interfeise-prilozheniia-1xbet/?fileloc=/home/slfopp7cb1df/public_html/conradinvestmentgroup.com/wp-includes/formatting.php&path=/home/slfopp7cb1df/public_html/conradinvestmentgroup.com/wp-includes HTTP/1.1" 200 513146 "-" "meta-externalagent/1.1 (+https://developers.facebook.com/docs/sharing/webmasters/crawler)" 263 **0/263365**
57.141.6.65 - - [14/Mar/2026:05:50:42 -0700] "GET /uncategorized/adaptatsiia-k-izmeneniiam-v-interfeise-prilozheniia-1xbet/?fileloc=/home/slfopp7cb1df/public_html/conradinvestmentgroup.com/wp-includes/class-wp-dependency.php&path=/home/slfopp7cb1df/public_html/conradinvestmentgroup.com/wp-includes HTTP/1.1" 200 15318 "-" "meta-externalagent/1.1 (+https://developers.facebook.com/docs/sharing/webmasters/crawler)" 104 **0/104270**
57.141.6.23 - - [14/Mar/2026:05:50:44 -0700] "GET /uncategorized/adaptatsiia-k-izmeneniiam-v-interfeise-prilozheniia-1xbet/?fileloc=/home/slfopp7cb1df/public_html/conradinvestmentgroup.com/wp-includes/functions.php&path=/home/slfopp7cb1df/public_html/conradinvestmentgroup.com/wp-includes HTTP/1.1" 403 56951 "-" "meta-externalagent/1.1 (+https://developers.facebook.com/docs/sharing/webmasters/crawler)" 93 **0/93580**
57.141.6.17 - - [14/Mar/2026:05:50:46 -0700] "GET /uncategorized/adaptatsiia-k-izmeneniiam-v-interfeise-prilozheniia-1xbet/?fileloc=/home/slfopp7cb1df/public_html/conradinvestmentgroup.com/wp-includes/class-feed.php&path=/home/slfopp7cb1df/public_html/conradinvestmentgroup.com/wp-includes HTTP/1.1" 403 56951 "-" "meta-externalagent/1.1 (+https://developers.facebook.com/docs/sharing/webmasters/crawler)" 98 **0/98533**
57.141.6.5 - - [14/Mar/2026:05:50:49 -0700] "GET /uncategorized/adaptatsiia-k-izmeneniiam-v-interfeise-prilozheniia-1xbet/?fileloc=/home/slfopp7cb1df/public_html/conradinvestmentgroup.com/wp-includes/class-wp-customize-manager.php&path=/home/slfopp7cb1df/public_html/conradinvestmentgroup.com/wp-includes HTTP/1.1" 403 56951 "-" "meta-externalagent/1.1 (+https://developers.facebook.com/docs/sharing/webmasters/crawler)" 111 **0/111549**
57.141.6.43 - - [14/Mar/2026:05:50:51 -0700] "GET /uncategorized/adaptatsiia-k-izmeneniiam-v-interfeise-prilozheniia-1xbet/?fileloc=/home/slfopp7cb1df/public_html/conradinvestmentgroup.com/wp-includes/class-wp-dependencies.php&path=/home/slfopp7cb1df/public_html/conradinvestmentgroup.com/wp-includes HTTP/1.1" 403 56951 "-" "meta-externalagent/1.1 (+https://developers.facebook.com/docs/sharing/webmasters/crawler)" 115 **0/115247**
57.141.6.43 - - [14/Mar/2026:05:50:53 -0700] "GET /wp-json/wp/v2/posts/1854?fileloc=//usr/lib64/libsepol.so.1&path=//usr/lib64 HTTP/1.1" 403 56951 "-" "meta-externalagent/1.1 (+https://developers.facebook.com/docs/sharing/webmasters/crawler)" 106 **0/106281**
57.141.6.37 - - [14/Mar/2026:05:50:56 -0700] "GET /public/uncovering-the-secrets-of-winning-at-casinos-strategies-that-work/?fileloc=//bin/tty&path=//bin HTTP/1.1" 403 56951 "-" "meta-externalagent/1.1 (+https://developers.facebook.com/docs/sharing/webmasters/crawler)" 120 **0/120158**
57.141.6.22 - - [14/Mar/2026:05:50:58 -0700] "GET /uncategorized/adaptatsiia-k-izmeneniiam-v-interfeise-prilozheniia-1xbet/?path=/home/slfopp7cb1df/public_html/conradinvestmentgroup.com/wp-includes/Text HTTP/1.1" 403 56951 "-" "meta-externalagent/1.1 (+https://developers.facebook.com/docs/sharing/webmasters/crawler)" 107 **0/107352**
57.141.6.22 - - [14/Mar/2026:05:51:00 -0700] "GET /uncategorized/adaptatsiia-k-izmeneniiam-v-interfeise-prilozheniia-1xbet/?fileloc=/home/slfopp7cb1df/public_html/conradinvestmentgroup.com/wp-includes/class.wp-dependencies.php&path=/home/slfopp7cb1df/public_html/conradinvestmentgroup.com/wp-includes HTTP/1.1" 403 56951 "-" "meta-externalagent/1.1 (+https://developers.facebook.com/docs/sharing/webmasters/crawler)" 113 **0/113654**
57.141.6.22 - - [14/Mar/2026:05:51:05 -0700] "GET /uncategorized/adaptatsiia-k-izmeneniiam-v-interfeise-prilozheniia-1xbet/?fileloc=/home/slfopp7cb1df/public_html/conradinvestmentgroup.com/wp-includes/shortcodes.php&path=/home/slfopp7cb1df/public_html/conradinvestmentgroup.com/wp-includes HTTP/1.1" 403 56951 "-" "meta-externalagent/1.1 (+https://developers.facebook.com/docs/sharing/webmasters/crawler)" 105 **0/105411**
57.141.6.12 - - [14/Mar/2026:05:51:07 -0700] "GET /uncategorized/adaptatsiia-k-izmeneniiam-v-interfeise-prilozheniia-1xbet/?fileloc=/home/slfopp7cb1df/public_html/conradinvestmentgroup.com/wp-includes/update.php&path=/home/slfopp7cb1df/public_html/conradinvestmentgroup.com/wp-includes HTTP/1.1" 403 56951 "-" "meta-externalagent/1.1 (+https://developers.facebook.com/docs/sharing/webmasters/crawler)" 127 **0/127906**
57.141.6.71 - - [14/Mar/2026:05:51:11 -0700] "GET /uncategorized/adaptatsiia-k-izmeneniiam-v-interfeise-prilozheniia-1xbet/?fileloc=/home/slfopp7cb1df/public_html/conradinvestmentgroup.com/wp-includes/class-wp-term.php&path=/home/slfopp7cb1df/public_html/conradinvestmentgroup.com/wp-includes HTTP/1.1" 403 56951 "-" "meta-externalagent/1.1 (+https://developers.facebook.com/docs/sharing/webmasters/crawler)" 98 **0/98083**
57.141.6.50 - - [14/Mar/2026:05:51:12 -0700] "GET /uncategorized/adaptatsiia-k-izmeneniiam-v-interfeise-prilozheniia-1xbet/?fileloc=/home/slfopp7cb1df/public_html/conradinvestmentgroup.com/wp-includes/class-wp-paused-extensions-storage.php&path=/home/slfopp7cb1df/public_html/conradinvestmentgroup.com/wp-includes HTTP/1.1" 403 56951 "-" "meta-externalagent/1.1 (+https://developers.facebook.com/docs/sharing/webmasters/crawler)" 89 **0/89330**
57.141.6.29 - - [14/Mar/2026:05:51:14 -0700] "GET /uncategorized/adaptatsiia-k-izmeneniiam-v-interfeise-prilozheniia-1xbet/?fileloc=/home/slfopp7cb1df/public_html/conradinvestmentgroup.com/wp-includes/class-phpass.php&path=/home/slfopp7cb1df/public_html/conradinvestmentgroup.com/wp-includes HTTP/1.1" 403 56951 "-" "meta-externalagent/1.1 (+https://developers.facebook.com/docs/sharing/webmasters/crawler)" 111 **0/111796**
57.141.6.69 - - [14/Mar/2026:05:51:19 -0700] "GET /uncategorized/adaptatsiia-k-izmeneniiam-v-interfeise-prilozheniia-1xbet/?fileloc=/home/slfopp7cb1df/public_html/conradinvestmentgroup.com/wp-includes/class-wp-http-ixr-client.php&path=/home/slfopp7cb1df/public_html/conradinvestmentgroup.com/wp-includes HTTP/1.1" 403 56951 "-" "meta-externalagent/1.1 (+https://developers.facebook.com/docs/sharing/webmasters/crawler)" 104 **0/104438**
57.141.6.4 - - [14/Mar/2026:05:51:20 -0700] "GET /uncategorized/adaptatsiia-k-izmeneniiam-v-interfeise-prilozheniia-1xbet/?fileloc=/home/slfopp7cb1df/public_html/conradinvestmentgroup.com/wp-includes/media.php&path=/home/slfopp7cb1df/public_html/conradinvestmentgroup.com/wp-includes HTTP/1.1" 403 56951 "-" "meta-externalagent/1.1 (+https://developers.facebook.com/docs/sharing/webmasters/crawler)" 109 **0/109735**
57.141.6.38 - - [14/Mar/2026:05:51:22 -0700] "GET /uncategorized/adaptatsiia-k-izmeneniiam-v-interfeise-prilozheniia-1xbet/?fileloc=/home/slfopp7cb1df/public_html/conradinvestmentgroup.com/wp-includes/class-wp-taxonomy.php&path=/home/slfopp7cb1df/public_html/conradinvestmentgroup.com/wp-includes HTTP/1.1" 403 56951 "-" "meta-externalagent/1.1 (+https://developers.facebook.com/docs/sharing/webmasters/crawler)" 194 **0/194724**
57.141.6.4 - - [14/Mar/2026:05:51:28 -0700] "GET /uncategorized/adaptatsiia-k-izmeneniiam-v-interfeise-prilozheniia-1xbet/?fileloc=/home/slfopp7cb1df/public_html/conradinvestmentgroup.com/wp-includes/locale.php&path=/home/slfopp7cb1df/public_html/conradinvestmentgroup.com/wp-includes HTTP/1.1" 403 56951 "-" "meta-externalagent/1.1 (+https://developers.facebook.com/docs/sharing/webmasters/crawler)" 102 **0/102614**
57.141.6.37 - - [14/Mar/2026:05:51:31 -0700] "GET /wp-json/wp/v2/posts/1854?fileloc=//usr/lib64/libestr.so.0&path=//usr/lib64 HTTP/1.1" 403 56951 "-" "meta-externalagent/1.1 (+https://developers.facebook.com/docs/sharing/webmasters/crawler)" 94 **0/94784**
57.141.6.68 - - [14/Mar/2026:05:51:34 -0700] "GET /uncategorized/adaptatsiia-k-izmeneniiam-v-interfeise-prilozheniia-1xbet/?fileloc=/home/slfopp7cb1df/public_html/conradinvestmentgroup.com/wp-includes/functions.wp-styles.php&path=/home/slfopp7cb1df/public_html/conradinvestmentgroup.com/wp-includes HTTP/1.1" 403 56951 "-" "meta-externalagent/1.1 (+https://developers.facebook.com/docs/sharing/webmasters/crawler)" 107 **0/107354**
57.141.6.52 - - [14/Mar/2026:05:51:35 -0700] "GET /uncategorized/adaptatsiia-k-izmeneniiam-v-interfeise-prilozheniia-1xbet/?fileloc=/home/slfopp7cb1df/public_html/conradinvestmentgroup.com/wp-includes/class-wp-network-query.php&path=/home/slfopp7cb1df/public_html/conradinvestmentgroup.com/wp-includes HTTP/1.1" 403 56951 "-" "meta-externalagent/1.1 (+https://developers.facebook.com/docs/sharing/webmasters/crawler)" 129 **0/129885**
57.141.6.6 - - [14/Mar/2026:05:51:38 -0700] "GET /uncategorized/neue-online-casino-india-spin-your-way-to-exciting-wins/?fileloc=//lib64/rsyslog/imtcp.so&path=//lib64/rsyslog HTTP/1.1" 403 56951 "-" "meta-externalagent/1.1 (+https://developers.facebook.com/docs/sharing/webmasters/crawler)" 124 **0/124520**
57.141.6.69 - - [14/Mar/2026:05:51:39 -0700] "GET /uncategorized/adaptatsiia-k-izmeneniiam-v-interfeise-prilozheniia-1xbet/?fileloc=/home/slfopp7cb1df/public_html/conradinvestmentgroup.com/wp-includes/feed-atom.php&path=/home/slfopp7cb1df/public_html/conradinvestmentgroup.com/wp-includes HTTP/1.1" 403 56951 "-" "meta-externalagent/1.1 (+https://developers.facebook.com/docs/sharing/webmasters/crawler)" 119 **0/119055**
57.141.6.3 - - [14/Mar/2026:05:51:42 -0700] "GET /uncategorized/adaptatsiia-k-izmeneniiam-v-interfeise-prilozheniia-1xbet/?fileloc=/home/slfopp7cb1df/public_html/conradinvestmentgroup.com/wp-includes/load.php&path=/home/slfopp7cb1df/public_html/conradinvestmentgroup.com/wp-includes HTTP/1.1" 403 56951 "-" "meta-externalagent/1.1 (+https://developers.facebook.com/docs/sharing/webmasters/crawler)" 93 **0/93356**
57.141.6.11 - - [14/Mar/2026:05:51:50 -0700] "GET /uncategorized/adaptatsiia-k-izmeneniiam-v-interfeise-prilozheniia-1xbet/?fileloc=/home/slfopp7cb1df/public_html/conradinvestmentgroup.com/wp-includes/class.wp-styles.php&path=/home/slfopp7cb1df/public_html/conradinvestmentgroup.com/wp-includes HTTP/1.1" 200 13019 "-" "meta-externalagent/1.1 (+https://developers.facebook.com/docs/sharing/webmasters/crawler)" 89 **0/89315**
57.141.6.12 - - [14/Mar/2026:05:51:54 -0700] "GET /category/uncategorized/?fileloc=/home/slfopp7cb1df/.clwpos/main.log&path=/home/slfopp7cb1df/.clwpos HTTP/1.1" 200 12373 "-" "meta-externalagent/1.1 (+https://developers.facebook.com/docs/sharing/webmasters/crawler)" 114 **0/114663**
57.141.6.29 - - [14/Mar/2026:05:51:58 -0700] "GET /uncategorized/adaptatsiia-k-izmeneniiam-v-interfeise-prilozheniia-1xbet/?fileloc=/home/slfopp7cb1df/public_html/conradinvestmentgroup.com/wp-includes/link-template.php&path=/home/slfopp7cb1df/public_html/conradinvestmentgroup.com/wp-includes HTTP/1.1" 200 188692 "-" "meta-externalagent/1.1 (+https://developers.facebook.com/docs/sharing/webmasters/crawler)" 232 **0/232668**
57.141.6.42 - - [14/Mar/2026:05:52:02 -0700] "GET /uncategorized/adaptatsiia-k-izmeneniiam-v-interfeise-prilozheniia-1xbet/?fileloc=/home/slfopp7cb1df/public_html/conradinvestmentgroup.com/wp-includes/class-wp-duotone.php&path=/home/slfopp7cb1df/public_html/conradinvestmentgroup.com/wp-includes HTTP/1.1" 200 57049 "-" "meta-externalagent/1.1 (+https://developers.facebook.com/docs/sharing/webmasters/crawler)" 138 **0/138842**
57.141.6.54 - - [14/Mar/2026:05:52:06 -0700] "GET /uncategorized/adaptatsiia-k-izmeneniiam-v-interfeise-prilozheniia-1xbet/?fileloc=/home/slfopp7cb1df/public_html/conradinvestmentgroup.com/wp-includes/class-wp-dependencies-soap.php&path=/home/slfopp7cb1df/public_html/conradinvestmentgroup.com/wp-includes HTTP/1.1" 200 14249 "-" "meta-externalagent/1.1 (+https://developers.facebook.com/docs/sharing/webmasters/crawler)" 106 **0/106308**
57.141.6.43 - - [14/Mar/2026:05:52:10 -0700] "GET /category/uncategorized/?fileloc=/home/slfopp7cb1df/public_html/conradinvestmentgroup.com/wp-content/themes/patterns-agency/index.php&path=/home/slfopp7cb1df/public_html/conradinvestmentgroup.com/wp-content/themes/patterns-agency HTTP/1.1" 200 12903 "-" "meta-externalagent/1.1 (+https://developers.facebook.com/docs/sharing/webmasters/crawler)" 111 **0/111638**
57.141.6.38 - - [14/Mar/2026:05:52:26 -0700] "GET /uncategorized/adaptatsiia-k-izmeneniiam-v-interfeise-prilozheniia-1xbet/?fileloc=/home/slfopp7cb1df/public_html/conradinvestmentgroup.com/wp-includes/abilities.php&path=/home/slfopp7cb1df/public_html/conradinvestmentgroup.com/wp-includes HTTP/1.1" 200 23153 "-" "meta-externalagent/1.1 (+https://developers.facebook.com/docs/sharing/webmasters/crawler)" 115 **0/115876**
57.141.6.40 - - [14/Mar/2026:05:52:31 -0700] "GET /uncategorized/adaptatsiia-k-izmeneniiam-v-interfeise-prilozheniia-1xbet/?fileloc=/home/slfopp7cb1df/public_html/conradinvestmentgroup.com/wp-includes/class-wp-comment-query.php&path=/home/slfopp7cb1df/public_html/conradinvestmentgroup.com/wp-includes HTTP/1.1" 200 68410 "-" "meta-externalagent/1.1 (+https://developers.facebook.com/docs/sharing/webmasters/crawler)" 116 **0/116278**
57.141.6.42 - - [14/Mar/2026:05:52:32 -0700] "GET /uncategorized/adaptatsiia-k-izmeneniiam-v-interfeise-prilozheniia-1xbet/?path=/home/slfopp7cb1df/public_html/conradinvestmentgroup.com/wp-includes/blocks HTTP/1.1" 200 316794 "-" "meta-externalagent/1.1 (+https://developers.facebook.com/docs/sharing/webmasters/crawler)" 218 **0/218357**
57.141.6.14 - - [14/Mar/2026:05:52:38 -0700] "GET /category/uncategorized/?fileloc=/home/slfopp7cb1df/.mysql_backup/i5698090_wp1.sql.gz&path=/home/slfopp7cb1df/.mysql_backup HTTP/1.1" 200 174685 "-" "meta-externalagent/1.1 (+https://developers.facebook.com/docs/sharing/webmasters/crawler)" 167 **0/167435**
57.141.6.14 - - [14/Mar/2026:05:52:44 -0700] "GET /uncategorized/adaptatsiia-k-izmeneniiam-v-interfeise-prilozheniia-1xbet/?fileloc=/home/slfopp7cb1df/public_html/conradinvestmentgroup.com/wp-includes/cache.php&path=/home/slfopp7cb1df/public_html/conradinvestmentgroup.com/wp-includes HTTP/1.1" 200 26494 "-" "meta-externalagent/1.1 (+https://developers.facebook.com/docs/sharing/webmasters/crawler)" 88 **0/88520**
57.141.6.54 - - [14/Mar/2026:05:52:50 -0700] "GET /uncategorized/adaptatsiia-k-izmeneniiam-v-interfeise-prilozheniia-1xbet/?fileloc=/home/slfopp7cb1df/public_html/conradinvestmentgroup.com/wp-includes/class-wp-network.php&path=/home/slfopp7cb1df/public_html/conradinvestmentgroup.com/wp-includes HTTP/1.1" 200 25928 "-" "meta-externalagent/1.1 (+https://developers.facebook.com/docs/sharing/webmasters/crawler)" 111 **0/111489**
57.141.6.43 - - [14/Mar/2026:05:52:50 -0700] "GET /uncategorized/adaptatsiia-k-izmeneniiam-v-interfeise-prilozheniia-1xbet/?fileloc=/home/slfopp7cb1df/public_html/conradinvestmentgroup.com/wp-includes/class-wp-metadata-lazyloader.php&path=/home/slfopp7cb1df/public_html/conradinvestmentgroup.com/wp-includes HTTP/1.1" 200 19997 "-" "meta-externalagent/1.1 (+https://developers.facebook.com/docs/sharing/webmasters/crawler)" 89 **0/89711**
57.141.6.61 - - [14/Mar/2026:05:53:01 -0700] "GET /uncategorized/adaptatsiia-k-izmeneniiam-v-interfeise-prilozheniia-1xbet/?fileloc=/home/slfopp7cb1df/public_html/conradinvestmentgroup.com/wp-includes/feed.php&path=/home/slfopp7cb1df/public_html/conradinvestmentgroup.com/wp-includes HTTP/1.1" 200 40143 "-" "meta-externalagent/1.1 (+https://developers.facebook.com/docs/sharing/webmasters/crawler)" 133 **0/133637**
57.141.6.5 - - [14/Mar/2026:05:53:07 -0700] "GET /uncategorized/adaptatsiia-k-izmeneniiam-v-interfeise-prilozheniia-1xbet/?fileloc=/home/slfopp7cb1df/public_html/conradinvestmentgroup.com/wp-includes/version.php&path=/home/slfopp7cb1df/public_html/conradinvestmentgroup.com/wp-includes HTTP/1.1" 200 13799 "-" "meta-externalagent/1.1 (+https://developers.facebook.com/docs/sharing/webmasters/crawler)" 108 **0/108491**
57.141.6.29 - - [14/Mar/2026:05:53:13 -0700] "GET /uncategorized/adaptatsiia-k-izmeneniiam-v-interfeise-prilozheniia-1xbet/?fileloc=/home/slfopp7cb1df/public_html/conradinvestmentgroup.com/wp-includes/class-wp-role.php&path=/home/slfopp7cb1df/public_html/conradinvestmentgroup.com/wp-includes HTTP/1.1" 200 15202 "-" "meta-externalagent/1.1 (+https://developers.facebook.com/docs/sharing/webmasters/crawler)" 99 **0/99584**
57.141.6.23 - - [14/Mar/2026:05:53:18 -0700] "GET /uncategorized/adaptatsiia-k-izmeneniiam-v-interfeise-prilozheniia-1xbet/?fileloc=/home/slfopp7cb1df/public_html/conradinvestmentgroup.com/wp-includes/class-wp-theme-json-schema.php&path=/home/slfopp7cb1df/public_html/conradinvestmentgroup.com/wp-includes HTTP/1.1" 200 20722 "-" "meta-externalagent/1.1 (+https://developers.facebook.com/docs/sharing/webmasters/crawler)" 79 **0/79863**
57.141.6.44 - - [14/Mar/2026:05:53:18 -0700] "GET /uncategorized/neue-online-casino-india-spin-your-way-to-exciting-wins/?fileloc=//lib64/rsyslog/lmregexp.so&path=//lib64/rsyslog HTTP/1.1" 200 32709 "-" "meta-externalagent/1.1 (+https://developers.facebook.com/docs/sharing/webmasters/crawler)" 79 **0/79692**
57.141.6.59 - - [14/Mar/2026:05:53:29 -0700] "GET /uncategorized/adaptatsiia-k-izmeneniiam-v-interfeise-prilozheniia-1xbet/?fileloc=/home/slfopp7cb1df/public_html/conradinvestmentgroup.com/wp-includes/post.php&path=/home/slfopp7cb1df/public_html/conradinvestmentgroup.com/wp-includes HTTP/1.1" 200 341263 "-" "meta-externalagent/1.1 (+https://developers.facebook.com/docs/sharing/webmasters/crawler)" 256 **0/256821**
57.141.6.66 - - [14/Mar/2026:05:53:34 -0700] "GET /category/uncategorized/?fileloc=/home/slfopp7cb1df/public_html/conradinvestmentgroup.com/wp-content/themes/patterns-agency/theme.json&path=/home/slfopp7cb1df/public_html/conradinvestmentgroup.com/wp-content/themes/patterns-agency HTTP/1.1" 200 48392 "-" "meta-externalagent/1.1 (+https://developers.facebook.com/docs/sharing/webmasters/crawler)" 83 **0/83396**
57.141.6.37 - - [14/Mar/2026:05:53:40 -0700] "GET /uncategorized/adaptatsiia-k-izmeneniiam-v-interfeise-prilozheniia-1xbet/?fileloc=/home/slfopp7cb1df/public_html/conradinvestmentgroup.com/wp-includes/class-wp-user-query.php&path=/home/slfopp7cb1df/public_html/conradinvestmentgroup.com/wp-includes HTTP/1.1" 200 63052 "-" "meta-externalagent/1.1 (+https://developers.facebook.com/docs/sharing/webmasters/crawler)" 112 **0/112985**
57.141.6.45 - - [14/Mar/2026:05:53:45 -0700] "GET /uncategorized/neue-online-casino-india-spin-your-way-to-exciting-wins/?fileloc=//lib64/rsyslog/imklog.so&path=//lib64/rsyslog HTTP/1.1" 200 45769 "-" "meta-externalagent/1.1 (+https://developers.facebook.com/docs/sharing/webmasters/crawler)" 87 **0/87451**
57.141.6.5 - - [14/Mar/2026:05:53:45 -0700] "GET /uncategorized/adaptatsiia-k-izmeneniiam-v-interfeise-prilozheniia-1xbet/?fileloc=/home/slfopp7cb1df/public_html/conradinvestmentgroup.com/wp-includes/class-wp-site.php&path=/home/slfopp7cb1df/public_html/conradinvestmentgroup.com/wp-includes HTTP/1.1" 200 20688 "-" "meta-externalagent/1.1 (+https://developers.facebook.com/docs/sharing/webmasters/crawler)" 81 **0/81230**
57.141.6.44 - - [14/Mar/2026:05:53:50 -0700] "GET /category/uncategorized/?path=/home/slfopp7cb1df/public_html/conradinvestmentgroup.com/wp-content/themes/patterns-agency/public HTTP/1.1" 200 18645 "-" "meta-externalagent/1.1 (+https://developers.facebook.com/docs/sharing/webmasters/crawler)" 126 **0/126439**
57.141.6.11 - - [14/Mar/2026:05:53:55 -0700] "GET /uncategorized/adaptatsiia-k-izmeneniiam-v-interfeise-prilozheniia-1xbet/?fileloc=/home/slfopp7cb1df/public_html/conradinvestmentgroup.com/wp-includes/comment-template.php&path=/home/slfopp7cb1df/public_html/conradinvestmentgroup.com/wp-includes HTTP/1.1" 200 126654 "-" "meta-externalagent/1.1 (+https://developers.facebook.com/docs/sharing/webmasters/crawler)" 186 **0/186908**
74.7.244.4 - - [14/Mar/2026:05:53:59 -0700] "GET /robots.txt HTTP/1.1" 200 3435 "-" "Mozilla/5.0 (Macintosh; Intel Mac OS X 10_15_7) AppleWebKit/537.36 (KHTML, like Gecko) Chrome/131.0.0.0 Safari/537.36; compatible; OAI-SearchBot/1.3; robots.txt; +https://openai.com/searchbot" 85 **0/85273**
57.141.6.72 - - [14/Mar/2026:05:54:00 -0700] "GET /uncategorized/adaptatsiia-k-izmeneniiam-v-interfeise-prilozheniia-1xbet/?fileloc=/home/slfopp7cb1df/public_html/conradinvestmentgroup.com/wp-includes/plugin.php&path=/home/slfopp7cb1df/public_html/conradinvestmentgroup.com/wp-includes HTTP/1.1" 200 50025 "-" "meta-externalagent/1.1 (+https://developers.facebook.com/docs/sharing/webmasters/crawler)" 103 **0/103685**
57.141.6.37 - - [14/Mar/2026:05:54:04 -0700] "GET /uncategorized/adaptatsiia-k-izmeneniiam-v-interfeise-prilozheniia-1xbet/?fileloc=/home/slfopp7cb1df/public_html/conradinvestmentgroup.com/wp-includes/class-wp-text-diff-renderer-table.php&path=/home/slfopp7cb1df/public_html/conradinvestmentgroup.com/wp-includes HTTP/1.1" 200 33030 "-" "meta-externalagent/1.1 (+https://developers.facebook.com/docs/sharing/webmasters/crawler)" 104 **0/104115**
57.141.6.22 - - [14/Mar/2026:05:54:08 -0700] "GET /category/uncategorized/?path=/home/slfopp7cb1df/public_html/conradinvestmentgroup.com/wp-content/themes/patterns-agency/patterns HTTP/1.1" 200 125698 "-" "meta-externalagent/1.1 (+https://developers.facebook.com/docs/sharing/webmasters/crawler)" 194 **0/194721**
57.141.6.54 - - [14/Mar/2026:05:54:13 -0700] "GET /author-sitemap.xml?fileloc=//lib64/python3.12/tkinter/__pycache__/font.cpython-312.pyc&path=//lib64/python3.12/tkinter/__pycache__ HTTP/1.1" 200 25836 "-" "meta-externalagent/1.1 (+https://developers.facebook.com/docs/sharing/webmasters/crawler)" 87 **0/87489**
57.141.6.66 - - [14/Mar/2026:05:54:16 -0700] "GET /uncategorized/adaptatsiia-k-izmeneniiam-v-interfeise-prilozheniia-1xbet/?fileloc=/home/slfopp7cb1df/public_html/conradinvestmentgroup.com/wp-includes/bookmark.php&path=/home/slfopp7cb1df/public_html/conradinvestmentgroup.com/wp-includes HTTP/1.1" 200 30471 "-" "meta-externalagent/1.1 (+https://developers.facebook.com/docs/sharing/webmasters/crawler)" 94 **0/94099**
57.141.6.12 - - [14/Mar/2026:05:54:20 -0700] "GET /uncategorized/adaptatsiia-k-izmeneniiam-v-interfeise-prilozheniia-1xbet/?fileloc=/home/slfopp7cb1df/public_html/conradinvestmentgroup.com/wp-includes/ms-deprecated.php&path=/home/slfopp7cb1df/public_html/conradinvestmentgroup.com/wp-includes HTTP/1.1" 200 36788 "-" "meta-externalagent/1.1 (+https://developers.facebook.com/docs/sharing/webmasters/crawler)" 96 **0/96457**
57.141.6.4 - - [14/Mar/2026:05:54:24 -0700] "GET /wp-json/wp/v2/posts/1854?path=//opt/alt/libssh211 HTTP/1.1" 200 14065 "-" "meta-externalagent/1.1 (+https://developers.facebook.com/docs/sharing/webmasters/crawler)" 89 **0/89936**
57.141.6.6 - - [14/Mar/2026:05:54:27 -0700] "GET /wp-json/wp/v2/posts/1854?fileloc=//usr/lib64/libslapi-2.4.so.2&path=//usr/lib64 HTTP/1.1" 200 215328 "-" "meta-externalagent/1.1 (+https://developers.facebook.com/docs/sharing/webmasters/crawler)" 210 **0/210531**
57.141.6.50 - - [14/Mar/2026:05:54:31 -0700] "GET /uncategorized/neue-online-casino-india-spin-your-way-to-exciting-wins/?fileloc=//lib64/rsyslog/mmanon.so&path=//lib64/rsyslog HTTP/1.1" 200 48305 "-" "meta-externalagent/1.1 (+https://developers.facebook.com/docs/sharing/webmasters/crawler)" 97 **0/97836**
57.141.6.31 - - [14/Mar/2026:05:54:34 -0700] "GET /uncategorized/adaptatsiia-k-izmeneniiam-v-interfeise-prilozheniia-1xbet/?fileloc=/home/slfopp7cb1df/public_html/conradinvestmentgroup.com/wp-includes/ms-load.php&path=/home/slfopp7cb1df/public_html/conradinvestmentgroup.com/wp-includes HTTP/1.1" 200 34337 "-" "meta-externalagent/1.1 (+https://developers.facebook.com/docs/sharing/webmasters/crawler)" 93 **0/93386**
57.141.6.24 - - [14/Mar/2026:05:54:37 -0700] "GET /uncategorized/adaptatsiia-k-izmeneniiam-v-interfeise-prilozheniia-1xbet/?fileloc=/home/slfopp7cb1df/public_html/conradinvestmentgroup.com/wp-includes/class-wp-http-requests-response.php&path=/home/slfopp7cb1df/public_html/conradinvestmentgroup.com/wp-includes HTTP/1.1" 200 17433 "-" "meta-externalagent/1.1 (+https://developers.facebook.com/docs/sharing/webmasters/crawler)" 113 **0/113378**
57.141.6.50 - - [14/Mar/2026:05:54:40 -0700] "GET /uncategorized/adaptatsiia-k-izmeneniiam-v-interfeise-prilozheniia-1xbet/?fileloc=/home/slfopp7cb1df/public_html/conradinvestmentgroup.com/wp-includes/class-walker-nav-menu.php&path=/home/slfopp7cb1df/public_html/conradinvestmentgroup.com/wp-includes HTTP/1.1" 200 25895 "-" "meta-externalagent/1.1 (+https://developers.facebook.com/docs/sharing/webmasters/crawler)" 87 **0/87193**
57.141.6.6 - - [14/Mar/2026:05:54:43 -0700] "GET /uncategorized/neue-online-casino-india-spin-your-way-to-exciting-wins/?fileloc=//lib64/rsyslog/lmzlibw.so&path=//lib64/rsyslog HTTP/1.1" 200 26583 "-" "meta-externalagent/1.1 (+https://developers.facebook.com/docs/sharing/webmasters/crawler)" 103 **0/103277**
57.141.6.4 - - [14/Mar/2026:05:54:46 -0700] "GET /uncategorized/adaptatsiia-k-izmeneniiam-v-interfeise-prilozheniia-1xbet/?fileloc=/home/slfopp7cb1df/public_html/conradinvestmentgroup.com/wp-includes/class-wp-image-editor-imagick.php&path=/home/slfopp7cb1df/public_html/conradinvestmentgroup.com/wp-includes HTTP/1.1" 200 52995 "-" "meta-externalagent/1.1 (+https://developers.facebook.com/docs/sharing/webmasters/crawler)" 99 **0/99623**
57.141.6.69 - - [14/Mar/2026:05:54:49 -0700] "GET /uncategorized/adaptatsiia-k-izmeneniiam-v-interfeise-prilozheniia-1xbet/?fileloc=/home/slfopp7cb1df/public_html/conradinvestmentgroup.com/wp-includes/http.php&path=/home/slfopp7cb1df/public_html/conradinvestmentgroup.com/wp-includes HTTP/1.1" 200 39762 "-" "meta-externalagent/1.1 (+https://developers.facebook.com/docs/sharing/webmasters/crawler)" 107 **0/107790**
57.141.6.31 - - [14/Mar/2026:05:54:52 -0700] "GET /category/uncategorized/?fileloc=/home/slfopp7cb1df/public_html/conradinvestmentgroup.com/wp-content/themes/patterns-agency/readme.txt&path=/home/slfopp7cb1df/public_html/conradinvestmentgroup.com/wp-content/themes/patterns-agency HTTP/1.1" 200 16361 "-" "meta-externalagent/1.1 (+https://developers.facebook.com/docs/sharing/webmasters/crawler)" 101 **0/101320**
57.141.6.51 - - [14/Mar/2026:05:54:54 -0700] "GET /uncategorized/adaptatsiia-k-izmeneniiam-v-interfeise-prilozheniia-1xbet/?fileloc=/home/slfopp7cb1df/public_html/conradinvestmentgroup.com/wp-includes/rss-functions.php&path=/home/slfopp7cb1df/public_html/conradinvestmentgroup.com/wp-includes HTTP/1.1" 200 12934 "-" "meta-externalagent/1.1 (+https://developers.facebook.com/docs/sharing/webmasters/crawler)" 120 **0/120624**
57.141.6.11 - - [14/Mar/2026:05:54:57 -0700] "GET /uncategorized/adaptatsiia-k-izmeneniiam-v-interfeise-prilozheniia-1xbet/?fileloc=/home/slfopp7cb1df/public_html/conradinvestmentgroup.com/wp-includes/class-wp-block-parser.php&path=/home/slfopp7cb1df/public_html/conradinvestmentgroup.com/wp-includes HTTP/1.1" 200 24845 "-" "meta-externalagent/1.1 (+https://developers.facebook.com/docs/sharing/webmasters/crawler)" 97 **0/97066**
66.249.73.162 - - [14/Mar/2026:05:55:02 -0700] "GET /?o=1211440385800 HTTP/1.1" 200 3435 "-" "Mozilla/5.0 (Linux; Android 6.0.1; Nexus 5X Build/MMB29P) AppleWebKit/537.36 (KHTML, like Gecko) Chrome/145.0.7632.116 Mobile Safari/537.36 (compatible; Googlebot/2.1; +http://www.google.com/bot.html)" 214 **0/214248**
57.141.6.65 - - [14/Mar/2026:05:55:04 -0700] "GET /uncategorized/neue-online-casino-india-spin-your-way-to-exciting-wins/?fileloc=//lib64/rsyslog/impstats.so&path=//lib64/rsyslog HTTP/1.1" 200 40466 "-" "meta-externalagent/1.1 (+https://developers.facebook.com/docs/sharing/webmasters/crawler)" 123 **0/123885**
57.141.6.4 - - [14/Mar/2026:05:55:12 -0700] "GET /category/uncategorized/?fileloc=/home/slfopp7cb1df/public_html/conradinvestmentgroup.com/wp-content/themes/patterns-agency/functions_bak.php&path=/home/slfopp7cb1df/public_html/conradinvestmentgroup.com/wp-content/themes/patterns-agency HTTP/1.1" 200 14043 "-" "meta-externalagent/1.1 (+https://developers.facebook.com/docs/sharing/webmasters/crawler)" 115 **0/115762**
57.141.6.14 - - [14/Mar/2026:05:55:12 -0700] "GET /uncategorized/neue-online-casino-india-spin-your-way-to-exciting-wins/?fileloc=//lib64/rsyslog/pmcisconames.so&path=//lib64/rsyslog HTTP/1.1" 200 27884 "-" "meta-externalagent/1.1 (+https://developers.facebook.com/docs/sharing/webmasters/crawler)" 114 **0/114888**
57.141.6.40 - - [14/Mar/2026:05:55:15 -0700] "GET /uncategorized/neue-online-casino-india-spin-your-way-to-exciting-wins/?fileloc=//lib64/rsyslog/lmtcpsrv.so&path=//lib64/rsyslog HTTP/1.1" 200 68103 "-" "meta-externalagent/1.1 (+https://developers.facebook.com/docs/sharing/webmasters/crawler)" 114 **0/114755**
57.141.6.31 - - [14/Mar/2026:05:55:18 -0700] "GET /uncategorized/neue-online-casino-india-spin-your-way-to-exciting-wins/?fileloc=//lib64/rsyslog/immark.so&path=//lib64/rsyslog HTTP/1.1" 200 33897 "-" "meta-externalagent/1.1 (+https://developers.facebook.com/docs/sharing/webmasters/crawler)" 114 **0/114754**
57.141.6.66 - - [14/Mar/2026:05:55:19 -0700] "GET /uncategorized/adaptatsiia-k-izmeneniiam-v-interfeise-prilozheniia-1xbet/?fileloc=/home/slfopp7cb1df/public_html/conradinvestmentgroup.com/wp-includes/widgets.php&path=/home/slfopp7cb1df/public_html/conradinvestmentgroup.com/wp-includes HTTP/1.1" 200 90573 "-" "meta-externalagent/1.1 (+https://developers.facebook.com/docs/sharing/webmasters/crawler)" 181 **0/181240**
57.141.6.18 - - [14/Mar/2026:05:55:23 -0700] "GET /uncategorized/neue-online-casino-india-spin-your-way-to-exciting-wins/?fileloc=//lib64/rsyslog/lmnet.so&path=//lib64/rsyslog HTTP/1.1" 200 51928 "-" "meta-externalagent/1.1 (+https://developers.facebook.com/docs/sharing/webmasters/crawler)" 125 **0/125058**
57.141.6.29 - - [14/Mar/2026:05:55:26 -0700] "GET /uncategorized/sekrety-legkoy-ustanovki-melbet-na-android-obzor-2026-s-ogonkom-i-zharoy/?fileloc=//etc/localtime&path=//etc HTTP/1.1" 200 12858 "-" "meta-externalagent/1.1 (+https://developers.facebook.com/docs/sharing/webmasters/crawler)" 104 **0/104284**
57.141.6.12 - - [14/Mar/2026:05:55:29 -0700] "GET /uncategorized/neue-online-casino-india-spin-your-way-to-exciting-wins/?fileloc=//lib64/rsyslog/omhttp.so&path=//lib64/rsyslog HTTP/1.1" 200 76432 "-" "meta-externalagent/1.1 (+https://developers.facebook.com/docs/sharing/webmasters/crawler)" 86 **0/86308**
57.141.6.23 - - [14/Mar/2026:05:55:33 -0700] "GET /uncategorized/adaptatsiia-k-izmeneniiam-v-interfeise-prilozheniia-1xbet/?fileloc=/home/slfopp7cb1df/public_html/conradinvestmentgroup.com/wp-includes/class-avif-info.php&path=/home/slfopp7cb1df/public_html/conradinvestmentgroup.com/wp-includes HTTP/1.1" 200 44266 "-" "meta-externalagent/1.1 (+https://developers.facebook.com/docs/sharing/webmasters/crawler)" 100 **0/100411**
57.141.6.68 - - [14/Mar/2026:05:55:36 -0700] "GET /category/uncategorized/?path=/home/slfopp7cb1df/public_html/conradinvestmentgroup.com/wp-content/themes/patterns-agency/parts HTTP/1.1" 200 34828 "-" "meta-externalagent/1.1 (+https://developers.facebook.com/docs/sharing/webmasters/crawler)" 86 **0/86993**
57.141.6.52 - - [14/Mar/2026:05:55:39 -0700] "GET /category/uncategorized/?path=/home/slfopp7cb1df/public_html/conradinvestmentgroup.com/wp-content/themes/patterns-agency/styles HTTP/1.1" 200 18431 "-" "meta-externalagent/1.1 (+https://developers.facebook.com/docs/sharing/webmasters/crawler)" 93 **0/93426**
57.141.6.51 - - [14/Mar/2026:05:55:45 -0700] "GET /public/uncovering-the-secrets-of-winning-at-casinos-strategies-that-work/?path=//var/tmp HTTP/1.1" 200 15427 "-" "meta-externalagent/1.1 (+https://developers.facebook.com/docs/sharing/webmasters/crawler)" 95 **0/95261**
57.141.6.14 - - [14/Mar/2026:05:55:47 -0700] "GET /post-sitemap.xml?fileloc=//usr/lib64/python2.7/toaiff.pyo&path=//usr/lib64/python2.7 HTTP/1.1" 200 15638 "-" "meta-externalagent/1.1 (+https://developers.facebook.com/docs/sharing/webmasters/crawler)" 86 **0/86752**
57.141.6.3 - - [14/Mar/2026:05:55:51 -0700] "GET /uncategorized/neue-online-casino-india-spin-your-way-to-exciting-wins/?fileloc=//lib64/rsyslog/mmcount.so&path=//lib64/rsyslog HTTP/1.1" 200 33412 "-" "meta-externalagent/1.1 (+https://developers.facebook.com/docs/sharing/webmasters/crawler)" 90 **0/90078**
57.141.6.14 - - [14/Mar/2026:05:55:53 -0700] "GET /uncategorized/neue-online-casino-india-spin-your-way-to-exciting-wins/?fileloc=//lib64/rsyslog/imjournal.so&path=//lib64/rsyslog HTTP/1.1" 200 57363 "-" "meta-externalagent/1.1 (+https://developers.facebook.com/docs/sharing/webmasters/crawler)" 97 **0/97802**
57.141.6.65 - - [14/Mar/2026:05:55:53 -0700] "GET /uncategorized/neue-online-casino-india-spin-your-way-to-exciting-wins/?fileloc=//lib64/rsyslog/lmtcpclt.so&path=//lib64/rsyslog HTTP/1.1" 200 28121 "-" "meta-externalagent/1.1 (+https://developers.facebook.com/docs/sharing/webmasters/crawler)" 105 **0/105133**
57.141.6.44 - - [14/Mar/2026:05:55:56 -0700] "GET /uncategorized/neue-online-casino-india-spin-your-way-to-exciting-wins/?fileloc=//lib64/rsyslog/pmaixforwardedfrom.so&path=//lib64/rsyslog HTTP/1.1" 200 27827 "-" "meta-externalagent/1.1 (+https://developers.facebook.com/docs/sharing/webmasters/crawler)" 95 **0/95989**
57.141.6.45 - - [14/Mar/2026:05:55:59 -0700] "GET /category/uncategorized/?path=/home/slfopp7cb1df/public_html/conradinvestmentgroup.com/wp-content/themes/patterns-agency/admin HTTP/1.1" 200 23780 "-" "meta-externalagent/1.1 (+https://developers.facebook.com/docs/sharing/webmasters/crawler)" 100 **0/100681**
57.141.6.40 - - [14/Mar/2026:05:56:04 -0700] "GET /uncategorized/doradobet-app-descarga-la-app-sobre-tu-smartphone-%ef%b8%8f-2026/?fileloc=//lib64/libatomic.so.1&path=//lib64 HTTP/1.1" 200 52890 "-" "meta-externalagent/1.1 (+https://developers.facebook.com/docs/sharing/webmasters/crawler)" 97 **0/97770**
57.141.6.31 - - [14/Mar/2026:05:56:07 -0700] "GET /uncategorized/neue-online-casino-india-spin-your-way-to-exciting-wins/?fileloc=//lib64/rsyslog/mmexternal.so&path=//lib64/rsyslog HTTP/1.1" 200 39022 "-" "meta-externalagent/1.1 (+https://developers.facebook.com/docs/sharing/webmasters/crawler)" 116 **0/116151**
