57.141.6.64 - - [14/Mar/2026:05:56:10 -0700] "GET /uncategorized/fairgo-casino-australia-mobile-guide-adding-home-screen-on-devices/?path=/home/slfopp7cb1df/public_html/shaneconrad.me HTTP/1.1" 200 58905 "-" "meta-externalagent/1.1 (+https://developers.facebook.com/docs/sharing/webmasters/crawler)" 95 **0/95008**
57.141.6.71 - - [14/Mar/2026:05:56:12 -0700] "GET /uncategorized/neue-online-casino-india-spin-your-way-to-exciting-wins/?fileloc=//lib64/rsyslog/imfile.so&path=//lib64/rsyslog HTTP/1.1" 200 97334 "-" "meta-externalagent/1.1 (+https://developers.facebook.com/docs/sharing/webmasters/crawler)" 184 **0/184093**
57.141.6.24 - - [14/Mar/2026:05:56:12 -0700] "GET /uncategorized/neue-online-casino-india-spin-your-way-to-exciting-wins/?fileloc=//lib64/rsyslog/ommail.so&path=//lib64/rsyslog HTTP/1.1" 200 41611 "-" "meta-externalagent/1.1 (+https://developers.facebook.com/docs/sharing/webmasters/crawler)" 92 **0/92052**
57.141.6.65 - - [14/Mar/2026:05:56:15 -0700] "GET /uncategorized/neue-online-casino-india-spin-your-way-to-exciting-wins/?fileloc=//lib64/rsyslog/omuxsock.so&path=//lib64/rsyslog HTTP/1.1" 200 34318 "-" "meta-externalagent/1.1 (+https://developers.facebook.com/docs/sharing/webmasters/crawler)" 93 **0/93693**
57.141.6.40 - - [14/Mar/2026:05:56:17 -0700] "GET /uncategorized/neue-online-casino-india-spin-your-way-to-exciting-wins/?fileloc=//lib64/rsyslog/pmlastmsg.so&path=//lib64/rsyslog HTTP/1.1" 200 27726 "-" "meta-externalagent/1.1 (+https://developers.facebook.com/docs/sharing/webmasters/crawler)" 111 **0/111729**
57.141.6.4 - - [14/Mar/2026:05:56:20 -0700] "GET /uncategorized/adaptatsiia-k-izmeneniiam-v-interfeise-prilozheniia-1xbet/?fileloc=/home/slfopp7cb1df/public_html/conradinvestmentgroup.com/wp-includes/functions.wp-scripts.php&path=/home/slfopp7cb1df/public_html/conradinvestmentgroup.com/wp-includes HTTP/1.1" 200 29246 "-" "meta-externalagent/1.1 (+https://developers.facebook.com/docs/sharing/webmasters/crawler)" 114 **0/114406**
57.141.6.48 - - [14/Mar/2026:05:56:22 -0700] "GET /uncategorized/neue-online-casino-india-spin-your-way-to-exciting-wins/?fileloc=//lib64/rsyslog/omstdout.so&path=//lib64/rsyslog HTTP/1.1" 200 33401 "-" "meta-externalagent/1.1 (+https://developers.facebook.com/docs/sharing/webmasters/crawler)" 107 **0/107944**
57.141.6.64 - - [14/Mar/2026:05:56:27 -0700] "GET /uncategorized/neue-online-casino-india-spin-your-way-to-exciting-wins/?fileloc=//lib64/rsyslog/fmhttp.so&path=//lib64/rsyslog HTTP/1.1" 200 27379 "-" "meta-externalagent/1.1 (+https://developers.facebook.com/docs/sharing/webmasters/crawler)" 87 **0/87461**
57.141.6.32 - - [14/Mar/2026:05:56:30 -0700] "GET /uncategorized/neue-online-casino-india-spin-your-way-to-exciting-wins/?fileloc=//lib64/rsyslog/omprog.so&path=//lib64/rsyslog HTTP/1.1" 200 52842 "-" "meta-externalagent/1.1 (+https://developers.facebook.com/docs/sharing/webmasters/crawler)" 115 **0/115440**
57.141.6.24 - - [14/Mar/2026:05:56:32 -0700] "GET /category/uncategorized/?path=/home/slfopp7cb1df/public_html/conradinvestmentgroup.com/wp-content/themes/patterns-agency/includes HTTP/1.1" 200 25630 "-" "meta-externalagent/1.1 (+https://developers.facebook.com/docs/sharing/webmasters/crawler)" 100 **0/100993**
57.141.6.32 - - [14/Mar/2026:05:56:34 -0700] "GET /uncategorized/2-very-harbors-%ef%bf%bd-best-online-casino-app-to-have-cellular-ports/?path=/home/slfopp7cb1df/public_html/conradinvestmentgroup.com/wp-admin HTTP/1.1" 200 182359 "-" "meta-externalagent/1.1 (+https://developers.facebook.com/docs/sharing/webmasters/crawler)" 210 **0/210404**
57.141.6.1 - - [14/Mar/2026:05:56:37 -0700] "GET /category/uncategorized/?path=/home/slfopp7cb1df/public_html/conradinvestmentgroup.com/wp-content/themes/patterns-agency/src HTTP/1.1" 200 30499 "-" "meta-externalagent/1.1 (+https://developers.facebook.com/docs/sharing/webmasters/crawler)" 102 **0/102809**
57.141.6.44 - - [14/Mar/2026:05:56:39 -0700] "GET /uncategorized/instruktsiia-skachat-1khbet-na-android-za-schitannye-minuty/?path=//lib64/audit HTTP/1.1" 200 14142 "-" "meta-externalagent/1.1 (+https://developers.facebook.com/docs/sharing/webmasters/crawler)" 89 **0/89699**
57.141.6.32 - - [14/Mar/2026:05:56:43 -0700] "GET /category/uncategorized/?fileloc=/home/slfopp7cb1df/public_html/conradinvestmentgroup.com/wp-content/themes/patterns-agency/style.css&path=/home/slfopp7cb1df/public_html/conradinvestmentgroup.com/wp-content/themes/patterns-agency HTTP/1.1" 200 14328 "-" "meta-externalagent/1.1 (+https://developers.facebook.com/docs/sharing/webmasters/crawler)" 92 **0/92481**
57.141.6.51 - - [14/Mar/2026:05:56:44 -0700] "GET /uncategorized/neue-online-casino-india-spin-your-way-to-exciting-wins/?fileloc=//lib64/rsyslog/pmsnare.so&path=//lib64/rsyslog HTTP/1.1" 200 34093 "-" "meta-externalagent/1.1 (+https://developers.facebook.com/docs/sharing/webmasters/crawler)" 79 **0/79183**
57.141.6.1 - - [14/Mar/2026:05:56:46 -0700] "GET /post-sitemap.xml?fileloc=//usr/lib64/python2.7/posixfile.py&path=//usr/lib64/python2.7 HTTP/1.1" 200 21380 "-" "meta-externalagent/1.1 (+https://developers.facebook.com/docs/sharing/webmasters/crawler)" 94 **0/94620**
57.141.6.61 - - [14/Mar/2026:05:56:51 -0700] "GET /category/uncategorized/?fileloc=/home/slfopp7cb1df/public_html/conradinvestmentgroup.com/wp-content/themes/patterns-agency/LICENSE.txt&path=/home/slfopp7cb1df/public_html/conradinvestmentgroup.com/wp-content/themes/patterns-agency HTTP/1.1" 200 31482 "-" "meta-externalagent/1.1 (+https://developers.facebook.com/docs/sharing/webmasters/crawler)" 93 **0/93037**
57.141.6.14 - - [14/Mar/2026:05:56:54 -0700] "GET /uncategorized/neue-online-casino-india-spin-your-way-to-exciting-wins/?fileloc=//lib64/rsyslog/fmhash.so&path=//lib64/rsyslog HTTP/1.1" 200 28252 "-" "meta-externalagent/1.1 (+https://developers.facebook.com/docs/sharing/webmasters/crawler)" 89 **0/89994**
57.141.6.59 - - [14/Mar/2026:05:56:56 -0700] "GET /uncategorized/neue-online-casino-india-spin-your-way-to-exciting-wins/?fileloc=//lib64/rsyslog/imudp.so&path=//lib64/rsyslog HTTP/1.1" 403 56951 "-" "meta-externalagent/1.1 (+https://developers.facebook.com/docs/sharing/webmasters/crawler)" 95 **0/95887**
57.141.6.44 - - [14/Mar/2026:05:56:59 -0700] "GET /category/uncategorized/?path=/home/slfopp7cb1df/public_html/conradinvestmentgroup.com/wp-content/themes/patterns-agency/languages HTTP/1.1" 403 56951 "-" "meta-externalagent/1.1 (+https://developers.facebook.com/docs/sharing/webmasters/crawler)" 91 **0/91004**
57.141.6.61 - - [14/Mar/2026:05:56:59 -0700] "GET /uncategorized/melhores-bonus-de-cassino-online-brazil-descubra-o-999bet/?fileloc=//lib64/libtomcrypt.so.1.0.1&path=//lib64 HTTP/1.1" 403 56951 "-" "meta-externalagent/1.1 (+https://developers.facebook.com/docs/sharing/webmasters/crawler)" 81 **0/81297**
57.141.6.54 - - [14/Mar/2026:05:57:02 -0700] "GET /uncategorized/free-spiny-dnes-jak-je-ziskat-a-vyuzit-ve-svych-oblibenych-online-kasinech/?fileloc=/home/slfopp7cb1df/.razor/razor-agent.log&path=/home/slfopp7cb1df/.razor HTTP/1.1" 403 56951 "-" "meta-externalagent/1.1 (+https://developers.facebook.com/docs/sharing/webmasters/crawler)" 110 **0/110352**
57.141.6.59 - - [14/Mar/2026:05:57:02 -0700] "GET /uncategorized/neue-online-casino-india-spin-your-way-to-exciting-wins/?fileloc=//lib64/rsyslog/lmnetstrms.so&path=//lib64/rsyslog HTTP/1.1" 403 56951 "-" "meta-externalagent/1.1 (+https://developers.facebook.com/docs/sharing/webmasters/crawler)" 102 **0/102298**
57.141.6.4 - - [14/Mar/2026:05:57:05 -0700] "GET /uncategorized/adaptatsiia-k-izmeneniiam-v-interfeise-prilozheniia-1xbet/?fileloc=/home/slfopp7cb1df/public_html/conradinvestmentgroup.com/wp-includes/class-wp-block-processor.php&path=/home/slfopp7cb1df/public_html/conradinvestmentgroup.com/wp-includes HTTP/1.1" 403 56951 "-" "meta-externalagent/1.1 (+https://developers.facebook.com/docs/sharing/webmasters/crawler)" 94 **0/94530**
57.141.6.52 - - [14/Mar/2026:05:57:08 -0700] "GET /uncategorized/neue-online-casino-india-spin-your-way-to-exciting-wins/?fileloc=//lib64/rsyslog/mmutf8fix.so&path=//lib64/rsyslog HTTP/1.1" 403 56951 "-" "meta-externalagent/1.1 (+https://developers.facebook.com/docs/sharing/webmasters/crawler)" 128 **0/128990**
57.141.6.54 - - [14/Mar/2026:05:57:11 -0700] "GET /post-sitemap.xml?path=//usr/share/locale/cn/LC_MESSAGES HTTP/1.1" 200 12854 "-" "meta-externalagent/1.1 (+https://developers.facebook.com/docs/sharing/webmasters/crawler)" 116 **0/116053**
57.141.6.72 - - [14/Mar/2026:05:57:14 -0700] "GET /uncategorized/neue-online-casino-india-spin-your-way-to-exciting-wins/?fileloc=//lib64/rsyslog/imdiag.so&path=//lib64/rsyslog HTTP/1.1" 403 56951 "-" "meta-externalagent/1.1 (+https://developers.facebook.com/docs/sharing/webmasters/crawler)" 85 **0/85183**
57.141.6.59 - - [14/Mar/2026:05:57:20 -0700] "GET /post-sitemap.xml?fileloc=//home/slfopp7cb1df/mail/new/1737108016.M787303P137215.p3plzcpnl506847.prod.phx3.secureserver.net,S=2425,W=2466&path=//home/slfopp7cb1df/mail/new HTTP/1.1" 200 14974 "-" "meta-externalagent/1.1 (+https://developers.facebook.com/docs/sharing/webmasters/crawler)" 117 **0/117796**
57.141.6.29 - - [14/Mar/2026:05:57:26 -0700] "GET /post-sitemap.xml?fileloc=//lib64/python3.12/pydoc.py&path=//lib64/python3.12 HTTP/1.1" 200 143084 "-" "meta-externalagent/1.1 (+https://developers.facebook.com/docs/sharing/webmasters/crawler)" 179 **0/179867**
57.141.6.61 - - [14/Mar/2026:05:57:28 -0700] "GET /uncategorized/jeux-mobiles-decouvrez-lunivers-des-simsinos/?fileloc=//bin/rvi&path=//bin HTTP/1.1" 403 56951 "-" "meta-externalagent/1.1 (+https://developers.facebook.com/docs/sharing/webmasters/crawler)" 86 **0/86393**
57.141.6.15 - - [14/Mar/2026:05:57:29 -0700] "GET /uncategorized/les-jeux-de-baccarat-en-ligne-gagnent-en-popularite-sur-betify/?fileloc=/home/slfopp7cb1df/public_html/conradinvestmentgroup.com/wp-includes/blocks/term-template/editor.min.css&path=/home/slfopp7cb1df/public_html/conradinvestmentgroup.com/wp-includes/blocks/term-template HTTP/1.1" 403 56951 "-" "meta-externalagent/1.1 (+https://developers.facebook.com/docs/sharing/webmasters/crawler)" 88 **0/88442**
57.141.6.46 - - [14/Mar/2026:05:57:32 -0700] "GET /public/udforsk-den-spaendende-verden-af-casinospil-med-unknowns-nyeste-tilbud/?path=/home/slfopp7cb1df/public_html/sitepacket.com/company HTTP/1.1" 403 56951 "-" "meta-externalagent/1.1 (+https://developers.facebook.com/docs/sharing/webmasters/crawler)" 94 **0/94056**
57.141.6.8 - - [14/Mar/2026:05:57:36 -0700] "GET /uncategorized/fairgo-casino-customer-support-review-live-chat-and-email-response-times/?fileloc=//lib64/libodbcdrvcfg2S.so.2&path=//lib64 HTTP/1.1" 403 56951 "-" "meta-externalagent/1.1 (+https://developers.facebook.com/docs/sharing/webmasters/crawler)" 118 **0/118914**
57.141.6.10 - - [14/Mar/2026:05:57:39 -0700] "GET /uncategorized/les-jeux-de-baccarat-en-ligne-gagnent-en-popularite-sur-betify/?fileloc=/home/slfopp7cb1df/public_html/conradinvestmentgroup.com/wp-includes/blocks/term-template/style-rtl.min.css&path=/home/slfopp7cb1df/public_html/conradinvestmentgroup.com/wp-includes/blocks/term-template HTTP/1.1" 403 56951 "-" "meta-externalagent/1.1 (+https://developers.facebook.com/docs/sharing/webmasters/crawler)" 85 **0/85272**
57.141.6.11 - - [14/Mar/2026:05:57:43 -0700] "GET /uncategorized/les-jeux-de-baccarat-en-ligne-gagnent-en-popularite-sur-betify/?fileloc=/home/slfopp7cb1df/public_html/conradinvestmentgroup.com/wp-includes/blocks/term-template/editor-rtl.min.css&path=/home/slfopp7cb1df/public_html/conradinvestmentgroup.com/wp-includes/blocks/term-template HTTP/1.1" 403 56951 "-" "meta-externalagent/1.1 (+https://developers.facebook.com/docs/sharing/webmasters/crawler)" 96 **0/96589**
57.141.6.50 - - [14/Mar/2026:05:57:47 -0700] "GET /uncategorized/les-jeux-de-baccarat-en-ligne-gagnent-en-popularite-sur-betify/?fileloc=/home/slfopp7cb1df/public_html/conradinvestmentgroup.com/wp-includes/blocks/term-template/editor.css&path=/home/slfopp7cb1df/public_html/conradinvestmentgroup.com/wp-includes/blocks/term-template HTTP/1.1" 403 56951 "-" "meta-externalagent/1.1 (+https://developers.facebook.com/docs/sharing/webmasters/crawler)" 96 **0/96670**
57.141.6.1 - - [14/Mar/2026:05:57:50 -0700] "GET /uncategorized/les-jeux-de-baccarat-en-ligne-gagnent-en-popularite-sur-betify/?fileloc=/home/slfopp7cb1df/public_html/conradinvestmentgroup.com/wp-includes/blocks/term-template/style-rtl.css&path=/home/slfopp7cb1df/public_html/conradinvestmentgroup.com/wp-includes/blocks/term-template HTTP/1.1" 403 56951 "-" "meta-externalagent/1.1 (+https://developers.facebook.com/docs/sharing/webmasters/crawler)" 91 **0/91982**
57.141.6.14 - - [14/Mar/2026:05:57:54 -0700] "GET /category/uncategorized/?path=/home/slfopp7cb1df/public_html/pm/writable HTTP/1.1" 403 56951 "-" "meta-externalagent/1.1 (+https://developers.facebook.com/docs/sharing/webmasters/crawler)" 92 **0/92333**
57.141.6.51 - - [14/Mar/2026:05:57:55 -0700] "GET /uncategorized/les-jeux-de-baccarat-en-ligne-gagnent-en-popularite-sur-betify/?fileloc=/home/slfopp7cb1df/public_html/conradinvestmentgroup.com/wp-includes/blocks/term-template/style.min.css&path=/home/slfopp7cb1df/public_html/conradinvestmentgroup.com/wp-includes/blocks/term-template HTTP/1.1" 403 56951 "-" "meta-externalagent/1.1 (+https://developers.facebook.com/docs/sharing/webmasters/crawler)" 82 **0/82989**
57.141.6.6 - - [14/Mar/2026:05:57:59 -0700] "GET /category/uncategorized/?fileloc=/home/slfopp7cb1df/public_html/pm/2.9.1.zip&path=/home/slfopp7cb1df/public_html/pm HTTP/1.1" 200 132263 "-" "meta-externalagent/1.1 (+https://developers.facebook.com/docs/sharing/webmasters/crawler)" 167 **0/167363**
57.141.6.38 - - [14/Mar/2026:05:58:03 -0700] "GET /category/uncategorized/?path=/home/slfopp7cb1df/public_html/pm/updates HTTP/1.1" 200 46524 "-" "meta-externalagent/1.1 (+https://developers.facebook.com/docs/sharing/webmasters/crawler)" 116 **0/116951**
57.141.6.42 - - [14/Mar/2026:05:58:11 -0700] "GET /uncategorized/les-jeux-de-baccarat-en-ligne-gagnent-en-popularite-sur-betify/?fileloc=/home/slfopp7cb1df/public_html/conradinvestmentgroup.com/wp-includes/blocks/term-template/style.css&path=/home/slfopp7cb1df/public_html/conradinvestmentgroup.com/wp-includes/blocks/term-template HTTP/1.1" 200 13012 "-" "meta-externalagent/1.1 (+https://developers.facebook.com/docs/sharing/webmasters/crawler)" 115 **0/115182**
57.141.6.46 - - [14/Mar/2026:05:58:15 -0700] "GET /category/uncategorized/?fileloc=/home/slfopp7cb1df/public_html/pm/codecanyon-u1Ru6Ptj-rise-ultimate-project-manager.zip&path=/home/slfopp7cb1df/public_html/pm HTTP/1.1" 200 26081671 "-" "meta-externalagent/1.1 (+https://developers.facebook.com/docs/sharing/webmasters/crawler)" 1306 **1/1306984**
57.141.6.32 - - [14/Mar/2026:05:58:19 -0700] "GET /post-sitemap.xml?fileloc=//usr/share/bison/c++.m4&path=//usr/share/bison HTTP/1.1" 200 12336 "-" "meta-externalagent/1.1 (+https://developers.facebook.com/docs/sharing/webmasters/crawler)" 91 **0/91047**
57.141.6.50 - - [14/Mar/2026:05:58:23 -0700] "GET /category/uncategorized/?fileloc=/home/slfopp7cb1df/public_html/pm/upgrade-3.1.sql&path=/home/slfopp7cb1df/public_html/pm HTTP/1.1" 200 15209 "-" "meta-externalagent/1.1 (+https://developers.facebook.com/docs/sharing/webmasters/crawler)" 91 **0/91361**
57.141.6.23 - - [14/Mar/2026:05:58:27 -0700] "GET /post-sitemap.xml?fileloc=//usr/lib/firmware/amdgpu/renoir_ce.bin&path=//usr/lib/firmware/amdgpu HTTP/1.1" 200 25401 "-" "meta-externalagent/1.1 (+https://developers.facebook.com/docs/sharing/webmasters/crawler)" 103 **0/103323**
57.141.6.54 - - [14/Mar/2026:05:58:31 -0700] "GET /category/uncategorized/?path=/home/slfopp7cb1df/public_html/pm/documentation HTTP/1.1" 200 17535 "-" "meta-externalagent/1.1 (+https://developers.facebook.com/docs/sharing/webmasters/crawler)" 102 **0/102239**
57.141.6.47 - - [14/Mar/2026:05:58:31 -0700] "GET /category/uncategorized/?fileloc=/home/slfopp7cb1df/public_html/pm/2.9.2.zip&path=/home/slfopp7cb1df/public_html/pm HTTP/1.1" 200 1769821 "-" "meta-externalagent/1.1 (+https://developers.facebook.com/docs/sharing/webmasters/crawler)" 353 **0/353119**
57.141.6.33 - - [14/Mar/2026:05:58:35 -0700] "GET /category/uncategorized/?path=/home/slfopp7cb1df/public_html/pm/files HTTP/1.1" 200 22931 "-" "meta-externalagent/1.1 (+https://developers.facebook.com/docs/sharing/webmasters/crawler)" 104 **0/104845**
216.73.216.135 - - [14/Mar/2026:05:58:35 -0700] "GET /robots.txt HTTP/1.1" 200 3435 "-" "Mozilla/5.0 AppleWebKit/537.36 (KHTML, like Gecko; compatible; ClaudeBot/1.0; +claudebot@anthropic.com)" 100 **0/100314**
216.73.216.135 - - [14/Mar/2026:05:58:35 -0700] "GET /sitemap_index.xml?path=%2F%2Fusr%2Flib%2Fsystemd%2Fuser-environment-generators HTTP/1.1" 200 2600 "-" "Mozilla/5.0 AppleWebKit/537.36 (KHTML, like Gecko; compatible; ClaudeBot/1.0; +claudebot@anthropic.com)" 92 **0/92194**
216.73.216.135 - - [14/Mar/2026:05:58:36 -0700] "GET /sitemap_index.xml?fileloc=%2F%2Fusr%2Flib%2Fsystemd%2Fsystemd-cryptsetup&path=%2F%2Fusr%2Flib%2Fsystemd HTTP/1.1" 200 12788 "-" "Mozilla/5.0 AppleWebKit/537.36 (KHTML, like Gecko; compatible; ClaudeBot/1.0; +claudebot@anthropic.com)" 94 **0/94662**
216.73.216.135 - - [14/Mar/2026:05:58:36 -0700] "GET /sitemap_index.xml?path=%2F%2Fusr%2Flib%2Fsystemd%2Fuser-generators HTTP/1.1" 200 2329 "-" "Mozilla/5.0 AppleWebKit/537.36 (KHTML, like Gecko; compatible; ClaudeBot/1.0; +claudebot@anthropic.com)" 89 **0/89571**
216.73.216.135 - - [14/Mar/2026:05:58:37 -0700] "GET /sitemap_index.xml?fileloc=%2F%2Fusr%2Flib%2Fsystemd%2Fsystemd-user-runtime-dir&path=%2F%2Fusr%2Flib%2Fsystemd HTTP/1.1" 200 82925 "-" "Mozilla/5.0 AppleWebKit/537.36 (KHTML, like Gecko; compatible; ClaudeBot/1.0; +claudebot@anthropic.com)" 131 **0/131216**
57.141.6.71 - - [14/Mar/2026:05:58:39 -0700] "GET /uncategorized/udforskning-af-psykologien-bag-strategier-for-casinospil/?path=//run HTTP/1.1" 200 25681 "-" "meta-externalagent/1.1 (+https://developers.facebook.com/docs/sharing/webmasters/crawler)" 99 **0/99910**
57.141.6.34 - - [14/Mar/2026:05:58:42 -0700] "GET /category/uncategorized/?fileloc=/home/slfopp7cb1df/public_html/pm/index.php&path=/home/slfopp7cb1df/public_html/pm HTTP/1.1" 200 14868 "-" "meta-externalagent/1.1 (+https://developers.facebook.com/docs/sharing/webmasters/crawler)" 99 **0/99383**
57.141.6.15 - - [14/Mar/2026:05:58:45 -0700] "GET /category/uncategorized/?fileloc=/home/slfopp7cb1df/public_html/pm/execute.php&path=/home/slfopp7cb1df/public_html/pm HTTP/1.1" 200 15643 "-" "meta-externalagent/1.1 (+https://developers.facebook.com/docs/sharing/webmasters/crawler)" 88 **0/88218**
57.141.6.34 - - [14/Mar/2026:05:58:49 -0700] "GET /category/uncategorized/?path=/home/slfopp7cb1df/public_html/pm/assets HTTP/1.1" 200 21438 "-" "meta-externalagent/1.1 (+https://developers.facebook.com/docs/sharing/webmasters/crawler)" 83 **0/83124**
57.141.6.7 - - [14/Mar/2026:05:58:52 -0700] "GET /category/uncategorized/?path=/home/slfopp7cb1df/public_html/pm/system HTTP/1.1" 200 80445 "-" "meta-externalagent/1.1 (+https://developers.facebook.com/docs/sharing/webmasters/crawler)" 176 **0/176096**
57.141.6.10 - - [14/Mar/2026:05:58:55 -0700] "GET /category/uncategorized/?fileloc=/home/slfopp7cb1df/public_html/pm/upgrade-3.0.sql&path=/home/slfopp7cb1df/public_html/pm HTTP/1.1" 200 13255 "-" "meta-externalagent/1.1 (+https://developers.facebook.com/docs/sharing/webmasters/crawler)" 93 **0/93136**
57.141.6.32 - - [14/Mar/2026:05:58:58 -0700] "GET /wp-json/wp/v2/posts/1854?fileloc=//usr/include/dirent.h&path=//usr/include HTTP/1.1" 200 25047 "-" "meta-externalagent/1.1 (+https://developers.facebook.com/docs/sharing/webmasters/crawler)" 109 **0/109651**
57.141.6.64 - - [14/Mar/2026:05:59:01 -0700] "GET /category/uncategorized/?path=/home/slfopp7cb1df/public_html/pm/RISE-Ultimate-Project-Manager-and-CRM HTTP/1.1" 200 12962 "-" "meta-externalagent/1.1 (+https://developers.facebook.com/docs/sharing/webmasters/crawler)" 117 **0/117551**
57.141.6.43 - - [14/Mar/2026:05:59:04 -0700] "GET /category/uncategorized/?path=/home/slfopp7cb1df/public_html/pm/plugins HTTP/1.1" 200 15915 "-" "meta-externalagent/1.1 (+https://developers.facebook.com/docs/sharing/webmasters/crawler)" 106 **0/106238**
57.141.6.4 - - [14/Mar/2026:05:59:07 -0700] "GET /uncategorized/casino-sans-exigence-de-mise-neuf-raisons-de-choisir-cette-option/feed/?fileloc=/home/slfopp7cb1df/public_html/conradinvestmentgroup.com/wp-includes/class-wp-block-styles-registry.php&path=/home/slfopp7cb1df/public_html/conradinvestmentgroup.com/wp-includes HTTP/1.1" 200 19370 "-" "meta-externalagent/1.1 (+https://developers.facebook.com/docs/sharing/webmasters/crawler)" 111 **0/111090**
57.141.6.22 - - [14/Mar/2026:05:59:09 -0700] "GET /uncategorized/casino-sans-exigence-de-mise-neuf-raisons-de-choisir-cette-option/feed/?path=/home/slfopp7cb1df/public_html/conradinvestmentgroup.com/wp-includes/pomo HTTP/1.1" 200 24782 "-" "meta-externalagent/1.1 (+https://developers.facebook.com/docs/sharing/webmasters/crawler)" 93 **0/93777**
57.141.6.38 - - [14/Mar/2026:05:59:12 -0700] "GET /uncategorized/casino-sans-exigence-de-mise-neuf-raisons-de-choisir-cette-option/feed/?fileloc=/home/slfopp7cb1df/public_html/conradinvestmentgroup.com/wp-includes/class.wp-styles.php&path=/home/slfopp7cb1df/public_html/conradinvestmentgroup.com/wp-includes HTTP/1.1" 200 13019 "-" "meta-externalagent/1.1 (+https://developers.facebook.com/docs/sharing/webmasters/crawler)" 114 **0/114211**
57.141.6.52 - - [14/Mar/2026:05:59:15 -0700] "GET /uncategorized/casino-sans-exigence-de-mise-neuf-raisons-de-choisir-cette-option/feed/?fileloc=/home/slfopp7cb1df/public_html/conradinvestmentgroup.com/wp-includes/class-wp-walker.php&path=/home/slfopp7cb1df/public_html/conradinvestmentgroup.com/wp-includes HTTP/1.1" 200 26312 "-" "meta-externalagent/1.1 (+https://developers.facebook.com/docs/sharing/webmasters/crawler)" 100 **0/100391**
57.141.6.44 - - [14/Mar/2026:05:59:17 -0700] "GET /uncategorized/casino-sans-exigence-de-mise-neuf-raisons-de-choisir-cette-option/feed/?fileloc=/home/slfopp7cb1df/public_html/conradinvestmentgroup.com/wp-includes/class-wp-term.php&path=/home/slfopp7cb1df/public_html/conradinvestmentgroup.com/wp-includes HTTP/1.1" 200 18389 "-" "meta-externalagent/1.1 (+https://developers.facebook.com/docs/sharing/webmasters/crawler)" 88 **0/88251**
74.7.244.4 - - [14/Mar/2026:05:59:21 -0700] "GET /robots.txt HTTP/1.1" 200 3435 "-" "Mozilla/5.0 (Macintosh; Intel Mac OS X 10_15_7) AppleWebKit/537.36 (KHTML, like Gecko) Chrome/131.0.0.0 Safari/537.36; compatible; OAI-SearchBot/1.3; robots.txt; +https://openai.com/searchbot" 96 **0/96689**
57.141.6.8 - - [14/Mar/2026:05:59:22 -0700] "GET /uncategorized/casino-sans-exigence-de-mise-neuf-raisons-de-choisir-cette-option/feed/?path=/home/slfopp7cb1df/public_html/conradinvestmentgroup.com/wp-includes/block-supports HTTP/1.1" 200 47579 "-" "meta-externalagent/1.1 (+https://developers.facebook.com/docs/sharing/webmasters/crawler)" 96 **0/96140**
57.141.6.10 - - [14/Mar/2026:05:59:26 -0700] "GET /uncategorized/casino-sans-exigence-de-mise-neuf-raisons-de-choisir-cette-option/feed/?fileloc=/home/slfopp7cb1df/public_html/conradinvestmentgroup.com/wp-includes/global-styles-and-settings.php&path=/home/slfopp7cb1df/public_html/conradinvestmentgroup.com/wp-includes HTTP/1.1" 200 35704 "-" "meta-externalagent/1.1 (+https://developers.facebook.com/docs/sharing/webmasters/crawler)" 101 **0/101559**
57.141.6.22 - - [14/Mar/2026:05:59:29 -0700] "GET /uncategorized/casino-sans-exigence-de-mise-neuf-raisons-de-choisir-cette-option/feed/?fileloc=/home/slfopp7cb1df/public_html/conradinvestmentgroup.com/wp-includes/comment.php&path=/home/slfopp7cb1df/public_html/conradinvestmentgroup.com/wp-includes HTTP/1.1" 200 159504 "-" "meta-externalagent/1.1 (+https://developers.facebook.com/docs/sharing/webmasters/crawler)" 188 **0/188347**
57.141.6.52 - - [14/Mar/2026:05:59:31 -0700] "GET /uncategorized/casino-sans-exigence-de-mise-neuf-raisons-de-choisir-cette-option/feed/?fileloc=/home/slfopp7cb1df/public_html/conradinvestmentgroup.com/wp-includes/class-wp-text-diff-renderer-table.php&path=/home/slfopp7cb1df/public_html/conradinvestmentgroup.com/wp-includes HTTP/1.1" 200 33030 "-" "meta-externalagent/1.1 (+https://developers.facebook.com/docs/sharing/webmasters/crawler)" 89 **0/89889**
216.73.216.135 - - [14/Mar/2026:05:59:32 -0700] "GET /sitemap_index.xml?fileloc=%2F%2Fusr%2Flib%2Fsystemd%2Fsystemd-vconsole-setup&path=%2F%2Fusr%2Flib%2Fsystemd HTTP/1.1" 200 9833 "-" "Mozilla/5.0 AppleWebKit/537.36 (KHTML, like Gecko; compatible; ClaudeBot/1.0; +claudebot@anthropic.com)" 111 **0/111053**
216.73.216.135 - - [14/Mar/2026:05:59:32 -0700] "GET /sitemap_index.xml?path=%2F%2Fusr%2Flib%2Fsystemd%2Fuser HTTP/1.1" 200 3469 "-" "Mozilla/5.0 AppleWebKit/537.36 (KHTML, like Gecko; compatible; ClaudeBot/1.0; +claudebot@anthropic.com)" 87 **0/87118**
216.73.216.135 - - [14/Mar/2026:05:59:33 -0700] "GET /sitemap_index.xml?path=%2F%2Fusr%2Flib%2Ftuned%2Foptimize-serial-console HTTP/1.1" 200 2595 "-" "Mozilla/5.0 AppleWebKit/537.36 (KHTML, like Gecko; compatible; ClaudeBot/1.0; +claudebot@anthropic.com)" 82 **0/82039**
216.73.216.135 - - [14/Mar/2026:05:59:33 -0700] "GET /sitemap_index.xml?path=%2F%2Fusr%2Flib%2Ftuned%2Fcloudlinux-vz HTTP/1.1" 200 2589 "-" "Mozilla/5.0 AppleWebKit/537.36 (KHTML, like Gecko; compatible; ClaudeBot/1.0; +claudebot@anthropic.com)" 91 **0/91707**
57.141.6.5 - - [14/Mar/2026:05:59:34 -0700] "GET /public/avsloja-hemligheterna-bakom-casinospel-strategier-for-framgang/?path=/home/slfopp7cb1df/public_html/shaneconrad.me HTTP/1.1" 200 58905 "-" "meta-externalagent/1.1 (+https://developers.facebook.com/docs/sharing/webmasters/crawler)" 91 **0/91525**
57.141.6.37 - - [14/Mar/2026:05:59:34 -0700] "GET /uncategorized/casino-sans-exigence-de-mise-neuf-raisons-de-choisir-cette-option/feed/?fileloc=/home/slfopp7cb1df/public_html/conradinvestmentgroup.com/wp-includes/class-wp-speculation-rules.php&path=/home/slfopp7cb1df/public_html/conradinvestmentgroup.com/wp-includes HTTP/1.1" 200 21113 "-" "meta-externalagent/1.1 (+https://developers.facebook.com/docs/sharing/webmasters/crawler)" 92 **0/92932**
57.141.6.42 - - [14/Mar/2026:05:59:39 -0700] "GET /wp-json/wp/v2/posts/1854?fileloc=//usr/lib64/libm.so&path=//usr/lib64 HTTP/1.1" 200 12428 "-" "meta-externalagent/1.1 (+https://developers.facebook.com/docs/sharing/webmasters/crawler)" 109 **0/109717**
57.141.6.17 - - [14/Mar/2026:05:59:39 -0700] "GET /uncategorized/casino-sans-exigence-de-mise-neuf-raisons-de-choisir-cette-option/feed/?fileloc=/home/slfopp7cb1df/public_html/conradinvestmentgroup.com/wp-includes/class-wp-recovery-mode.php&path=/home/slfopp7cb1df/public_html/conradinvestmentgroup.com/wp-includes HTTP/1.1" 200 24927 "-" "meta-externalagent/1.1 (+https://developers.facebook.com/docs/sharing/webmasters/crawler)" 89 **0/89583**
216.73.216.135 - - [14/Mar/2026:05:59:42 -0700] "GET /sitemap_index.xml?path=%2F%2Fusr%2Flib%2Fdracut%2Fmodules.d HTTP/1.1" 200 4356 "-" "Mozilla/5.0 AppleWebKit/537.36 (KHTML, like Gecko; compatible; ClaudeBot/1.0; +claudebot@anthropic.com)" 93 **0/93727**
216.73.216.135 - - [14/Mar/2026:05:59:43 -0700] "GET /sitemap_index.xml?fileloc=%2F%2Fusr%2Flib%2Fsystemd%2Fsystemd-volatile-root&path=%2F%2Fusr%2Flib%2Fsystemd HTTP/1.1" 200 6882 "-" "Mozilla/5.0 AppleWebKit/537.36 (KHTML, like Gecko; compatible; ClaudeBot/1.0; +claudebot@anthropic.com)" 112 **0/112000**
216.73.216.135 - - [14/Mar/2026:05:59:43 -0700] "GET /sitemap_index.xml?fileloc=%2F%2Fusr%2Flib%2Fsystemd%2Fsystemd-export&path=%2F%2Fusr%2Flib%2Fsystemd HTTP/1.1" 200 16113 "-" "Mozilla/5.0 AppleWebKit/537.36 (KHTML, like Gecko; compatible; ClaudeBot/1.0; +claudebot@anthropic.com)" 116 **0/116136**
216.73.216.135 - - [14/Mar/2026:05:59:44 -0700] "GET /sitemap_index.xml?fileloc=%2F%2Fusr%2Flib%2Fsystemd%2Fsystemd-cgroups-agent&path=%2F%2Fusr%2Flib%2Fsystemd HTTP/1.1" 200 5942 "-" "Mozilla/5.0 AppleWebKit/537.36 (KHTML, like Gecko; compatible; ClaudeBot/1.0; +claudebot@anthropic.com)" 102 **0/102755**
57.141.6.24 - - [14/Mar/2026:05:59:45 -0700] "GET /uncategorized/casino-sans-exigence-de-mise-neuf-raisons-de-choisir-cette-option/feed/?fileloc=/home/slfopp7cb1df/public_html/conradinvestmentgroup.com/wp-includes/class-wp-url-pattern-prefixer.php&path=/home/slfopp7cb1df/public_html/conradinvestmentgroup.com/wp-includes HTTP/1.1" 200 17730 "-" "meta-externalagent/1.1 (+https://developers.facebook.com/docs/sharing/webmasters/crawler)" 100 **0/100391**
57.141.6.4 - - [14/Mar/2026:05:59:48 -0700] "GET /uncategorized/casino-sans-exigence-de-mise-neuf-raisons-de-choisir-cette-option/feed/?fileloc=/home/slfopp7cb1df/public_html/conradinvestmentgroup.com/wp-includes/class-walker-nav-menu.php&path=/home/slfopp7cb1df/public_html/conradinvestmentgroup.com/wp-includes HTTP/1.1" 200 25895 "-" "meta-externalagent/1.1 (+https://developers.facebook.com/docs/sharing/webmasters/crawler)" 109 **0/109613**
57.141.6.10 - - [14/Mar/2026:05:59:48 -0700] "GET /uncategorized/casino-sans-exigence-de-mise-neuf-raisons-de-choisir-cette-option/feed/?path=/home/slfopp7cb1df/public_html/conradinvestmentgroup.com/wp-includes/PHPMailer HTTP/1.1" 200 26696 "-" "meta-externalagent/1.1 (+https://developers.facebook.com/docs/sharing/webmasters/crawler)" 117 **0/117208**
57.141.6.15 - - [14/Mar/2026:05:59:51 -0700] "GET /uncategorized/casino-sans-exigence-de-mise-neuf-raisons-de-choisir-cette-option/feed/?fileloc=/home/slfopp7cb1df/public_html/conradinvestmentgroup.com/wp-includes/class-requests.php&path=/home/slfopp7cb1df/public_html/conradinvestmentgroup.com/wp-includes HTTP/1.1" 200 14967 "-" "meta-externalagent/1.1 (+https://developers.facebook.com/docs/sharing/webmasters/crawler)" 182 **0/182650**
57.141.6.48 - - [14/Mar/2026:05:59:53 -0700] "GET /uncategorized/casino-sans-exigence-de-mise-neuf-raisons-de-choisir-cette-option/feed/?fileloc=/home/slfopp7cb1df/public_html/conradinvestmentgroup.com/wp-includes/feed-rss.php&path=/home/slfopp7cb1df/public_html/conradinvestmentgroup.com/wp-includes HTTP/1.1" 200 14224 "-" "meta-externalagent/1.1 (+https://developers.facebook.com/docs/sharing/webmasters/crawler)" 95 **0/95571**
57.141.6.15 - - [14/Mar/2026:05:59:53 -0700] "GET /uncategorized/casino-sans-exigence-de-mise-neuf-raisons-de-choisir-cette-option/feed/?fileloc=/home/slfopp7cb1df/public_html/conradinvestmentgroup.com/wp-includes/link-template.php&path=/home/slfopp7cb1df/public_html/conradinvestmentgroup.com/wp-includes HTTP/1.1" 200 188692 "-" "meta-externalagent/1.1 (+https://developers.facebook.com/docs/sharing/webmasters/crawler)" 181 **0/181809**
57.141.6.14 - - [14/Mar/2026:05:59:56 -0700] "GET /public/uncovering-the-secrets-of-winning-at-casinos-strategies-that-work/?fileloc=//bin/fmt&path=//bin HTTP/1.1" 200 78608 "-" "meta-externalagent/1.1 (+https://developers.facebook.com/docs/sharing/webmasters/crawler)" 171 **0/171591**
57.141.6.32 - - [14/Mar/2026:05:59:59 -0700] "GET /wp-json/wp/v2/posts/1854?fileloc=//usr/bin/vmstat&path=//usr/bin HTTP/1.1" 200 65289 "-" "meta-externalagent/1.1 (+https://developers.facebook.com/docs/sharing/webmasters/crawler)" 102 **0/102478**
57.141.6.4 - - [14/Mar/2026:06:00:02 -0700] "GET /uncategorized/casino-sans-exigence-de-mise-neuf-raisons-de-choisir-cette-option/feed/?fileloc=/home/slfopp7cb1df/public_html/conradinvestmentgroup.com/wp-includes/class-wp-scripts.php&path=/home/slfopp7cb1df/public_html/conradinvestmentgroup.com/wp-includes HTTP/1.1" 200 49767 "-" "meta-externalagent/1.1 (+https://developers.facebook.com/docs/sharing/webmasters/crawler)" 395 **0/395281**
57.141.6.10 - - [14/Mar/2026:06:00:07 -0700] "GET /public/uncovering-the-secrets-of-winning-at-casinos-strategies-that-work/?fileloc=//bin/gcov&path=//bin HTTP/1.1" 200 2207880 "-" "meta-externalagent/1.1 (+https://developers.facebook.com/docs/sharing/webmasters/crawler)" 431 **0/431819**
57.141.6.61 - - [14/Mar/2026:06:00:09 -0700] "GET /uncategorized/casino-sans-exigence-de-mise-neuf-raisons-de-choisir-cette-option/feed/?fileloc=/home/slfopp7cb1df/public_html/conradinvestmentgroup.com/wp-includes/theme-i18n.json&path=/home/slfopp7cb1df/public_html/conradinvestmentgroup.com/wp-includes HTTP/1.1" 200 15114 "-" "meta-externalagent/1.1 (+https://developers.facebook.com/docs/sharing/webmasters/crawler)" 129 **0/129850**
57.141.6.5 - - [14/Mar/2026:06:00:12 -0700] "GET /uncategorized/casino-sans-exigence-de-mise-neuf-raisons-de-choisir-cette-option/feed/?fileloc=/home/slfopp7cb1df/public_html/conradinvestmentgroup.com/wp-includes/class-wp-rewrite.php&path=/home/slfopp7cb1df/public_html/conradinvestmentgroup.com/wp-includes HTTP/1.1" 200 81350 "-" "meta-externalagent/1.1 (+https://developers.facebook.com/docs/sharing/webmasters/crawler)" 196 **0/196904**
57.141.6.7 - - [14/Mar/2026:06:00:14 -0700] "GET /public/uncovering-the-secrets-of-winning-at-casinos-strategies-that-work/?fileloc=//etc/backupmxhosts&path=//etc HTTP/1.1" 200 12249 "-" "meta-externalagent/1.1 (+https://developers.facebook.com/docs/sharing/webmasters/crawler)" 107 **0/107171**
57.141.6.47 - - [14/Mar/2026:06:00:17 -0700] "GET /uncategorized/casino-sans-exigence-de-mise-neuf-raisons-de-choisir-cette-option/feed/?fileloc=/home/slfopp7cb1df/public_html/conradinvestmentgroup.com/wp-includes/class-wp-user-meta-session-tokens.php&path=/home/slfopp7cb1df/public_html/conradinvestmentgroup.com/wp-includes HTTP/1.1" 200 15788 "-" "meta-externalagent/1.1 (+https://developers.facebook.com/docs/sharing/webmasters/crawler)" 96 **0/96805**
57.141.6.50 - - [14/Mar/2026:06:00:22 -0700] "GET /uncategorized/casino-sans-exigence-de-mise-neuf-raisons-de-choisir-cette-option/feed/?fileloc=/home/slfopp7cb1df/public_html/conradinvestmentgroup.com/wp-includes/post-template.php&path=/home/slfopp7cb1df/public_html/conradinvestmentgroup.com/wp-includes HTTP/1.1" 200 89761 "-" "meta-externalagent/1.1 (+https://developers.facebook.com/docs/sharing/webmasters/crawler)" 232 **0/232624**
57.141.6.47 - - [14/Mar/2026:06:00:25 -0700] "GET /uncategorized/casino-sans-exigence-de-mise-neuf-raisons-de-choisir-cette-option/feed/?fileloc=/home/slfopp7cb1df/public_html/conradinvestmentgroup.com/wp-includes/class-wp-block-supports.php&path=/home/slfopp7cb1df/public_html/conradinvestmentgroup.com/wp-includes HTTP/1.1" 200 18551 "-" "meta-externalagent/1.1 (+https://developers.facebook.com/docs/sharing/webmasters/crawler)" 112 **0/112714**
57.141.6.47 - - [14/Mar/2026:06:00:25 -0700] "GET /uncategorized/casino-sans-exigence-de-mise-neuf-raisons-de-choisir-cette-option/feed/?fileloc=/home/slfopp7cb1df/public_html/conradinvestmentgroup.com/wp-includes/class-wp-classic-to-block-menu-converter.php&path=/home/slfopp7cb1df/public_html/conradinvestmentgroup.com/wp-includes HTTP/1.1" 200 17155 "-" "meta-externalagent/1.1 (+https://developers.facebook.com/docs/sharing/webmasters/crawler)" 129 **0/129772**
57.141.6.12 - - [14/Mar/2026:06:00:28 -0700] "GET /uncategorized/casino-sans-exigence-de-mise-neuf-raisons-de-choisir-cette-option/feed/?fileloc=/home/slfopp7cb1df/public_html/conradinvestmentgroup.com/wp-includes/class-wp-theme-json.php&path=/home/slfopp7cb1df/public_html/conradinvestmentgroup.com/wp-includes HTTP/1.1" 200 198276 "-" "meta-externalagent/1.1 (+https://developers.facebook.com/docs/sharing/webmasters/crawler)" 236 **0/236666**
57.141.6.12 - - [14/Mar/2026:06:00:30 -0700] "GET /uncategorized/casino-sans-exigence-de-mise-neuf-raisons-de-choisir-cette-option/feed/?fileloc=/home/slfopp7cb1df/public_html/conradinvestmentgroup.com/wp-includes/class-wp-customize-widgets.php&path=/home/slfopp7cb1df/public_html/conradinvestmentgroup.com/wp-includes HTTP/1.1" 200 93049 "-" "meta-externalagent/1.1 (+https://developers.facebook.com/docs/sharing/webmasters/crawler)" 204 **0/204802**
57.141.6.64 - - [14/Mar/2026:06:00:31 -0700] "GET /uncategorized/geratschaft-gaming-slots-via-echtgeld-inoffizieller-mitarbeiter-moglich-spielsalon-spielen/?fileloc=/home/slfopp7cb1df/public_html/conradinvestmentgroup.com/wp-content/.htaccess&path=/home/slfopp7cb1df/public_html/conradinvestmentgroup.com/wp-content HTTP/1.1" 200 12837 "-" "meta-externalagent/1.1 (+https://developers.facebook.com/docs/sharing/webmasters/crawler)" 117 **0/117534**
57.141.6.52 - - [14/Mar/2026:06:00:34 -0700] "GET /uncategorized/casino-sans-exigence-de-mise-neuf-raisons-de-choisir-cette-option/feed/?path=/home/slfopp7cb1df/public_html/conradinvestmentgroup.com/wp-includes/widgets HTTP/1.1" 200 51634 "-" "meta-externalagent/1.1 (+https://developers.facebook.com/docs/sharing/webmasters/crawler)" 112 **0/112938**
216.73.216.135 - - [14/Mar/2026:06:00:39 -0700] "GET /sitemap_index.xml?fileloc=%2F%2Fusr%2Flib%2Fsystemd%2Fsystemd-resolved&path=%2F%2Fusr%2Flib%2Fsystemd HTTP/1.1" 200 167279 "-" "Mozilla/5.0 AppleWebKit/537.36 (KHTML, like Gecko; compatible; ClaudeBot/1.0; +claudebot@anthropic.com)" 287 **0/287140**
216.73.216.135 - - [14/Mar/2026:06:00:40 -0700] "GET /sitemap_index.xml?path=%2F%2Fusr%2Flib%2Fsystemd%2Fsystem-sleep HTTP/1.1" 200 2324 "-" "Mozilla/5.0 AppleWebKit/537.36 (KHTML, like Gecko; compatible; ClaudeBot/1.0; +claudebot@anthropic.com)" 123 **0/123375**
216.73.216.135 - - [14/Mar/2026:06:00:40 -0700] "GET /sitemap_index.xml?path=%2F%2Fusr%2Flib%2Fsystemd%2Fcatalog HTTP/1.1" 200 2890 "-" "Mozilla/5.0 AppleWebKit/537.36 (KHTML, like Gecko; compatible; ClaudeBot/1.0; +claudebot@anthropic.com)" 127 **0/127016**
216.73.216.135 - - [14/Mar/2026:06:00:41 -0700] "GET /sitemap_index.xml?path=%2F%2Fusr%2Flib%2Ftuned%2Fnetwork-throughput HTTP/1.1" 200 2587 "-" "Mozilla/5.0 AppleWebKit/537.36 (KHTML, like Gecko; compatible; ClaudeBot/1.0; +claudebot@anthropic.com)" 115 **0/115384**
57.141.6.33 - - [14/Mar/2026:06:00:41 -0700] "GET /uncategorized/casino-sans-exigence-de-mise-neuf-raisons-de-choisir-cette-option/feed/?path=/home HTTP/1.1" 200 13984 "-" "meta-externalagent/1.1 (+https://developers.facebook.com/docs/sharing/webmasters/crawler)" 103 **0/103538**
57.141.6.1 - - [14/Mar/2026:06:00:44 -0700] "GET /uncategorized/casino-sans-exigence-de-mise-neuf-raisons-de-choisir-cette-option/feed/?fileloc=/home/slfopp7cb1df/public_html/conradinvestmentgroup.com/wp-includes/class-wp-simplepie-file.php&path=/home/slfopp7cb1df/public_html/conradinvestmentgroup.com/wp-includes HTTP/1.1" 200 16386 "-" "meta-externalagent/1.1 (+https://developers.facebook.com/docs/sharing/webmasters/crawler)" 88 **0/88540**
57.141.6.69 - - [14/Mar/2026:06:00:46 -0700] "GET /uncategorized/casino-sans-exigence-de-mise-neuf-raisons-de-choisir-cette-option/feed/?fileloc=/home/slfopp7cb1df/public_html/conradinvestmentgroup.com/wp-includes/class-wp-navigation-fallback.php&path=/home/slfopp7cb1df/public_html/conradinvestmentgroup.com/wp-includes HTTP/1.1" 200 22940 "-" "meta-externalagent/1.1 (+https://developers.facebook.com/docs/sharing/webmasters/crawler)" 102 **0/102936**
57.141.6.8 - - [14/Mar/2026:06:00:46 -0700] "GET /uncategorized/casino-sans-exigence-de-mise-neuf-raisons-de-choisir-cette-option/feed/?fileloc=/home/slfopp7cb1df/public_html/conradinvestmentgroup.com/wp-includes/class-wp-session-tokens.php&path=/home/slfopp7cb1df/public_html/conradinvestmentgroup.com/wp-includes HTTP/1.1" 200 20222 "-" "meta-externalagent/1.1 (+https://developers.facebook.com/docs/sharing/webmasters/crawler)" 100 **0/100310**
57.141.6.4 - - [14/Mar/2026:06:00:49 -0700] "GET /uncategorized/casino-sans-exigence-de-mise-neuf-raisons-de-choisir-cette-option/feed/?fileloc=/home/slfopp7cb1df/public_html/conradinvestmentgroup.com/wp-includes/class-wp-locale.php&path=/home/slfopp7cb1df/public_html/conradinvestmentgroup.com/wp-includes HTTP/1.1" 200 31810 "-" "meta-externalagent/1.1 (+https://developers.facebook.com/docs/sharing/webmasters/crawler)" 114 **0/114167**
57.141.6.52 - - [14/Mar/2026:06:00:52 -0700] "GET /uncategorized/casino-sans-exigence-de-mise-neuf-raisons-de-choisir-cette-option/feed/?fileloc=/home/slfopp7cb1df/public_html/conradinvestmentgroup.com/wp-includes/class-wp-dependencies-soap.php&path=/home/slfopp7cb1df/public_html/conradinvestmentgroup.com/wp-includes HTTP/1.1" 200 14249 "-" "meta-externalagent/1.1 (+https://developers.facebook.com/docs/sharing/webmasters/crawler)" 90 **0/90206**
57.141.6.14 - - [14/Mar/2026:06:00:55 -0700] "GET /uncategorized/casino-sans-exigence-de-mise-neuf-raisons-de-choisir-cette-option/feed/?fileloc=/home/slfopp7cb1df/public_html/conradinvestmentgroup.com/wp-includes/pluggable-deprecated.php&path=/home/slfopp7cb1df/public_html/conradinvestmentgroup.com/wp-includes HTTP/1.1" 200 19541 "-" "meta-externalagent/1.1 (+https://developers.facebook.com/docs/sharing/webmasters/crawler)" 100 **0/100802**
57.141.6.15 - - [14/Mar/2026:06:00:57 -0700] "GET /uncategorized/casino-sans-exigence-de-mise-neuf-raisons-de-choisir-cette-option/feed/?fileloc=/home/slfopp7cb1df/public_html/conradinvestmentgroup.com/wp-includes/class-IXR.php&path=/home/slfopp7cb1df/public_html/conradinvestmentgroup.com/wp-includes HTTP/1.1" 200 15386 "-" "meta-externalagent/1.1 (+https://developers.facebook.com/docs/sharing/webmasters/crawler)" 96 **0/96760**
216.73.216.135 - - [14/Mar/2026:06:01:00 -0700] "GET /sitemap_index.xml?fileloc=%2F%2Fusr%2Flib%2Fsystemd%2Fsystemd-veritysetup&path=%2F%2Fusr%2Flib%2Fsystemd HTTP/1.1" 200 6884 "-" "Mozilla/5.0 AppleWebKit/537.36 (KHTML, like Gecko; compatible; ClaudeBot/1.0; +claudebot@anthropic.com)" 120 **0/120782**
57.141.6.1 - - [14/Mar/2026:06:01:00 -0700] "GET /uncategorized/casino-sans-exigence-de-mise-neuf-raisons-de-choisir-cette-option/feed/?path=/home/slfopp7cb1df/public_html/conradinvestmentgroup.com/wp-includes/fonts HTTP/1.1" 200 31881 "-" "meta-externalagent/1.1 (+https://developers.facebook.com/docs/sharing/webmasters/crawler)" 125 **0/125248**
216.73.216.135 - - [14/Mar/2026:06:01:00 -0700] "GET /sitemap_index.xml?fileloc=%2F%2Fusr%2Flib%2Fsystemd%2Fsystemd-backlight&path=%2F%2Fusr%2Flib%2Fsystemd HTTP/1.1" 200 9663 "-" "Mozilla/5.0 AppleWebKit/537.36 (KHTML, like Gecko; compatible; ClaudeBot/1.0; +claudebot@anthropic.com)" 172 **0/172293**
57.141.6.45 - - [14/Mar/2026:06:01:00 -0700] "GET /uncategorized/casino-sans-exigence-de-mise-neuf-raisons-de-choisir-cette-option/feed/?fileloc=/home/slfopp7cb1df/public_html/conradinvestmentgroup.com/wp-includes/cron.php&path=/home/slfopp7cb1df/public_html/conradinvestmentgroup.com/wp-includes HTTP/1.1" 200 58024 "-" "meta-externalagent/1.1 (+https://developers.facebook.com/docs/sharing/webmasters/crawler)" 109 **0/109537**
216.73.216.135 - - [14/Mar/2026:06:01:01 -0700] "GET /sitemap_index.xml?path=%2F%2Fusr%2Flib%2Fsystemd%2Fsystem-shutdown HTTP/1.1" 200 2327 "-" "Mozilla/5.0 AppleWebKit/537.36 (KHTML, like Gecko; compatible; ClaudeBot/1.0; +claudebot@anthropic.com)" 116 **0/116031**
216.73.216.135 - - [14/Mar/2026:06:01:01 -0700] "GET /sitemap_index.xml?fileloc=%2F%2Fusr%2Flib%2Fsystemd%2Fsystemd-socket-proxyd&path=%2F%2Fusr%2Flib%2Fsystemd HTTP/1.1" 200 11174 "-" "Mozilla/5.0 AppleWebKit/537.36 (KHTML, like Gecko; compatible; ClaudeBot/1.0; +claudebot@anthropic.com)" 158 **0/158498**
57.141.6.32 - - [14/Mar/2026:06:01:03 -0700] "GET /uncategorized/casino-sans-exigence-de-mise-neuf-raisons-de-choisir-cette-option/feed/?fileloc=/home/slfopp7cb1df/public_html/conradinvestmentgroup.com/wp-includes/class-simplepie.php&path=/home/slfopp7cb1df/public_html/conradinvestmentgroup.com/wp-includes HTTP/1.1" 200 13134 "-" "meta-externalagent/1.1 (+https://developers.facebook.com/docs/sharing/webmasters/crawler)" 130 **0/130965**
57.141.6.24 - - [14/Mar/2026:06:01:06 -0700] "GET /uncategorized/nouveau-casino-sans-depot-decouvrez-les-avantages-et-opportunites-extra/?fileloc=//lib64/libgdbm.so&path=//lib64 HTTP/1.1" 200 111335 "-" "meta-externalagent/1.1 (+https://developers.facebook.com/docs/sharing/webmasters/crawler)" 215 **0/215886**
57.141.6.43 - - [14/Mar/2026:06:01:09 -0700] "GET /public/uncovering-the-secrets-of-winning-at-casinos-strategies-that-work/?path=/home/slfopp7cb1df/public_ftp HTTP/1.1" 403 56951 "-" "meta-externalagent/1.1 (+https://developers.facebook.com/docs/sharing/webmasters/crawler)" 108 **0/108794**
57.141.6.45 - - [14/Mar/2026:06:01:11 -0700] "GET /uncategorized/nouveau-casino-sans-depot-decouvrez-les-avantages-et-opportunites-extra/?fileloc=//lib64/libref_array.so.1.2.1&path=//lib64 HTTP/1.1" 403 56951 "-" "meta-externalagent/1.1 (+https://developers.facebook.com/docs/sharing/webmasters/crawler)" 109 **0/109089**
216.73.216.135 - - [14/Mar/2026:06:01:12 -0700] "GET /sitemap_index.xml?fileloc=%2F%2Fusr%2Flib%2Fsystemd%2Fsystemd-dissect&path=%2F%2Fusr%2Flib%2Fsystemd HTTP/1.1" 200 8235 "-" "Mozilla/5.0 AppleWebKit/537.36 (KHTML, like Gecko; compatible; ClaudeBot/1.0; +claudebot@anthropic.com)" 106 **0/106333**
216.73.216.135 - - [14/Mar/2026:06:01:12 -0700] "GET /sitemap_index.xml?path=%2F%2Fusr%2Flib%2Fsystemd%2Fsystem-preset HTTP/1.1" 200 2790 "-" "Mozilla/5.0 AppleWebKit/537.36 (KHTML, like Gecko; compatible; ClaudeBot/1.0; +claudebot@anthropic.com)" 104 **0/104113**
216.73.216.135 - - [14/Mar/2026:06:01:13 -0700] "GET /sitemap_index.xml?fileloc=%2Fhome%2Fslfopp7cb1df%2Fpublic_html%2Fpm%2Fwritable%2Fcache%2Findex.html&path=%2Fhome%2Fslfopp7cb1df%2Fpublic_html%2Fpm%2Fwritable%2Fcache HTTP/1.1" 200 2359 "-" "Mozilla/5.0 AppleWebKit/537.36 (KHTML, like Gecko; compatible; ClaudeBot/1.0; +claudebot@anthropic.com)" 119 **0/119890**
216.73.216.135 - - [14/Mar/2026:06:01:13 -0700] "GET /sitemap_index.xml?fileloc=%2F%2Fusr%2Flib%2Fsystemd%2Fsystemd-makefs&path=%2F%2Fusr%2Flib%2Fsystemd HTTP/1.1" 200 6586 "-" "Mozilla/5.0 AppleWebKit/537.36 (KHTML, like Gecko; compatible; ClaudeBot/1.0; +claudebot@anthropic.com)" 102 **0/102880**
57.141.6.6 - - [14/Mar/2026:06:01:14 -0700] "GET /uncategorized/casino-sans-exigence-de-mise-neuf-raisons-de-choisir-cette-option/feed/?fileloc=/home/slfopp7cb1df/public_html/conradinvestmentgroup.com/wp-includes/embed.php&path=/home/slfopp7cb1df/public_html/conradinvestmentgroup.com/wp-includes HTTP/1.1" 403 56951 "-" "meta-externalagent/1.1 (+https://developers.facebook.com/docs/sharing/webmasters/crawler)" 104 **0/104896**
216.73.216.135 - - [14/Mar/2026:06:01:14 -0700] "GET /sitemap_index.xml?fileloc=%2F%2Fusr%2Flib%2Fsystemd%2Fsystemd-logind&path=%2F%2Fusr%2Flib%2Fsystemd HTTP/1.1" 200 88589 "-" "Mozilla/5.0 AppleWebKit/537.36 (KHTML, like Gecko; compatible; ClaudeBot/1.0; +claudebot@anthropic.com)" 135 **0/135891**
216.73.216.135 - - [14/Mar/2026:06:01:15 -0700] "GET /sitemap_index.xml?fileloc=%2F%2Fusr%2Flib%2Fsystemd%2Fsystemd-udevd&path=%2F%2Fusr%2Flib%2Fsystemd HTTP/1.1" 200 116700 "-" "Mozilla/5.0 AppleWebKit/537.36 (KHTML, like Gecko; compatible; ClaudeBot/1.0; +claudebot@anthropic.com)" 231 **0/231731**
216.73.216.135 - - [14/Mar/2026:06:01:15 -0700] "GET /sitemap_index.xml?fileloc=%2F%2Fusr%2Flib%2Fsystemd%2Flibsystemd-shared-239.so&path=%2F%2Fusr%2Flib%2Fsystemd HTTP/1.1" 200 782648 "-" "Mozilla/5.0 AppleWebKit/537.36 (KHTML, like Gecko; compatible; ClaudeBot/1.0; +claudebot@anthropic.com)" 543 **0/543816**
216.73.216.135 - - [14/Mar/2026:06:01:16 -0700] "GET /sitemap_index.xml?path=%2F%2Fusr%2Flib%2Fsystemd%2Fportable HTTP/1.1" 200 2564 "-" "Mozilla/5.0 AppleWebKit/537.36 (KHTML, like Gecko; compatible; ClaudeBot/1.0; +claudebot@anthropic.com)" 101 **0/101113**
57.141.6.40 - - [14/Mar/2026:06:01:16 -0700] "GET /uncategorized/casino-sans-exigence-de-mise-neuf-raisons-de-choisir-cette-option/feed/?fileloc=/home/slfopp7cb1df/public_html/conradinvestmentgroup.com/wp-includes/class-wp-feed-cache.php&path=/home/slfopp7cb1df/public_html/conradinvestmentgroup.com/wp-includes HTTP/1.1" 403 56951 "-" "meta-externalagent/1.1 (+https://developers.facebook.com/docs/sharing/webmasters/crawler)" 90 **0/90789**
57.141.6.61 - - [14/Mar/2026:06:01:19 -0700] "GET /uncategorized/casino-sans-exigence-de-mise-neuf-raisons-de-choisir-cette-option/feed/?fileloc=/home/slfopp7cb1df/public_html/conradinvestmentgroup.com/wp-includes/class-wp-comment.php&path=/home/slfopp7cb1df/public_html/conradinvestmentgroup.com/wp-includes HTTP/1.1" 403 56951 "-" "meta-externalagent/1.1 (+https://developers.facebook.com/docs/sharing/webmasters/crawler)" 94 **0/94902**
57.141.6.12 - - [14/Mar/2026:06:01:21 -0700] "GET /uncategorized/casino-sans-exigence-de-mise-neuf-raisons-de-choisir-cette-option/feed/?fileloc=/home/slfopp7cb1df/public_html/conradinvestmentgroup.com/wp-includes/class-wp-query.php&path=/home/slfopp7cb1df/public_html/conradinvestmentgroup.com/wp-includes HTTP/1.1" 403 56951 "-" "meta-externalagent/1.1 (+https://developers.facebook.com/docs/sharing/webmasters/crawler)" 88 **0/88805**
57.141.6.71 - - [14/Mar/2026:06:01:24 -0700] "GET /uncategorized/casino-sans-exigence-de-mise-neuf-raisons-de-choisir-cette-option/feed/?fileloc=/home/slfopp7cb1df/public_html/conradinvestmentgroup.com/wp-includes/capabilities.php&path=/home/slfopp7cb1df/public_html/conradinvestmentgroup.com/wp-includes HTTP/1.1" 403 56951 "-" "meta-externalagent/1.1 (+https://developers.facebook.com/docs/sharing/webmasters/crawler)" 103 **0/103000**
57.141.6.14 - - [14/Mar/2026:06:01:26 -0700] "GET /uncategorized/melhores-bonus-de-cassino-online-brazil-descubra-o-999bet/?fileloc=//lib64/libwebpmux.so.3&path=//lib64 HTTP/1.1" 403 56951 "-" "meta-externalagent/1.1 (+https://developers.facebook.com/docs/sharing/webmasters/crawler)" 92 **0/92718**
57.141.6.61 - - [14/Mar/2026:06:01:32 -0700] "GET /uncategorized/casino-sans-exigence-de-mise-neuf-raisons-de-choisir-cette-option/feed/?fileloc=/home/slfopp7cb1df/public_html/conradinvestmentgroup.com/wp-includes/ms-deprecated.php&path=/home/slfopp7cb1df/public_html/conradinvestmentgroup.com/wp-includes HTTP/1.1" 403 56951 "-" "meta-externalagent/1.1 (+https://developers.facebook.com/docs/sharing/webmasters/crawler)" 84 **0/84885**
