23.229.224.0 - - [17/Mar/2026:08:50:03 -0700] "GET /system/index.php/cron HTTP/1.1" 200 18 "-" "Wget/1.19.5 (linux-gnu)" 5843 **5/5843496**
193.37.252.163 - - [17/Mar/2026:08:56:29 -0700] "GET /system/assets/js/app.all.js HTTP/1.1" 200 2116470 "-" "Mozilla/5.0 (X11; Fedora; Linux x86_64; rv:147.0) Gecko/20100101 Firefox/147.0" 588 **0/588019**
23.229.224.0 - - [17/Mar/2026:09:00:05 -0700] "GET /system/index.php/cron HTTP/1.1" 200 18 "-" "Wget/1.19.5 (linux-gnu)" 10077 **10/10077086**
23.229.224.0 - - [17/Mar/2026:09:10:04 -0700] "GET /system/index.php/cron HTTP/1.1" 200 18 "-" "Wget/1.19.5 (linux-gnu)" 3930 **3/3930814**
23.229.224.0 - - [17/Mar/2026:09:11:33 -0700] "POST /wp-cron.php?doing_wp_cron=1773763893.0726161003112792968750 HTTP/1.1" 200 - "-" "WordPress/6.9.4; https://sitepacket.com" 111 **0/111142**
142.44.225.138 - - [17/Mar/2026:09:11:28 -0700] "GET /robots.txt HTTP/2.0" 200 99 "-" "Mozilla/5.0 (compatible; AhrefsBot/7.0; +http://ahrefs.com/robot/)" 5221 **5/5221068**
51.195.244.71 - - [17/Mar/2026:09:11:35 -0700] "GET /sitemap_index.xml HTTP/2.0" 200 234 "-" "Mozilla/5.0 (compatible; AhrefsBot/7.0; +http://ahrefs.com/robot/)" 1928 **1/1928433**
198.244.242.215 - - [17/Mar/2026:09:11:40 -0700] "GET /page-sitemap.xml HTTP/2.0" 200 597 "-" "Mozilla/5.0 (compatible; AhrefsBot/7.0; +http://ahrefs.com/robot/)" 1330 **1/1330343**
23.229.224.0 - - [17/Mar/2026:09:19:39 -0700] "POST /wp-cron.php?doing_wp_cron=1773764379.1245439052581787109375 HTTP/1.1" 200 - "-" "WordPress/6.9.4; https://sitepacket.com" 81 **0/81883**
66.249.73.168 - - [17/Mar/2026:09:19:35 -0700] "GET /shop/storeSearch/KeepCriteriaInput.aspx?&transition=top6156825002970 HTTP/1.1" 301 1 "-" "Mozilla/5.0 (Linux; Android 6.0.1; Nexus 5X Build/MMB29P) AppleWebKit/537.36 (KHTML, like Gecko) Chrome/145.0.7632.159 Mobile Safari/537.36 (compatible; Googlebot/2.1; +http://www.google.com/bot.html)" 3964 **3/3964881**
66.249.73.169 - - [17/Mar/2026:09:19:40 -0700] "GET /shop/storeSearch/KeepCriteriaInput.aspx?transition=top6156825002970 HTTP/1.1" 404 16339 "-" "Mozilla/5.0 (Linux; Android 6.0.1; Nexus 5X Build/MMB29P) AppleWebKit/537.36 (KHTML, like Gecko) Chrome/145.0.7632.159 Mobile Safari/537.36 (compatible; Googlebot/2.1; +http://www.google.com/bot.html)" 913 **0/913112**
23.229.224.0 - - [17/Mar/2026:09:20:05 -0700] "POST /system/index.php/notification_processor/create_notification HTTP/2.0" 200 - "-" "-" 1291 **1/1291371**
23.229.224.0 - - [17/Mar/2026:09:20:03 -0700] "GET /system/index.php/cron HTTP/1.1" 200 18 "-" "Wget/1.19.5 (linux-gnu)" 4672 **4/4672775**
23.229.224.0 - - [17/Mar/2026:09:20:38 -0700] "POST /wp-cron.php?doing_wp_cron=1773764438.3774840831756591796875 HTTP/1.1" 200 - "-" "WordPress/6.9.4; https://sitepacket.com" 155 **0/155697**
40.77.167.150 - - [17/Mar/2026:09:20:37 -0700] "GET /?e=14784383061970 HTTP/2.0" 301 1 "-" "Mozilla/5.0 AppleWebKit/537.36 (KHTML, like Gecko; compatible; bingbot/2.0; +http://www.bing.com/bingbot.htm) Chrome/116.0.1938.76 Safari/537.36" 1068 **1/1068736**
23.229.224.0 - - [17/Mar/2026:09:22:36 -0700] "POST /wp-cron.php?doing_wp_cron=1773764556.2640209197998046875000 HTTP/1.1" 200 - "-" "WordPress/6.9.4; https://sitepacket.com" 106 **0/106476**
66.249.73.169 - - [17/Mar/2026:09:22:35 -0700] "GET /?e=72812381051970 HTTP/1.1" 301 1 "-" "Mozilla/5.0 (Linux; Android 6.0.1; Nexus 5X Build/MMB29P) AppleWebKit/537.36 (KHTML, like Gecko) Chrome/145.0.7632.159 Mobile Safari/537.36 (compatible; Googlebot/2.1; +http://www.google.com/bot.html)" 1210 **1/1210147**
66.249.73.170 - - [17/Mar/2026:09:22:38 -0700] "GET / HTTP/1.1" 200 21239 "-" "Mozilla/5.0 (Linux; Android 6.0.1; Nexus 5X Build/MMB29P) AppleWebKit/537.36 (KHTML, like Gecko) Chrome/145.0.7632.159 Mobile Safari/537.36 (compatible; Googlebot/2.1; +http://www.google.com/bot.html)" 1120 **1/1120948**
52.167.144.24 - - [17/Mar/2026:09:22:45 -0700] "GET /?e=24093409031970 HTTP/2.0" 301 1 "-" "Mozilla/5.0 AppleWebKit/537.36 (KHTML, like Gecko; compatible; bingbot/2.0; +http://www.bing.com/bingbot.htm) Chrome/116.0.1938.76 Safari/537.36" 971 **0/971188**
23.229.224.0 - - [17/Mar/2026:09:27:43 -0700] "POST /wp-cron.php?doing_wp_cron=1773764863.8626139163970947265625 HTTP/1.1" 200 - "-" "WordPress/6.9.4; https://sitepacket.com" 92 **0/92277**
175.157.30.205 - - [17/Mar/2026:09:27:42 -0700] "POST /xmlrpc.php HTTP/1.1" 200 448 "-" "Mozilla/5.0 (Windows NT 6.2; arm64) AppleWebKit/537.36 (KHTML, like Gecko) Chrome/91.0.0.0 Safari/537.36" 1536 **1/1536170**
23.229.224.0 - - [17/Mar/2026:09:28:32 -0700] "POST /wp-cron.php?doing_wp_cron=1773764912.5673100948333740234375 HTTP/1.1" 200 - "-" "WordPress/6.9.4; https://sitepacket.com" 81 **0/81802**
102.251.0.11 - - [17/Mar/2026:09:28:30 -0700] "POST /xmlrpc.php HTTP/1.1" 200 446 "-" "Mozilla/5.0 (Windows NT 6.3; arm64) AppleWebKit/537.36 (KHTML, like Gecko) Chrome/80.0.0.0 Safari/537.36" 1703 **1/1703028**
23.229.224.0 - - [17/Mar/2026:09:30:03 -0700] "GET /system/index.php/cron HTTP/1.1" 200 18 "-" "Wget/1.19.5 (linux-gnu)" 2880 **2/2880187**
23.229.224.0 - - [17/Mar/2026:09:31:43 -0700] "POST /wp-cron.php?doing_wp_cron=1773765103.6394600868225097656250 HTTP/1.1" 200 - "-" "WordPress/6.9.4; https://sitepacket.com" 70 **0/70391**
175.157.30.205 - - [17/Mar/2026:09:31:42 -0700] "GET /wp-json/wp/v2/users HTTP/1.1" 401 108 "-" "Mozilla/4.0 (compatible; Win32; WinHttp.WinHttpRequest.5)" 1052 **1/1052063**
23.229.224.0 - - [17/Mar/2026:09:33:44 -0700] "POST /wp-cron.php?doing_wp_cron=1773765224.7901639938354492187500 HTTP/1.1" 200 - "-" "WordPress/6.9.4; https://sitepacket.com" 68 **0/68087**
175.157.30.205 - - [17/Mar/2026:09:33:43 -0700] "POST /xmlrpc.php HTTP/1.1" 200 448 "-" "Mozilla/5.0 (Windows NT 6.2; arm64) AppleWebKit/537.36 (KHTML, like Gecko) Safari/12.0.0.0 Safari/537.36" 1087 **1/1087175**
23.229.224.0 - - [17/Mar/2026:09:35:02 -0700] "POST /wp-cron.php?doing_wp_cron=1773765302.5126791000366210937500 HTTP/1.1" 200 - "-" "WordPress/6.9.4; https://sitepacket.com" 237 **0/237909**
40.77.167.51 - - [17/Mar/2026:09:35:01 -0700] "GET /?e=6969210001970 HTTP/2.0" 301 1 "-" "Mozilla/5.0 AppleWebKit/537.36 (KHTML, like Gecko; compatible; bingbot/2.0; +http://www.bing.com/bingbot.htm) Chrome/116.0.1938.76 Safari/537.36" 1689 **1/1689326**
23.229.224.0 - - [17/Mar/2026:09:35:50 -0700] "POST /wp-cron.php?doing_wp_cron=1773765350.4376230239868164062500 HTTP/1.1" 200 - "-" "WordPress/6.9.4; https://sitepacket.com" 93 **0/93182**
175.157.30.205 - - [17/Mar/2026:09:35:49 -0700] "POST /xmlrpc.php HTTP/1.1" 200 448 "-" "Mozilla/5.0 (Macintosh; Intel Mac OS X 10_15_7; x64) AppleWebKit/537.36 (KHTML, like Gecko) Edge/98.0.0.0 Safari/537.36" 920 **0/920362**
23.229.224.0 - - [17/Mar/2026:09:37:12 -0700] "POST /wp-cron.php?doing_wp_cron=1773765432.1320660114288330078125 HTTP/1.1" 200 - "-" "WordPress/6.9.4; https://sitepacket.com" 200 **0/200450**
52.167.144.20 - - [17/Mar/2026:09:37:10 -0700] "GET /?e=14779856051970 HTTP/2.0" 301 1 "-" "Mozilla/5.0 AppleWebKit/537.36 (KHTML, like Gecko; compatible; bingbot/2.0; +http://www.bing.com/bingbot.htm) Chrome/116.0.1938.76 Safari/537.36" 1678 **1/1678440**
52.167.144.167 - - [17/Mar/2026:09:37:14 -0700] "GET /?e=6425453111970 HTTP/2.0" 301 1 "-" "Mozilla/5.0 AppleWebKit/537.36 (KHTML, like Gecko; compatible; bingbot/2.0; +http://www.bing.com/bingbot.htm) Chrome/116.0.1938.76 Safari/537.36" 1054 **1/1054132**
40.77.167.51 - - [17/Mar/2026:09:37:22 -0700] "GET /?e=10349744091970 HTTP/2.0" 301 1 "-" "Mozilla/5.0 AppleWebKit/537.36 (KHTML, like Gecko; compatible; bingbot/2.0; +http://www.bing.com/bingbot.htm) Chrome/116.0.1938.76 Safari/537.36" 1207 **1/1207429**
23.229.224.0 - - [17/Mar/2026:09:37:32 -0700] "POST /wp-cron.php?doing_wp_cron=1773765452.1416881084442138671875 HTTP/1.1" 200 - "-" "WordPress/6.9.4; https://sitepacket.com" 106 **0/106080**
52.167.144.20 - - [17/Mar/2026:09:37:31 -0700] "GET /?e=5173920011970 HTTP/2.0" 301 1 "-" "Mozilla/5.0 AppleWebKit/537.36 (KHTML, like Gecko; compatible; bingbot/2.0; +http://www.bing.com/bingbot.htm) Chrome/116.0.1938.76 Safari/537.36" 955 **0/955344**
52.167.144.167 - - [17/Mar/2026:09:37:35 -0700] "GET /?e=5994745071970 HTTP/2.0" 301 1 "-" "Mozilla/5.0 AppleWebKit/537.36 (KHTML, like Gecko; compatible; bingbot/2.0; +http://www.bing.com/bingbot.htm) Chrome/116.0.1938.76 Safari/537.36" 1477 **1/1477160**
175.157.30.205 - - [17/Mar/2026:09:38:09 -0700] "POST /xmlrpc.php HTTP/1.1" 200 448 "-" "Mozilla/5.0 (Linux; Android 10; x86) AppleWebKit/537.36 (KHTML, like Gecko) Safari/11.0.0.0 Safari/537.36" 2953 **2/2953667**
23.229.224.0 - - [17/Mar/2026:09:38:33 -0700] "POST /wp-cron.php?doing_wp_cron=1773765513.1632239818572998046875 HTTP/1.1" 200 - "-" "WordPress/6.9.4; https://sitepacket.com" 144 **0/144326**
52.167.144.167 - - [17/Mar/2026:09:38:31 -0700] "GET /?e=6336063071970 HTTP/2.0" 301 1 "-" "Mozilla/5.0 AppleWebKit/537.36 (KHTML, like Gecko; compatible; bingbot/2.0; +http://www.bing.com/bingbot.htm) Chrome/116.0.1938.76 Safari/537.36" 2063 **2/2063801**
23.229.224.0 - - [17/Mar/2026:09:40:03 -0700] "GET /system/index.php/cron HTTP/1.1" 200 18 "-" "Wget/1.19.5 (linux-gnu)" 2189 **2/2189767**
23.229.224.0 - - [17/Mar/2026:09:40:26 -0700] "POST /wp-cron.php?doing_wp_cron=1773765626.9673600196838378906250 HTTP/1.1" 200 - "-" "WordPress/6.9.4; https://sitepacket.com" 112 **0/112189**
175.157.30.205 - - [17/Mar/2026:09:40:25 -0700] "POST /xmlrpc.php HTTP/1.1" 200 448 "-" "Mozilla/5.0 (Windows NT 10.0; arm64) AppleWebKit/537.36 (KHTML, like Gecko) Opera/62.0.0.0 Safari/537.36" 1509 **1/1509229**
23.229.224.0 - - [17/Mar/2026:09:43:53 -0700] "POST /wp-cron.php?doing_wp_cron=1773765833.7622790336608886718750 HTTP/1.1" 200 - "-" "WordPress/6.9.4; https://sitepacket.com" 215 **0/215285**
52.167.144.20 - - [17/Mar/2026:09:43:49 -0700] "GET /?e=6194095141970 HTTP/2.0" 301 1 "-" "Mozilla/5.0 AppleWebKit/537.36 (KHTML, like Gecko; compatible; bingbot/2.0; +http://www.bing.com/bingbot.htm) Chrome/116.0.1938.76 Safari/537.36" 4140 **4/4140307**
23.229.224.0 - - [17/Mar/2026:09:46:58 -0700] "POST /wp-cron.php?doing_wp_cron=1773766018.7746090888977050781250 HTTP/1.1" 200 - "-" "WordPress/6.9.4; https://sitepacket.com" 64 **0/64784**
216.73.216.149 - - [17/Mar/2026:09:46:58 -0700] "GET /robots.txt HTTP/2.0" 200 99 "-" "Mozilla/5.0 AppleWebKit/537.36 (KHTML, like Gecko; compatible; ClaudeBot/1.0; +claudebot@anthropic.com)" 820 **0/820013**
216.73.216.149 - - [17/Mar/2026:09:46:58 -0700] "GET /sitemap_index.xml HTTP/2.0" 200 234 "-" "Mozilla/5.0 AppleWebKit/537.36 (KHTML, like Gecko; compatible; ClaudeBot/1.0; +claudebot@anthropic.com)" 1441 **1/1441443**
23.229.224.0 - - [17/Mar/2026:09:50:05 -0700] "POST /system/index.php/notification_processor/create_notification HTTP/2.0" 200 - "-" "-" 331 **0/331669**
23.229.224.0 - - [17/Mar/2026:09:50:05 -0700] "POST /system/index.php/notification_processor/create_notification HTTP/2.0" 200 - "-" "-" 247 **0/247184**
23.229.224.0 - - [17/Mar/2026:09:50:05 -0700] "POST /system/index.php/notification_processor/create_notification HTTP/2.0" 200 - "-" "-" 244 **0/244292**
23.229.224.0 - - [17/Mar/2026:09:50:04 -0700] "GET /system/index.php/cron HTTP/1.1" 200 18 "-" "Wget/1.19.5 (linux-gnu)" 3150 **3/3150691**
23.229.224.0 - - [17/Mar/2026:09:52:36 -0700] "POST /wp-cron.php?doing_wp_cron=1773766356.0040309429168701171875 HTTP/1.1" 200 - "-" "WordPress/6.9.4; https://sitepacket.com" 142 **0/142179**
66.249.73.170 - - [17/Mar/2026:09:52:35 -0700] "GET /?e=57468378101970 HTTP/1.1" 301 1 "-" "Mozilla/5.0 (Linux; Android 6.0.1; Nexus 5X Build/MMB29P) AppleWebKit/537.36 (KHTML, like Gecko) Chrome/145.0.7632.159 Mobile Safari/537.36 (compatible; Googlebot/2.1; +http://www.google.com/bot.html)" 1037 **1/1037789**
66.249.73.168 - - [17/Mar/2026:09:52:40 -0700] "GET /wp-content/plugins/superb-blocks/assets/css/patterns.min.css?ver=3.7.1 HTTP/1.1" 200 428 "https://sitepacket.com/" "Mozilla/5.0 (Linux; Android 6.0.1; Nexus 5X Build/MMB29P) AppleWebKit/537.36 (KHTML, like Gecko) Chrome/145.0.7632.159 Mobile Safari/537.36 (compatible; Googlebot/2.1; +http://www.google.com/bot.html)" 11 **0/11567**
74.7.230.9 - - [17/Mar/2026:09:53:22 -0700] "GET /robots.txt HTTP/2.0" 301 1 "-" "Mozilla/5.0 (Macintosh; Intel Mac OS X 10_15_7) AppleWebKit/537.36 (KHTML, like Gecko) Chrome/131.0.0.0 Safari/537.36; compatible; OAI-SearchBot/1.3; robots.txt; +https://openai.com/searchbot" 958 **0/958630**
74.7.230.9 - - [17/Mar/2026:09:53:24 -0700] "GET /robots.txt HTTP/2.0" 200 99 "https://www.sitepacket.com/robots.txt" "Mozilla/5.0 (Macintosh; Intel Mac OS X 10_15_7) AppleWebKit/537.36 (KHTML, like Gecko) Chrome/131.0.0.0 Safari/537.36; compatible; OAI-SearchBot/1.3; robots.txt; +https://openai.com/searchbot" 1019 **1/1019092**
23.229.224.0 - - [17/Mar/2026:09:54:48 -0700] "POST /wp-cron.php?doing_wp_cron=1773766488.0318698883056640625000 HTTP/1.1" 200 - "-" "WordPress/6.9.4; https://sitepacket.com" 168 **0/168376**
74.7.227.23 - - [17/Mar/2026:09:54:46 -0700] "GET / HTTP/2.0" 301 1 "-" "Mozilla/5.0 AppleWebKit/537.36 (KHTML, like Gecko; compatible; GPTBot/1.3; +https://openai.com/gptbot)" 1788 **1/1788544**
74.7.242.17 - - [17/Mar/2026:09:54:48 -0700] "GET / HTTP/2.0" 200 21239 "https://www.sitepacket.com" "Mozilla/5.0 AppleWebKit/537.36 (KHTML, like Gecko; compatible; GPTBot/1.3; +https://openai.com/gptbot)" 3565 **3/3565273**
23.229.224.0 - - [17/Mar/2026:09:55:59 -0700] "POST /wp-cron.php?doing_wp_cron=1773766559.8516020774841308593750 HTTP/1.1" 200 - "-" "WordPress/6.9.4; https://sitepacket.com" 330 **0/330705**
40.77.167.51 - - [17/Mar/2026:09:55:56 -0700] "GET /?e=10174419001970 HTTP/2.0" 301 1 "-" "Mozilla/5.0 AppleWebKit/537.36 (KHTML, like Gecko; compatible; bingbot/2.0; +http://www.bing.com/bingbot.htm) Chrome/116.0.1938.76 Safari/537.36" 3927 **3/3927121**
23.229.224.0 - - [17/Mar/2026:09:57:55 -0700] "POST /wp-cron.php?doing_wp_cron=1773766675.3631949424743652343750 HTTP/1.1" 200 - "-" "WordPress/6.9.4; https://sitepacket.com" 287 **0/287463**
102.251.0.11 - - [17/Mar/2026:09:57:53 -0700] "GET /wp-json/wp/v2/users HTTP/1.1" 401 108 "-" "Mozilla/4.0 (compatible; Win32; WinHttp.WinHttpRequest.5)" 2597 **2/2597970**
114.119.150.209 - - [17/Mar/2026:09:59:22 -0700] "GET /system/index.php/knowledge_base/view/2-i-didn-t-receive-a-verification-email-what-should-i-do HTTP/1.1" 200 5603 "https://sitepacket.com/system/index.php/knowledge_base/category/1" "Mozilla/5.0 (Linux; Android 7.0;) AppleWebKit/537.36 (KHTML, like Gecko) Mobile Safari/537.36 (compatible; PetalBot;+https://webmaster.petalsearch.com/site/petalbot)" 1237 **1/1237213**
23.229.224.0 - - [17/Mar/2026:10:00:03 -0700] "GET /system/index.php/cron HTTP/1.1" 200 18 "-" "Wget/1.19.5 (linux-gnu)" 3242 **3/3242566**
23.229.224.0 - - [17/Mar/2026:10:01:03 -0700] "POST /wp-cron.php?doing_wp_cron=1773766863.6405689716339111328125 HTTP/1.1" 200 - "-" "WordPress/6.9.4; https://sitepacket.com" 369 **0/369165**
102.251.0.11 - - [17/Mar/2026:10:00:55 -0700] "POST /xmlrpc.php HTTP/1.1" 200 446 "-" "Mozilla/5.0 (Windows NT 10.0; x86) AppleWebKit/537.36 (KHTML, like Gecko) Opera/63.0.0.0 Safari/537.36" 8509 **8/8509237**
23.229.224.0 - - [17/Mar/2026:10:02:37 -0700] "POST /wp-cron.php?doing_wp_cron=1773766957.3345730304718017578125 HTTP/1.1" 200 - "-" "WordPress/6.9.4; https://sitepacket.com" 1495 **1/1495463**
44.195.201.244 - - [17/Mar/2026:10:02:35 -0700] "GET /robots.txt HTTP/1.1" 200 124 "-" "Mozilla/5.0 (Macintosh; Intel Mac OS X 10_10_1) AppleWebKit/600.2.5 (KHTML, like Gecko) Version/8.0.2 Safari/600.2.5 (Gort)" 4716 **4/4716422**
23.229.224.0 - - [17/Mar/2026:10:03:45 -0700] "POST /wp-cron.php?doing_wp_cron=1773767025.0328478813171386718750 HTTP/1.1" 200 - "-" "WordPress/6.9.4; https://sitepacket.com" 124 **0/124862**
102.251.0.11 - - [17/Mar/2026:10:03:43 -0700] "POST /xmlrpc.php HTTP/1.1" 200 446 "-" "Mozilla/5.0 (Windows NT 10.0; arm64) AppleWebKit/537.36 (KHTML, like Gecko) Safari/14.0.0.0 Safari/537.36" 1293 **1/1293025**
23.229.224.0 - - [17/Mar/2026:10:05:03 -0700] "POST /wp-cron.php?doing_wp_cron=1773767103.1819860935211181640625 HTTP/1.1" 200 - "-" "WordPress/6.9.4; https://sitepacket.com" 285 **0/285069**
66.249.73.168 - - [17/Mar/2026:10:04:57 -0700] "GET /product/category/5365798001970 HTTP/1.1" 404 16313 "-" "Mozilla/5.0 (Linux; Android 6.0.1; Nexus 5X Build/MMB29P) AppleWebKit/537.36 (KHTML, like Gecko) Chrome/145.0.7632.159 Mobile Safari/537.36 (compatible; Googlebot/2.1; +http://www.google.com/bot.html)" 5809 **5/5809893**
66.249.73.168 - - [17/Mar/2026:10:05:03 -0700] "GET /?e=5329480001970 HTTP/1.1" 301 1 "-" "Mozilla/5.0 (Linux; Android 6.0.1; Nexus 5X Build/MMB29P) AppleWebKit/537.36 (KHTML, like Gecko) Chrome/145.0.7632.159 Mobile Safari/537.36 (compatible; Googlebot/2.1; +http://www.google.com/bot.html)" 4817 **4/4817121**
66.249.73.168 - - [17/Mar/2026:10:05:17 -0700] "GET /?e=13637315031970 HTTP/1.1" 301 1 "-" "Mozilla/5.0 (Linux; Android 6.0.1; Nexus 5X Build/MMB29P) AppleWebKit/537.36 (KHTML, like Gecko) Chrome/145.0.7632.159 Mobile Safari/537.36 (compatible; Googlebot/2.1; +http://www.google.com/bot.html)" 4078 **4/4078504**
23.229.224.0 - - [17/Mar/2026:10:06:18 -0700] "POST /wp-cron.php?doing_wp_cron=1773767178.2806110382080078125000 HTTP/1.1" 200 - "-" "WordPress/6.9.4; https://sitepacket.com" 69 **0/69858**
102.251.0.11 - - [17/Mar/2026:10:06:17 -0700] "POST /xmlrpc.php HTTP/1.1" 200 446 "-" "Mozilla/5.0 (Macintosh; Intel Mac OS X 10_15_7; x86) AppleWebKit/537.36 (KHTML, like Gecko) Safari/12.0.0.0 Safari/537.36" 1120 **1/1120085**
23.229.224.0 - - [17/Mar/2026:10:07:52 -0700] "POST /wp-cron.php?doing_wp_cron=1773767272.7508549690246582031250 HTTP/1.1" 200 - "-" "WordPress/6.9.4; https://sitepacket.com" 220 **0/220812**
66.249.73.168 - - [17/Mar/2026:10:07:50 -0700] "GET / HTTP/1.1" 200 21239 "-" "Mozilla/5.0 (compatible; Googlebot/2.1; +http://www.google.com/bot.html)" 3010 **3/3010364**
23.229.224.0 - - [17/Mar/2026:10:08:57 -0700] "POST /wp-cron.php?doing_wp_cron=1773767337.6613171100616455078125 HTTP/1.1" 200 - "-" "WordPress/6.9.4; https://sitepacket.com" 184 **0/184902**
40.77.167.63 - - [17/Mar/2026:10:08:56 -0700] "GET /?e=6637726071970 HTTP/2.0" 301 1 "-" "Mozilla/5.0 AppleWebKit/537.36 (KHTML, like Gecko; compatible; bingbot/2.0; +http://www.bing.com/bingbot.htm) Chrome/116.0.1938.76 Safari/537.36" 1886 **1/1886670**
102.251.0.11 - - [17/Mar/2026:10:09:03 -0700] "POST /xmlrpc.php HTTP/1.1" 200 446 "-" "Mozilla/5.0 (X11; Ubuntu; Linux x86_64; arm64) AppleWebKit/537.36 (KHTML, like Gecko) Edge/82.0.0.0 Safari/537.36" 985 **0/985026**
23.229.224.0 - - [17/Mar/2026:10:10:07 -0700] "POST /system/index.php/notification_processor/create_notification HTTP/2.0" 200 - "-" "-" 575 **0/575005**
23.229.224.0 - - [17/Mar/2026:10:10:03 -0700] "GET /system/index.php/cron HTTP/1.1" 200 18 "-" "Wget/1.19.5 (linux-gnu)" 5800 **5/5800916**
23.229.224.0 - - [17/Mar/2026:10:10:23 -0700] "POST /wp-cron.php?doing_wp_cron=1773767423.3667690753936767578125 HTTP/1.1" 200 - "-" "WordPress/6.9.4; https://sitepacket.com" 182 **0/182155**
40.77.167.25 - - [17/Mar/2026:10:10:21 -0700] "GET /?e=5440924011970 HTTP/2.0" 301 1 "-" "Mozilla/5.0 AppleWebKit/537.36 (KHTML, like Gecko; compatible; bingbot/2.0; +http://www.bing.com/bingbot.htm) Chrome/116.0.1938.76 Safari/537.36" 2262 **2/2262330**
23.229.224.0 - - [17/Mar/2026:10:11:37 -0700] "POST /wp-cron.php?doing_wp_cron=1773767496.9574630260467529296875 HTTP/1.1" 200 - "-" "WordPress/6.9.4; https://sitepacket.com" 121 **0/121586**
102.251.0.11 - - [17/Mar/2026:10:11:35 -0700] "POST /xmlrpc.php HTTP/1.1" 200 446 "-" "Mozilla/5.0 (Windows NT 6.3; arm64) AppleWebKit/537.36 (KHTML, like Gecko) Opera/76.0.0.0 Safari/537.36" 1461 **1/1461162**
40.77.167.25 - - [17/Mar/2026:10:12:02 -0700] "GET /?e=110320291011970 HTTP/2.0" 301 1 "-" "Mozilla/5.0 AppleWebKit/537.36 (KHTML, like Gecko; compatible; bingbot/2.0; +http://www.bing.com/bingbot.htm) Chrome/116.0.1938.76 Safari/537.36" 3420 **3/3420318**
23.229.224.0 - - [17/Mar/2026:10:12:27 -0700] "POST /wp-cron.php?doing_wp_cron=1773767547.5740690231323242187500 HTTP/1.1" 200 - "-" "WordPress/6.9.4; https://sitepacket.com" 127 **0/127022**
40.77.167.63 - - [17/Mar/2026:10:12:26 -0700] "GET /?e=10319380041970 HTTP/2.0" 301 1 "-" "Mozilla/5.0 AppleWebKit/537.36 (KHTML, like Gecko; compatible; bingbot/2.0; +http://www.bing.com/bingbot.htm) Chrome/116.0.1938.76 Safari/537.36" 1638 **1/1638079**
40.77.167.136 - - [17/Mar/2026:10:12:31 -0700] "GET /?e=30114478061970 HTTP/2.0" 301 1 "-" "Mozilla/5.0 AppleWebKit/537.36 (KHTML, like Gecko; compatible; bingbot/2.0; +http://www.bing.com/bingbot.htm) Chrome/116.0.1938.76 Safari/537.36" 1616 **1/1616929**
23.229.224.0 - - [17/Mar/2026:10:13:40 -0700] "POST /wp-cron.php?doing_wp_cron=1773767620.3587911128997802734375 HTTP/1.1" 200 - "-" "WordPress/6.9.4; https://sitepacket.com" 202 **0/202882**
40.77.167.136 - - [17/Mar/2026:10:13:38 -0700] "GET /?e=9990965041970 HTTP/2.0" 301 1 "-" "Mozilla/5.0 AppleWebKit/537.36 (KHTML, like Gecko; compatible; bingbot/2.0; +http://www.bing.com/bingbot.htm) Chrome/116.0.1938.76 Safari/537.36" 2170 **2/2170727**
40.77.167.25 - - [17/Mar/2026:10:13:43 -0700] "GET /?e=16727841031970 HTTP/2.0" 301 1 "-" "Mozilla/5.0 AppleWebKit/537.36 (KHTML, like Gecko; compatible; bingbot/2.0; +http://www.bing.com/bingbot.htm) Chrome/116.0.1938.76 Safari/537.36" 2780 **2/2780297**
40.77.167.25 - - [17/Mar/2026:10:13:46 -0700] "GET /?e=61676485021970 HTTP/2.0" 301 1 "-" "Mozilla/5.0 AppleWebKit/537.36 (KHTML, like Gecko; compatible; bingbot/2.0; +http://www.bing.com/bingbot.htm) Chrome/116.0.1938.76 Safari/537.36" 2268 **2/2268560**
102.251.0.11 - - [17/Mar/2026:10:14:08 -0700] "POST /xmlrpc.php HTTP/1.1" 200 446 "-" "Mozilla/5.0 (Windows NT 6.3; x64) AppleWebKit/537.36 (KHTML, like Gecko) Chrome/89.0.0.0 Safari/537.36" 3326 **3/3326132**
23.229.224.0 - - [17/Mar/2026:10:15:57 -0700] "POST /wp-cron.php?doing_wp_cron=1773767757.2630081176757812500000 HTTP/1.1" 200 - "-" "WordPress/6.9.4; https://sitepacket.com" 97 **0/97088**
40.77.167.63 - - [17/Mar/2026:10:15:56 -0700] "GET /?e=6406093011970 HTTP/2.0" 301 1 "-" "Mozilla/5.0 AppleWebKit/537.36 (KHTML, like Gecko; compatible; bingbot/2.0; +http://www.bing.com/bingbot.htm) Chrome/116.0.1938.76 Safari/537.36" 930 **0/930385**
23.229.224.0 - - [17/Mar/2026:10:16:38 -0700] "POST /wp-cron.php?doing_wp_cron=1773767797.9938850402832031250000 HTTP/1.1" 200 - "-" "WordPress/6.9.4; https://sitepacket.com" 81 **0/81155**
40.77.167.63 - - [17/Mar/2026:10:16:37 -0700] "GET /?e=30066427011970 HTTP/2.0" 301 1 "-" "Mozilla/5.0 AppleWebKit/537.36 (KHTML, like Gecko; compatible; bingbot/2.0; +http://www.bing.com/bingbot.htm) Chrome/116.0.1938.76 Safari/537.36" 1036 **1/1036373**
40.77.167.0 - - [17/Mar/2026:10:16:52 -0700] "GET /?e=5325793021970 HTTP/2.0" 301 1 "-" "Mozilla/5.0 AppleWebKit/537.36 (KHTML, like Gecko; compatible; bingbot/2.0; +http://www.bing.com/bingbot.htm) Chrome/116.0.1938.76 Safari/537.36" 1086 **1/1086680**
102.251.0.11 - - [17/Mar/2026:10:16:55 -0700] "POST /xmlrpc.php HTTP/1.1" 200 446 "-" "Mozilla/5.0 (X11; Ubuntu; Linux x86_64; x86) AppleWebKit/537.36 (KHTML, like Gecko) Safari/11.0.0.0 Safari/537.36" 633 **0/633147**
23.229.224.0 - - [17/Mar/2026:10:17:55 -0700] "POST /wp-cron.php?doing_wp_cron=1773767875.5626070499420166015625 HTTP/1.1" 200 - "-" "WordPress/6.9.4; https://sitepacket.com" 99 **0/99925**
175.157.30.205 - - [17/Mar/2026:10:17:53 -0700] "POST /xmlrpc.php HTTP/1.1" 200 448 "-" "Mozilla/5.0 (Windows NT 6.2; arm64) AppleWebKit/537.36 (KHTML, like Gecko) Safari/12.0.0.0 Safari/537.36" 2179 **2/2179875**
23.229.224.0 - - [17/Mar/2026:10:19:28 -0700] "POST /wp-cron.php?doing_wp_cron=1773767968.5847809314727783203125 HTTP/1.1" 200 - "-" "WordPress/6.9.4; https://sitepacket.com" 87 **0/87227**
102.251.0.11 - - [17/Mar/2026:10:19:27 -0700] "POST /xmlrpc.php HTTP/1.1" 200 446 "-" "Mozilla/5.0 (Windows NT 6.2; arm64) AppleWebKit/537.36 (KHTML, like Gecko) Edge/90.0.0.0 Safari/537.36" 1262 **1/1262922**
66.249.73.168 - - [17/Mar/2026:10:19:34 -0700] "GET /contents/event/kansyasai/6115504000970 HTTP/1.1" 404 16319 "-" "Mozilla/5.0 (Linux; Android 6.0.1; Nexus 5X Build/MMB29P) AppleWebKit/537.36 (KHTML, like Gecko) Chrome/145.0.7632.159 Mobile Safari/537.36 (compatible; Googlebot/2.1; +http://www.google.com/bot.html)" 1208 **1/1208510**
23.229.224.0 - - [17/Mar/2026:10:20:03 -0700] "GET /system/index.php/cron HTTP/1.1" 200 18 "-" "Wget/1.19.5 (linux-gnu)" 3871 **3/3871933**
23.229.224.0 - - [17/Mar/2026:10:21:01 -0700] "POST /wp-cron.php?doing_wp_cron=1773768060.9351329803466796875000 HTTP/1.1" 200 - "-" "WordPress/6.9.4; https://sitepacket.com" 344 **0/344199**
66.249.73.169 - - [17/Mar/2026:10:20:57 -0700] "GET /?e=114836593071970 HTTP/1.1" 301 1 "-" "Mozilla/5.0 (Linux; Android 6.0.1; Nexus 5X Build/MMB29P) AppleWebKit/537.36 (KHTML, like Gecko) Chrome/145.0.7632.159 Mobile Safari/537.36 (compatible; Googlebot/2.1; +http://www.google.com/bot.html)" 4360 **4/4360037**
23.229.224.0 - - [17/Mar/2026:10:22:07 -0700] "POST /wp-cron.php?doing_wp_cron=1773768127.1607758998870849609375 HTTP/1.1" 200 - "-" "WordPress/6.9.4; https://sitepacket.com" 712 **0/712207**
102.251.0.11 - - [17/Mar/2026:10:22:03 -0700] "POST /xmlrpc.php HTTP/1.1" 200 446 "-" "Mozilla/5.0 (Windows NT 6.3; arm64) AppleWebKit/537.36 (KHTML, like Gecko) Safari/10.0.0.0 Safari/537.36" 4662 **4/4662144**
23.229.224.0 - - [17/Mar/2026:10:24:57 -0700] "POST /wp-cron.php?doing_wp_cron=1773768297.6639750003814697265625 HTTP/1.1" 200 - "-" "WordPress/6.9.4; https://sitepacket.com" 225 **0/225173**
102.251.0.11 - - [17/Mar/2026:10:24:56 -0700] "POST /xmlrpc.php HTTP/1.1" 200 446 "-" "Mozilla/5.0 (X11; Ubuntu; Linux x86_64; x86) AppleWebKit/537.36 (KHTML, like Gecko) Edge/89.0.0.0 Safari/537.36" 1993 **1/1993085**
23.229.224.0 - - [17/Mar/2026:10:27:10 -0700] "POST /wp-cron.php?doing_wp_cron=1773768430.6587669849395751953125 HTTP/1.1" 200 - "-" "WordPress/6.9.4; https://sitepacket.com" 294 **0/294917**
52.167.144.173 - - [17/Mar/2026:10:27:06 -0700] "GET /?e=5230618111970 HTTP/2.0" 301 1 "-" "Mozilla/5.0 AppleWebKit/537.36 (KHTML, like Gecko; compatible; bingbot/2.0; +http://www.bing.com/bingbot.htm) Chrome/116.0.1938.76 Safari/537.36" 4295 **4/4295009**
23.229.224.0 - - [17/Mar/2026:10:27:47 -0700] "POST /wp-cron.php?doing_wp_cron=1773768467.3499228954315185546875 HTTP/1.1" 200 - "-" "WordPress/6.9.4; https://sitepacket.com" 216 **0/216299**
102.251.0.11 - - [17/Mar/2026:10:27:44 -0700] "POST /xmlrpc.php HTTP/1.1" 200 446 "-" "Mozilla/5.0 (Windows NT 6.2; x64) AppleWebKit/537.36 (KHTML, like Gecko) Chrome/110.0.0.0 Safari/537.36" 3461 **3/3461429**
52.167.144.232 - - [17/Mar/2026:10:27:43 -0700] "GET /?e=5657582081970 HTTP/2.0" 301 1 "-" "Mozilla/5.0 AppleWebKit/537.36 (KHTML, like Gecko; compatible; bingbot/2.0; +http://www.bing.com/bingbot.htm) Chrome/116.0.1938.76 Safari/537.36" 4365 **4/4365748**
52.167.144.173 - - [17/Mar/2026:10:27:49 -0700] "GET /shop/storeSearch/KeepCriteriaInput.aspx?transition=top5901680042970 HTTP/2.0" 404 16339 "-" "Mozilla/5.0 AppleWebKit/537.36 (KHTML, like Gecko; compatible; bingbot/2.0; +http://www.bing.com/bingbot.htm) Chrome/116.0.1938.76 Safari/537.36" 3059 **3/3059317**
52.167.144.232 - - [17/Mar/2026:10:28:13 -0700] "GET /?e=5388718061970 HTTP/2.0" 301 1 "-" "Mozilla/5.0 AppleWebKit/537.36 (KHTML, like Gecko; compatible; bingbot/2.0; +http://www.bing.com/bingbot.htm) Chrome/116.0.1938.76 Safari/537.36" 1564 **1/1564518**
23.229.224.0 - - [17/Mar/2026:10:29:46 -0700] "POST /wp-cron.php?doing_wp_cron=1773768586.1428530216217041015625 HTTP/1.1" 200 - "-" "WordPress/6.9.4; https://sitepacket.com" 394 **0/394975**
102.251.0.11 - - [17/Mar/2026:10:29:42 -0700] "POST /xmlrpc.php HTTP/1.1" 200 446 "-" "Mozilla/5.0 (Windows NT 6.2; x64) AppleWebKit/537.36 (KHTML, like Gecko) Opera/66.0.0.0 Safari/537.36" 3825 **3/3825158**
23.229.224.0 - - [17/Mar/2026:10:30:03 -0700] "GET /system/index.php/cron HTTP/1.1" 200 18 "-" "Wget/1.19.5 (linux-gnu)" 4081 **4/4081773**
52.167.144.219 - - [17/Mar/2026:10:30:13 -0700] "GET /?e=10374339061970 HTTP/2.0" 301 1 "-" "Mozilla/5.0 AppleWebKit/537.36 (KHTML, like Gecko; compatible; bingbot/2.0; +http://www.bing.com/bingbot.htm) Chrome/116.0.1938.76 Safari/537.36" 1511 **1/1511509**
23.229.224.0 - - [17/Mar/2026:10:30:35 -0700] "POST /wp-cron.php?doing_wp_cron=1773768635.6352488994598388671875 HTTP/1.1" 200 - "-" "WordPress/6.9.4; https://sitepacket.com" 302 **0/302026**
66.249.73.170 - - [17/Mar/2026:10:30:32 -0700] "GET /?e=66252007031970 HTTP/1.1" 301 1 "-" "Mozilla/5.0 (Linux; Android 6.0.1; Nexus 5X Build/MMB29P) AppleWebKit/537.36 (KHTML, like Gecko) Chrome/145.0.7632.159 Mobile Safari/537.36 (compatible; Googlebot/2.1; +http://www.google.com/bot.html)" 3720 **3/3720124**
102.251.0.11 - - [17/Mar/2026:10:30:34 -0700] "POST /xmlrpc.php HTTP/1.1" 200 446 "-" "Mozilla/5.0 (Windows NT 6.3; x86) AppleWebKit/537.36 (KHTML, like Gecko) Safari/14.0.0.0 Safari/537.36" 2707 **2/2707449**
52.167.144.219 - - [17/Mar/2026:10:31:03 -0700] "GET /?e=10148919011970 HTTP/2.0" 301 1 "-" "Mozilla/5.0 AppleWebKit/537.36 (KHTML, like Gecko; compatible; bingbot/2.0; +http://www.bing.com/bingbot.htm) Chrome/116.0.1938.76 Safari/537.36" 3175 **3/3175338**
40.77.167.27 - - [17/Mar/2026:10:31:08 -0700] "GET /?e=14818567001970 HTTP/2.0" 301 1 "-" "Mozilla/5.0 AppleWebKit/537.36 (KHTML, like Gecko; compatible; bingbot/2.0; +http://www.bing.com/bingbot.htm) Chrome/116.0.1938.76 Safari/537.36" 1384 **1/1384552**
23.229.224.0 - - [17/Mar/2026:10:31:36 -0700] "POST /wp-cron.php?doing_wp_cron=1773768696.6590061187744140625000 HTTP/1.1" 200 - "-" "WordPress/6.9.4; https://sitepacket.com" 192 **0/192578**
102.251.0.11 - - [17/Mar/2026:10:31:34 -0700] "POST /xmlrpc.php HTTP/1.1" 200 446 "-" "Mozilla/5.0 (Windows NT 6.3; x64) AppleWebKit/537.36 (KHTML, like Gecko) Opera/64.0.0.0 Safari/537.36" 2626 **2/2626762**
23.229.224.0 - - [17/Mar/2026:10:32:39 -0700] "POST /wp-cron.php?doing_wp_cron=1773768759.6434779167175292968750 HTTP/1.1" 200 - "-" "WordPress/6.9.4; https://sitepacket.com" 216 **0/216111**
66.249.73.170 - - [17/Mar/2026:10:32:37 -0700] "GET /?e=60412163021970 HTTP/1.1" 301 1 "-" "Mozilla/5.0 (Linux; Android 6.0.1; Nexus 5X Build/MMB29P) AppleWebKit/537.36 (KHTML, like Gecko) Chrome/145.0.7632.159 Mobile Safari/537.36 (compatible; Googlebot/2.1; +http://www.google.com/bot.html)" 2505 **2/2505058**
102.251.0.11 - - [17/Mar/2026:10:32:36 -0700] "POST /xmlrpc.php HTTP/1.1" 200 446 "-" "Mozilla/5.0 (Linux; Android 10; arm64) AppleWebKit/537.36 (KHTML, like Gecko) Safari/13.0.0.0 Safari/537.36" 3308 **3/3308955**
23.229.224.0 - - [17/Mar/2026:10:33:30 -0700] "POST /wp-cron.php?doing_wp_cron=1773768810.6726799011230468750000 HTTP/1.1" 200 - "-" "WordPress/6.9.4; https://sitepacket.com" 125 **0/125490**
66.249.73.169 - - [17/Mar/2026:10:33:28 -0700] "GET /product/review/72180509061970 HTTP/1.1" 404 16311 "-" "Mozilla/5.0 (Linux; Android 6.0.1; Nexus 5X Build/MMB29P) AppleWebKit/537.36 (KHTML, like Gecko) Chrome/145.0.7632.159 Mobile Safari/537.36 (compatible; Googlebot/2.1; +http://www.google.com/bot.html)" 2344 **2/2344932**
102.251.0.11 - - [17/Mar/2026:10:33:34 -0700] "POST /xmlrpc.php HTTP/1.1" 200 446 "-" "Mozilla/5.0 (Windows NT 10.0; x86) AppleWebKit/537.36 (KHTML, like Gecko) Edge/91.0.0.0 Safari/537.36" 2033 **2/2033234**
23.229.224.0 - - [17/Mar/2026:10:34:36 -0700] "POST /wp-cron.php?doing_wp_cron=1773768876.5658049583435058593750 HTTP/1.1" 200 - "-" "WordPress/6.9.4; https://sitepacket.com" 199 **0/199749**
102.251.0.11 - - [17/Mar/2026:10:34:34 -0700] "POST /xmlrpc.php HTTP/1.1" 200 446 "-" "Mozilla/5.0 (Linux; Android 10; x64) AppleWebKit/537.36 (KHTML, like Gecko) Opera/63.0.0.0 Safari/537.36" 2261 **2/2261028**
23.229.224.0 - - [17/Mar/2026:10:35:38 -0700] "POST /wp-cron.php?doing_wp_cron=1773768937.9667479991912841796875 HTTP/1.1" 200 - "-" "WordPress/6.9.4; https://sitepacket.com" 220 **0/220965**
102.251.0.11 - - [17/Mar/2026:10:35:35 -0700] "POST /xmlrpc.php HTTP/1.1" 200 446 "-" "Mozilla/5.0 (X11; Ubuntu; Linux x86_64; x64) AppleWebKit/537.36 (KHTML, like Gecko) Opera/75.0.0.0 Safari/537.36" 3232 **3/3232270**
23.229.224.0 - - [17/Mar/2026:10:36:35 -0700] "POST /wp-cron.php?doing_wp_cron=1773768995.8401379585266113281250 HTTP/1.1" 200 - "-" "WordPress/6.9.4; https://sitepacket.com" 196 **0/196197**
102.251.0.11 - - [17/Mar/2026:10:36:34 -0700] "POST /xmlrpc.php HTTP/1.1" 200 446 "-" "Mozilla/5.0 (Windows NT 6.3; x64) AppleWebKit/537.36 (KHTML, like Gecko) Safari/11.0.0.0 Safari/537.36" 1933 **1/1933499**
23.229.224.0 - - [17/Mar/2026:10:37:35 -0700] "POST /wp-cron.php?doing_wp_cron=1773769055.8398330211639404296875 HTTP/1.1" 200 - "-" "WordPress/6.9.4; https://sitepacket.com" 126 **0/126283**
102.251.0.11 - - [17/Mar/2026:10:37:34 -0700] "POST /xmlrpc.php HTTP/1.1" 200 446 "-" "Mozilla/5.0 (Macintosh; Intel Mac OS X 10_15_7; x64) AppleWebKit/537.36 (KHTML, like Gecko) Opera/61.0.0.0 Safari/537.36" 1697 **1/1697964**
23.229.224.0 - - [17/Mar/2026:10:38:35 -0700] "POST /wp-cron.php?doing_wp_cron=1773769115.9010450839996337890625 HTTP/1.1" 200 - "-" "WordPress/6.9.4; https://sitepacket.com" 66 **0/66739**
102.251.0.11 - - [17/Mar/2026:10:38:35 -0700] "POST /xmlrpc.php HTTP/1.1" 200 446 "-" "Mozilla/5.0 (Windows NT 10.0; arm64) AppleWebKit/537.36 (KHTML, like Gecko) Firefox/75.0.0.0 Safari/537.36" 818 **0/818311**
23.229.224.0 - - [17/Mar/2026:10:39:37 -0700] "POST /wp-cron.php?doing_wp_cron=1773769177.1446490287780761718750 HTTP/1.1" 200 - "-" "WordPress/6.9.4; https://sitepacket.com" 427 **0/427119**
102.251.0.11 - - [17/Mar/2026:10:39:34 -0700] "POST /xmlrpc.php HTTP/1.1" 200 446 "-" "Mozilla/5.0 (Windows NT 6.3; x64) AppleWebKit/537.36 (KHTML, like Gecko) Edge/91.0.0.0 Safari/537.36" 3262 **3/3262195**
23.229.224.0 - - [17/Mar/2026:10:40:03 -0700] "GET /system/index.php/cron HTTP/1.1" 200 18 "-" "Wget/1.19.5 (linux-gnu)" 3315 **3/3315722**
23.229.224.0 - - [17/Mar/2026:10:40:35 -0700] "POST /wp-cron.php?doing_wp_cron=1773769235.7806789875030517578125 HTTP/1.1" 200 - "-" "WordPress/6.9.4; https://sitepacket.com" 114 **0/114539**
102.251.0.11 - - [17/Mar/2026:10:40:34 -0700] "POST /xmlrpc.php HTTP/1.1" 200 446 "-" "Mozilla/5.0 (Windows NT 6.3; arm64) AppleWebKit/537.36 (KHTML, like Gecko) Firefox/92.0.0.0 Safari/537.36" 1199 **1/1199228**
66.249.73.169 - - [17/Mar/2026:10:40:48 -0700] "GET /?e=5287038061970 HTTP/1.1" 301 1 "-" "Mozilla/5.0 (Linux; Android 6.0.1; Nexus 5X Build/MMB29P) AppleWebKit/537.36 (KHTML, like Gecko) Chrome/145.0.7632.159 Mobile Safari/537.36 (compatible; Googlebot/2.1; +http://www.google.com/bot.html)" 2856 **2/2856158**
23.229.224.0 - - [17/Mar/2026:10:41:36 -0700] "POST /wp-cron.php?doing_wp_cron=1773769296.3632719516754150390625 HTTP/1.1" 200 - "-" "WordPress/6.9.4; https://sitepacket.com" 312 **0/312715**
102.251.0.11 - - [17/Mar/2026:10:41:34 -0700] "POST /xmlrpc.php HTTP/1.1" 200 446 "-" "Mozilla/5.0 (Linux; Android 10; x64) AppleWebKit/537.36 (KHTML, like Gecko) Opera/76.0.0.0 Safari/537.36" 2181 **2/2181925**
23.229.224.0 - - [17/Mar/2026:10:42:40 -0700] "POST /wp-cron.php?doing_wp_cron=1773769360.6803660392761230468750 HTTP/1.1" 200 - "-" "WordPress/6.9.4; https://sitepacket.com" 555 **0/555546**
102.251.0.11 - - [17/Mar/2026:10:42:34 -0700] "POST /xmlrpc.php HTTP/1.1" 200 446 "-" "Mozilla/5.0 (Windows NT 6.3; x64) AppleWebKit/537.36 (KHTML, like Gecko) Opera/73.0.0.0 Safari/537.36" 6987 **6/6987346**
23.229.224.0 - - [17/Mar/2026:10:43:37 -0700] "POST /wp-cron.php?doing_wp_cron=1773769417.0362040996551513671875 HTTP/1.1" 200 - "-" "WordPress/6.9.4; https://sitepacket.com" 163 **0/163797**
102.251.0.11 - - [17/Mar/2026:10:43:34 -0700] "POST /xmlrpc.php HTTP/1.1" 200 446 "-" "Mozilla/5.0 (Macintosh; Intel Mac OS X 10_15_7; x86) AppleWebKit/537.36 (KHTML, like Gecko) Edge/99.0.0.0 Safari/537.36" 2850 **2/2850659**
23.229.224.0 - - [17/Mar/2026:10:44:37 -0700] "POST /wp-cron.php?doing_wp_cron=1773769476.9334309101104736328125 HTTP/1.1" 200 - "-" "WordPress/6.9.4; https://sitepacket.com" 155 **0/155041**
102.251.0.11 - - [17/Mar/2026:10:44:34 -0700] "POST /xmlrpc.php HTTP/1.1" 200 446 "-" "Mozilla/5.0 (Windows NT 10.0; x64) AppleWebKit/537.36 (KHTML, like Gecko) Opera/64.0.0.0 Safari/537.36" 2675 **2/2675126**
23.229.224.0 - - [17/Mar/2026:10:45:40 -0700] "POST /wp-cron.php?doing_wp_cron=1773769540.4647960662841796875000 HTTP/1.1" 200 - "-" "WordPress/6.9.4; https://sitepacket.com" 550 **0/550545**
102.251.0.11 - - [17/Mar/2026:10:45:34 -0700] "POST /xmlrpc.php HTTP/1.1" 200 446 "-" "Mozilla/5.0 (Windows NT 6.2; x64) AppleWebKit/537.36 (KHTML, like Gecko) Edge/80.0.0.0 Safari/537.36" 6816 **6/6816680**
23.229.224.0 - - [17/Mar/2026:10:46:38 -0700] "POST /wp-cron.php?doing_wp_cron=1773769598.1817710399627685546875 HTTP/1.1" 200 - "-" "WordPress/6.9.4; https://sitepacket.com" 398 **0/398026**
102.251.0.11 - - [17/Mar/2026:10:46:35 -0700] "POST /xmlrpc.php HTTP/1.1" 200 446 "-" "Mozilla/5.0 (Linux; Android 10; x86) AppleWebKit/537.36 (KHTML, like Gecko) Edge/91.0.0.0 Safari/537.36" 3500 **3/3500701**
23.229.224.0 - - [17/Mar/2026:10:47:36 -0700] "POST /wp-cron.php?doing_wp_cron=1773769656.7871921062469482421875 HTTP/1.1" 200 - "-" "WordPress/6.9.4; https://sitepacket.com" 110 **0/110000**
102.251.0.11 - - [17/Mar/2026:10:47:34 -0700] "POST /xmlrpc.php HTTP/1.1" 200 446 "-" "Mozilla/5.0 (Windows NT 6.3; x86) AppleWebKit/537.36 (KHTML, like Gecko) Firefox/76.0.0.0 Safari/537.36" 2078 **2/2078476**
23.229.224.0 - - [17/Mar/2026:10:48:37 -0700] "POST /wp-cron.php?doing_wp_cron=1773769717.4878630638122558593750 HTTP/1.1" 200 - "-" "WordPress/6.9.4; https://sitepacket.com" 366 **0/366039**
102.251.0.11 - - [17/Mar/2026:10:48:34 -0700] "POST /xmlrpc.php HTTP/1.1" 200 446 "-" "Mozilla/5.0 (Linux; Android 10; x64) AppleWebKit/537.36 (KHTML, like Gecko) Opera/65.0.0.0 Safari/537.36" 3243 **3/3243618**
23.229.224.0 - - [17/Mar/2026:10:49:39 -0700] "POST /wp-cron.php?doing_wp_cron=1773769779.2578868865966796875000 HTTP/1.1" 200 - "-" "WordPress/6.9.4; https://sitepacket.com" 395 **0/395437**
102.251.0.11 - - [17/Mar/2026:10:49:35 -0700] "POST /xmlrpc.php HTTP/1.1" 200 446 "-" "Mozilla/5.0 (Macintosh; Intel Mac OS X 10_15_7; x64) AppleWebKit/537.36 (KHTML, like Gecko) Firefox/87.0.0.0 Safari/537.36" 4831 **4/4831698**
23.229.224.0 - - [17/Mar/2026:10:50:07 -0700] "POST /system/index.php/notification_processor/create_notification HTTP/2.0" 200 - "-" "-" 1763 **1/1763189**
23.229.224.0 - - [17/Mar/2026:10:50:09 -0700] "POST /system/index.php/notification_processor/create_notification HTTP/2.0" 200 - "-" "-" 776 **0/776271**
23.229.224.0 - - [17/Mar/2026:10:50:08 -0700] "POST /system/index.php/notification_processor/create_notification HTTP/2.0" 200 - "-" "-" 2604 **2/2604784**
23.229.224.0 - - [17/Mar/2026:10:50:05 -0700] "GET /system/index.php/cron HTTP/1.1" 200 18 "-" "Wget/1.19.5 (linux-gnu)" 7488 **7/7488806**
23.229.224.0 - - [17/Mar/2026:10:50:38 -0700] "POST /wp-cron.php?doing_wp_cron=1773769838.6947939395904541015625 HTTP/1.1" 200 - "-" "WordPress/6.9.4; https://sitepacket.com" 393 **0/393094**
102.251.0.11 - - [17/Mar/2026:10:50:34 -0700] "POST /xmlrpc.php HTTP/1.1" 200 446 "-" "Mozilla/5.0 (Linux; Android 10; x86) AppleWebKit/537.36 (KHTML, like Gecko) Opera/73.0.0.0 Safari/537.36" 4738 **4/4738342**
23.229.224.0 - - [17/Mar/2026:10:51:39 -0700] "POST /wp-cron.php?doing_wp_cron=1773769899.0612099170684814453125 HTTP/1.1" 200 - "-" "WordPress/6.9.4; https://sitepacket.com" 569 **0/569119**
102.251.0.11 - - [17/Mar/2026:10:51:35 -0700] "POST /xmlrpc.php HTTP/1.1" 200 446 "-" "Mozilla/5.0 (X11; Ubuntu; Linux x86_64; x64) AppleWebKit/537.36 (KHTML, like Gecko) Edge/88.0.0.0 Safari/537.36" 4856 **4/4856000**
23.229.224.0 - - [17/Mar/2026:10:52:38 -0700] "POST /wp-cron.php?doing_wp_cron=1773769958.4461519718170166015625 HTTP/1.1" 200 - "-" "WordPress/6.9.4; https://sitepacket.com" 281 **0/281830**
102.251.0.11 - - [17/Mar/2026:10:52:34 -0700] "POST /xmlrpc.php HTTP/1.1" 200 446 "-" "Mozilla/5.0 (Linux; Android 10; arm64) AppleWebKit/537.36 (KHTML, like Gecko) Opera/66.0.0.0 Safari/537.36" 4115 **4/4115367**
23.229.224.0 - - [17/Mar/2026:10:53:38 -0700] "POST /wp-cron.php?doing_wp_cron=1773770018.1665329933166503906250 HTTP/1.1" 200 - "-" "WordPress/6.9.4; https://sitepacket.com" 214 **0/214640**
102.251.0.11 - - [17/Mar/2026:10:53:34 -0700] "POST /xmlrpc.php HTTP/1.1" 200 446 "-" "Mozilla/5.0 (Windows NT 10.0; x86) AppleWebKit/537.36 (KHTML, like Gecko) Edge/91.0.0.0 Safari/537.36" 3842 **3/3842080**
23.229.224.0 - - [17/Mar/2026:10:54:37 -0700] "POST /wp-cron.php?doing_wp_cron=1773770077.5503420829772949218750 HTTP/1.1" 200 - "-" "WordPress/6.9.4; https://sitepacket.com" 299 **0/299789**
102.251.0.11 - - [17/Mar/2026:10:54:35 -0700] "POST /xmlrpc.php HTTP/1.1" 200 446 "-" "Mozilla/5.0 (Windows NT 10.0; x64) AppleWebKit/537.36 (KHTML, like Gecko) Edge/89.0.0.0 Safari/537.36" 3032 **3/3032047**
23.229.224.0 - - [17/Mar/2026:10:55:39 -0700] "POST /wp-cron.php?doing_wp_cron=1773770138.9320180416107177734375 HTTP/1.1" 200 - "-" "WordPress/6.9.4; https://sitepacket.com" 582 **0/582692**
102.251.0.11 - - [17/Mar/2026:10:55:34 -0700] "POST /xmlrpc.php HTTP/1.1" 200 446 "-" "Mozilla/5.0 (Windows NT 6.3; x64) AppleWebKit/537.36 (KHTML, like Gecko) Firefox/86.0.0.0 Safari/537.36" 5247 **5/5247214**
23.229.224.0 - - [17/Mar/2026:10:56:37 -0700] "POST /wp-cron.php?doing_wp_cron=1773770196.9654350280761718750000 HTTP/1.1" 200 - "-" "WordPress/6.9.4; https://sitepacket.com" 209 **0/209565**
102.251.0.11 - - [17/Mar/2026:10:56:35 -0700] "POST /xmlrpc.php HTTP/1.1" 200 446 "-" "Mozilla/5.0 (X11; Ubuntu; Linux x86_64; arm64) AppleWebKit/537.36 (KHTML, like Gecko) Firefox/90.0.0.0 Safari/537.36" 2166 **2/2166620**
66.249.73.169 - - [17/Mar/2026:10:56:34 -0700] "GET /?e=117126291081970 HTTP/1.1" 301 1 "-" "Mozilla/5.0 (Linux; Android 6.0.1; Nexus 5X Build/MMB29P) AppleWebKit/537.36 (KHTML, like Gecko) Chrome/145.0.7632.159 Mobile Safari/537.36 (compatible; Googlebot/2.1; +http://www.google.com/bot.html)" 2551 **2/2551648**
23.229.224.0 - - [17/Mar/2026:10:57:36 -0700] "POST /wp-cron.php?doing_wp_cron=1773770256.4906699657440185546875 HTTP/1.1" 200 - "-" "WordPress/6.9.4; https://sitepacket.com" 71 **0/71687**
102.251.0.11 - - [17/Mar/2026:10:57:35 -0700] "POST /xmlrpc.php HTTP/1.1" 200 446 "-" "Mozilla/5.0 (Windows NT 6.2; arm64) AppleWebKit/537.36 (KHTML, like Gecko) Chrome/97.0.0.0 Safari/537.36" 1322 **1/1322960**
23.229.224.0 - - [17/Mar/2026:10:59:09 -0700] "POST /wp-cron.php?doing_wp_cron=1773770349.3755729198455810546875 HTTP/1.1" 200 - "-" "WordPress/6.9.4; https://sitepacket.com" 202 **0/202168**
40.77.167.14 - - [17/Mar/2026:10:59:07 -0700] "GET /?e=5220828011970 HTTP/2.0" 301 1 "-" "Mozilla/5.0 AppleWebKit/537.36 (KHTML, like Gecko; compatible; bingbot/2.0; +http://www.bing.com/bingbot.htm) Chrome/116.0.1938.76 Safari/537.36" 2490 **2/2490014**
40.77.167.67 - - [17/Mar/2026:10:59:11 -0700] "GET /shop/storeSearch/KeepCriteriaInput.aspx?transition=top24289588052970 HTTP/2.0" 404 16340 "-" "Mozilla/5.0 AppleWebKit/537.36 (KHTML, like Gecko; compatible; bingbot/2.0; +http://www.bing.com/bingbot.htm) Chrome/116.0.1938.76 Safari/537.36" 4672 **4/4672323**
52.167.144.225 - - [17/Mar/2026:10:59:16 -0700] "GET /?e=10326146041970 HTTP/2.0" 301 1 "-" "Mozilla/5.0 AppleWebKit/537.36 (KHTML, like Gecko; compatible; bingbot/2.0; +http://www.bing.com/bingbot.htm) Chrome/116.0.1938.76 Safari/537.36" 2537 **2/2537224**
23.229.224.0 - - [17/Mar/2026:10:59:36 -0700] "POST /wp-cron.php?doing_wp_cron=1773770376.4354150295257568359375 HTTP/1.1" 200 - "-" "WordPress/6.9.4; https://sitepacket.com" 103 **0/103408**
66.249.73.168 - - [17/Mar/2026:10:59:34 -0700] "GET /?e=34788745031970 HTTP/1.1" 301 1 "-" "Mozilla/5.0 (Linux; Android 6.0.1; Nexus 5X Build/MMB29P) AppleWebKit/537.36 (KHTML, like Gecko) Chrome/145.0.7632.159 Mobile Safari/537.36 (compatible; Googlebot/2.1; +http://www.google.com/bot.html)" 1779 **1/1779974**
52.167.144.225 - - [17/Mar/2026:10:59:44 -0700] "GET /?e=6836810041970 HTTP/2.0" 301 1 "-" "Mozilla/5.0 AppleWebKit/537.36 (KHTML, like Gecko; compatible; bingbot/2.0; +http://www.bing.com/bingbot.htm) Chrome/116.0.1938.76 Safari/537.36" 3896 **3/3896372**
23.229.224.0 - - [17/Mar/2026:11:00:04 -0700] "GET /system/index.php/cron HTTP/1.1" 200 18 "-" "Wget/1.19.5 (linux-gnu)" 4699 **4/4699142**
23.229.224.0 - - [17/Mar/2026:11:00:58 -0700] "POST /wp-cron.php?doing_wp_cron=1773770457.8637030124664306640625 HTTP/1.1" 200 - "-" "WordPress/6.9.4; https://sitepacket.com" 240 **0/240729**
52.167.144.225 - - [17/Mar/2026:11:00:54 -0700] "GET /?e=10451262011970 HTTP/2.0" 301 1 "-" "Mozilla/5.0 AppleWebKit/537.36 (KHTML, like Gecko; compatible; bingbot/2.0; +http://www.bing.com/bingbot.htm) Chrome/116.0.1938.76 Safari/537.36" 4180 **4/4180559**
66.249.73.169 - - [17/Mar/2026:11:01:05 -0700] "GET /?e=87826307011970 HTTP/1.1" 301 1 "-" "Mozilla/5.0 (Linux; Android 6.0.1; Nexus 5X Build/MMB29P) AppleWebKit/537.36 (KHTML, like Gecko) Chrome/145.0.7632.159 Mobile Safari/537.36 (compatible; Googlebot/2.1; +http://www.google.com/bot.html)" 4007 **4/4007800**
13.219.121.241 - - [17/Mar/2026:11:08:44 -0700] "GET / HTTP/1.1" 421 362 "-" "RecordedFuture Global Inventory Crawler" 1 **0/1445**
23.229.224.0 - - [17/Mar/2026:11:10:00 -0700] "POST /wp-cron.php?doing_wp_cron=1773771000.2874240875244140625000 HTTP/1.1" 200 - "-" "WordPress/6.9.4; https://sitepacket.com" 297 **0/297623**
40.77.167.51 - - [17/Mar/2026:11:09:45 -0700] "GET /?e=6047976051970 HTTP/2.0" 301 1 "-" "Mozilla/5.0 AppleWebKit/537.36 (KHTML, like Gecko; compatible; bingbot/2.0; +http://www.bing.com/bingbot.htm) Chrome/116.0.1938.76 Safari/537.36" 15747 **15/15747459**
40.77.167.51 - - [17/Mar/2026:11:10:05 -0700] "GET /?e=23887021051970 HTTP/2.0" 301 1 "-" "Mozilla/5.0 AppleWebKit/537.36 (KHTML, like Gecko; compatible; bingbot/2.0; +http://www.bing.com/bingbot.htm) Chrome/116.0.1938.76 Safari/537.36" 3911 **3/3911502**
23.229.224.0 - - [17/Mar/2026:11:10:15 -0700] "POST /system/index.php/notification_processor/create_notification HTTP/2.0" 200 - "-" "-" 1796 **1/1796957**
23.229.224.0 - - [17/Mar/2026:11:10:04 -0700] "GET /system/index.php/cron HTTP/1.1" 200 18 "-" "Wget/1.19.5 (linux-gnu)" 14165 **14/14165536**
23.229.224.0 - - [17/Mar/2026:11:10:46 -0700] "POST /wp-cron.php?doing_wp_cron=1773771046.2463428974151611328125 HTTP/1.1" 200 - "-" "WordPress/6.9.4; https://sitepacket.com" 377 **0/377824**
40.77.167.7 - - [17/Mar/2026:11:10:43 -0700] "GET /?e=6934967061970 HTTP/2.0" 301 1 "-" "Mozilla/5.0 AppleWebKit/537.36 (KHTML, like Gecko; compatible; bingbot/2.0; +http://www.bing.com/bingbot.htm) Chrome/116.0.1938.76 Safari/537.36" 3375 **3/3375192**
23.229.224.0 - - [17/Mar/2026:11:12:07 -0700] "POST /wp-cron.php?doing_wp_cron=1773771127.6009891033172607421875 HTTP/1.1" 200 - "-" "WordPress/6.9.4; https://sitepacket.com" 78 **0/78538**
198.235.24.156 - - [17/Mar/2026:11:12:04 -0700] "GET /wp-login.php HTTP/1.1" 200 6117 "-" "Hello from Palo Alto Networks, find out more about our scans in https://docs-cortex.paloaltonetworks.com/r/1/Cortex-Xpanse/Scanning-activity" 2996 **2/2996995**
23.229.224.0 - - [17/Mar/2026:11:12:30 -0700] "POST /wp-cron.php?doing_wp_cron=1773771150.7390410900115966796875 HTTP/1.1" 200 - "-" "WordPress/6.9.4; https://sitepacket.com" 117 **0/117501**
52.167.144.215 - - [17/Mar/2026:11:12:29 -0700] "GET /?e=5654577001970 HTTP/2.0" 301 1 "-" "Mozilla/5.0 AppleWebKit/537.36 (KHTML, like Gecko; compatible; bingbot/2.0; +http://www.bing.com/bingbot.htm) Chrome/116.0.1938.76 Safari/537.36" 1614 **1/1614526**
40.77.167.51 - - [17/Mar/2026:11:12:46 -0700] "GET /?e=6116643001970 HTTP/2.0" 301 1 "-" "Mozilla/5.0 AppleWebKit/537.36 (KHTML, like Gecko; compatible; bingbot/2.0; +http://www.bing.com/bingbot.htm) Chrome/116.0.1938.76 Safari/537.36" 3149 **3/3149202**
40.77.167.51 - - [17/Mar/2026:11:13:06 -0700] "GET /?e=10150599041970 HTTP/2.0" 301 1 "-" "Mozilla/5.0 AppleWebKit/537.36 (KHTML, like Gecko; compatible; bingbot/2.0; +http://www.bing.com/bingbot.htm) Chrome/116.0.1938.76 Safari/537.36" 3284 **3/3284654**
23.229.224.0 - - [17/Mar/2026:11:13:34 -0700] "POST /wp-cron.php?doing_wp_cron=1773771213.9866828918457031250000 HTTP/1.1" 200 - "-" "WordPress/6.9.4; https://sitepacket.com" 120 **0/120780**
66.249.73.170 - - [17/Mar/2026:11:13:30 -0700] "GET /?e=13161372051970 HTTP/1.1" 301 1 "-" "Mozilla/5.0 (Linux; Android 6.0.1; Nexus 5X Build/MMB29P) AppleWebKit/537.36 (KHTML, like Gecko) Chrome/145.0.7632.159 Mobile Safari/537.36 (compatible; Googlebot/2.1; +http://www.google.com/bot.html)" 3374 **3/3374009**
23.229.224.0 - - [17/Mar/2026:11:15:02 -0700] "POST /wp-cron.php?doing_wp_cron=1773771302.4917171001434326171875 HTTP/1.1" 200 - "-" "WordPress/6.9.4; https://sitepacket.com" 235 **0/235812**
52.167.144.231 - - [17/Mar/2026:11:14:55 -0700] "GET /shop/storeSearch/KeepCriteriaInput.aspx?transition=top30144027082970 HTTP/2.0" 404 16340 "-" "Mozilla/5.0 AppleWebKit/537.36 (KHTML, like Gecko; compatible; bingbot/2.0; +http://www.bing.com/bingbot.htm) Chrome/116.0.1938.76 Safari/537.36" 7093 **7/7093725**
23.229.224.0 - - [17/Mar/2026:11:16:24 -0700] "POST /wp-cron.php?doing_wp_cron=1773771384.3521139621734619140625 HTTP/1.1" 200 - "-" "WordPress/6.9.4; https://sitepacket.com" 278 **0/278788**
40.77.167.19 - - [17/Mar/2026:11:16:22 -0700] "GET /?e=6919782001970 HTTP/2.0" 301 1 "-" "Mozilla/5.0 AppleWebKit/537.36 (KHTML, like Gecko; compatible; bingbot/2.0; +http://www.bing.com/bingbot.htm) Chrome/116.0.1938.76 Safari/537.36" 2190 **2/2190524**
23.229.224.0 - - [17/Mar/2026:11:16:30 -0700] "POST /wp-cron.php?doing_wp_cron=1773771390.9288609027862548828125 HTTP/1.1" 200 - "-" "WordPress/6.9.4; https://sitepacket.com" 81 **0/81462**
